-- Table structure for table `admin_menus`
--

CREATE TABLE IF NOT EXISTS `admin_menus` (
  `menu_key` varchar(32) NOT NULL DEFAULT '',
  `language_key` varchar(255) NOT NULL DEFAULT '',
  `sort_order` int(11) NOT NULL DEFAULT '0',
  UNIQUE KEY `menu_key` (`menu_key`)
) ENGINE=MyISAM DEFAULT CHARSET=utf8;

--
-- Dumping data for table `admin_menus`
--

INSERT INTO `admin_menus` (`menu_key`, `language_key`, `sort_order`) VALUES
('configuration', 'BOX_HEADING_CONFIGURATION', 1),
('catalog', 'BOX_HEADING_CATALOG', 2),
('modules', 'BOX_HEADING_MODULES', 3),
('customers', 'BOX_HEADING_CUSTOMERS', 4),
('taxes', 'BOX_HEADING_LOCATION_AND_TAXES', 5),
('localization', 'BOX_HEADING_LOCALIZATION', 6),
('reports', 'BOX_HEADING_REPORTS', 7),
('tools', 'BOX_HEADING_TOOLS', 8),
('gv', 'BOX_HEADING_GV_ADMIN', 9),
('access', 'BOX_HEADING_ADMIN_ACCESS', 10),
('extras', 'BOX_HEADING_EXTRAS', 11);

-- --------------------------------------------------------

--
-- Table structure for table `admin_pages`
--

CREATE TABLE IF NOT EXISTS `admin_pages` (
  `page_key` varchar(32) NOT NULL DEFAULT '',
  `language_key` varchar(255) NOT NULL DEFAULT '',
  `main_page` varchar(64) NOT NULL DEFAULT '',
  `page_params` varchar(64) NOT NULL DEFAULT '',
  `menu_key` varchar(32) NOT NULL DEFAULT '',
  `display_on_menu` char(1) NOT NULL DEFAULT 'N',
  `sort_order` int(11) NOT NULL DEFAULT '0',
  UNIQUE KEY `page_key` (`page_key`)
) ENGINE=MyISAM DEFAULT CHARSET=utf8;

--
-- Dumping data for table `admin_pages`
--

INSERT INTO `admin_pages` (`page_key`, `language_key`, `main_page`, `page_params`, `menu_key`, `display_on_menu`, `sort_order`) VALUES
('configMyStore', 'BOX_CONFIGURATION_MY_STORE', 'FILENAME_CONFIGURATION', 'gID=1', 'configuration', 'Y', 1),
('configMinimumValues', 'BOX_CONFIGURATION_MINIMUM_VALUES', 'FILENAME_CONFIGURATION', 'gID=2', 'configuration', 'Y', 2),
('configMaximumValues', 'BOX_CONFIGURATION_MAXIMUM_VALUES', 'FILENAME_CONFIGURATION', 'gID=3', 'configuration', 'Y', 3),
('configImages', 'BOX_CONFIGURATION_IMAGES', 'FILENAME_CONFIGURATION', 'gID=4', 'configuration', 'Y', 4),
('configCustomerDetails', 'BOX_CONFIGURATION_CUSTOMER_DETAILS', 'FILENAME_CONFIGURATION', 'gID=5', 'configuration', 'Y', 5),
('configShipping', 'BOX_CONFIGURATION_SHIPPING_PACKAGING', 'FILENAME_CONFIGURATION', 'gID=7', 'configuration', 'Y', 6),
('configProductListing', 'BOX_CONFIGURATION_PRODUCT_LISTING', 'FILENAME_CONFIGURATION', 'gID=8', 'configuration', 'Y', 7),
('configStock', 'BOX_CONFIGURATION_STOCK', 'FILENAME_CONFIGURATION', 'gID=9', 'configuration', 'Y', 8),
('configLogging', 'BOX_CONFIGURATION_LOGGING', 'FILENAME_CONFIGURATION', 'gID=10', 'configuration', 'Y', 9),
('configEmail', 'BOX_CONFIGURATION_EMAIL_OPTIONS', 'FILENAME_CONFIGURATION', 'gID=12', 'configuration', 'Y', 10),
('configAttributes', 'BOX_CONFIGURATION_ATTRIBUTE_OPTIONS', 'FILENAME_CONFIGURATION', 'gID=13', 'configuration', 'Y', 11),
('configGzipCompression', 'BOX_CONFIGURATION_GZIP_COMPRESSION', 'FILENAME_CONFIGURATION', 'gID=14', 'configuration', 'Y', 12),
('configSessions', 'BOX_CONFIGURATION_SESSIONS', 'FILENAME_CONFIGURATION', 'gID=15', 'configuration', 'Y', 13),
('configRegulations', 'BOX_CONFIGURATION_REGULATIONS', 'FILENAME_CONFIGURATION', 'gID=11', 'configuration', 'Y', 14),
('configGvCoupons', 'BOX_CONFIGURATION_GV_COUPONS', 'FILENAME_CONFIGURATION', 'gID=16', 'configuration', 'Y', 15),
('configCreditCards', 'BOX_CONFIGURATION_CREDIT_CARDS', 'FILENAME_CONFIGURATION', 'gID=17', 'configuration', 'Y', 16),
('configProductInfo', 'BOX_CONFIGURATION_PRODUCT_INFO', 'FILENAME_CONFIGURATION', 'gID=18', 'configuration', 'Y', 17),
('configLayoutSettings', 'BOX_CONFIGURATION_LAYOUT_SETTINGS', 'FILENAME_CONFIGURATION', 'gID=19', 'configuration', 'Y', 18),
('configWebsiteMaintenance', 'BOX_CONFIGURATION_WEBSITE_MAINTENANCE', 'FILENAME_CONFIGURATION', 'gID=20', 'configuration', 'Y', 19),
('configNewListing', 'BOX_CONFIGURATION_NEW_LISTING', 'FILENAME_CONFIGURATION', 'gID=21', 'configuration', 'Y', 20),
('configFeaturedListing', 'BOX_CONFIGURATION_FEATURED_LISTING', 'FILENAME_CONFIGURATION', 'gID=22', 'configuration', 'Y', 21),
('configAllListing', 'BOX_CONFIGURATION_ALL_LISTING', 'FILENAME_CONFIGURATION', 'gID=23', 'configuration', 'Y', 22),
('configIndexListing', 'BOX_CONFIGURATION_INDEX_LISTING', 'FILENAME_CONFIGURATION', 'gID=24', 'configuration', 'Y', 23),
('configDefinePageStatus', 'BOX_CONFIGURATION_DEFINE_PAGE_STATUS', 'FILENAME_CONFIGURATION', 'gID=25', 'configuration', 'Y', 24),
('configEzPagesSettings', 'BOX_CONFIGURATION_EZPAGES_SETTINGS', 'FILENAME_CONFIGURATION', 'gID=30', 'configuration', 'Y', 25),
('categories', 'BOX_CATALOG_CATEGORIES_PRODUCTS', 'FILENAME_CATEGORIES', '', 'catalog', 'Y', 1),
('productTypes', 'BOX_CATALOG_PRODUCT_TYPES', 'FILENAME_PRODUCT_TYPES', '', 'catalog', 'Y', 2),
('priceManager', 'BOX_CATALOG_PRODUCTS_PRICE_MANAGER', 'FILENAME_PRODUCTS_PRICE_MANAGER', '', 'catalog', 'Y', 3),
('optionNames', 'BOX_CATALOG_CATEGORIES_OPTIONS_NAME_MANAGER', 'FILENAME_OPTIONS_NAME_MANAGER', '', 'catalog', 'Y', 4),
('optionValues', 'BOX_CATALOG_CATEGORIES_OPTIONS_VALUES_MANAGER', 'FILENAME_OPTIONS_VALUES_MANAGER', '', 'catalog', 'Y', 5),
('attributes', 'BOX_CATALOG_CATEGORIES_ATTRIBUTES_CONTROLLER', 'FILENAME_ATTRIBUTES_CONTROLLER', '', 'catalog', 'Y', 6),
('downloads', 'BOX_CATALOG_CATEGORIES_ATTRIBUTES_DOWNLOADS_MANAGER', 'FILENAME_DOWNLOADS_MANAGER', '', 'catalog', 'Y', 7),
('optionNameSorter', 'BOX_CATALOG_PRODUCT_OPTIONS_NAME', 'FILENAME_PRODUCTS_OPTIONS_NAME', '', 'catalog', 'Y', 8),
('optionValueSorter', 'BOX_CATALOG_PRODUCT_OPTIONS_VALUES', 'FILENAME_PRODUCTS_OPTIONS_VALUES', '', 'catalog', 'Y', 9),
('manufacturers', 'BOX_CATALOG_MANUFACTURERS', 'FILENAME_MANUFACTURERS', '', 'catalog', 'Y', 10),
('reviews', 'BOX_CATALOG_REVIEWS', 'FILENAME_REVIEWS', '', 'catalog', 'Y', 11),
('specials', 'BOX_CATALOG_SPECIALS', 'FILENAME_SPECIALS', '', 'catalog', 'Y', 12),
('featured', 'BOX_CATALOG_FEATURED', 'FILENAME_FEATURED', '', 'catalog', 'Y', 13),
('salemaker', 'BOX_CATALOG_SALEMAKER', 'FILENAME_SALEMAKER', '', 'catalog', 'Y', 14),
('productsExpected', 'BOX_CATALOG_PRODUCTS_EXPECTED', 'FILENAME_PRODUCTS_EXPECTED', '', 'catalog', 'Y', 15),
('product', 'BOX_CATALOG_PRODUCT', 'FILENAME_PRODUCT', '', 'catalog', 'N', 16),
('productsToCategories', 'BOX_CATALOG_PRODUCTS_TO_CATEGORIES', 'FILENAME_PRODUCTS_TO_CATEGORIES', '', 'catalog', 'N', 17),
('payment', 'BOX_MODULES_PAYMENT', 'FILENAME_MODULES', 'set=payment', 'modules', 'Y', 1),
('shipping', 'BOX_MODULES_SHIPPING', 'FILENAME_MODULES', 'set=shipping', 'modules', 'Y', 2),
('orderTotal', 'BOX_MODULES_ORDER_TOTAL', 'FILENAME_MODULES', 'set=ordertotal', 'modules', 'Y', 3),
('customers', 'BOX_CUSTOMERS_CUSTOMERS', 'FILENAME_CUSTOMERS', '', 'customers', 'Y', 1),
('orders', 'BOX_CUSTOMERS_ORDERS', 'FILENAME_ORDERS', '', 'customers', 'Y', 2),
('groupPricing', 'BOX_CUSTOMERS_GROUP_PRICING', 'FILENAME_GROUP_PRICING', '', 'customers', 'Y', 3),
('paypal', 'BOX_CUSTOMERS_PAYPAL', 'FILENAME_PAYPAL', '', 'customers', 'Y', 4),
('invoice', 'BOX_CUSTOMERS_INVOICE', 'FILENAME_ORDERS_INVOICE', '', 'customers', 'N', 5),
('packingslip', 'BOX_CUSTOMERS_PACKING_SLIP', 'FILENAME_ORDERS_PACKINGSLIP', '', 'customers', 'N', 6),
('linkpointReview', 'BOX_CUSTOMERS_LINKPOINT_REVIEW', 'FILENAME_LINKPOINT_REVIEW', '', 'customers', 'Y', 7),
('countries', 'BOX_TAXES_COUNTRIES', 'FILENAME_COUNTRIES', '', 'taxes', 'Y', 1),
('zones', 'BOX_TAXES_ZONES', 'FILENAME_ZONES', '', 'taxes', 'Y', 2),
('geoZones', 'BOX_TAXES_GEO_ZONES', 'FILENAME_GEO_ZONES', '', 'taxes', 'Y', 3),
('taxClasses', 'BOX_TAXES_TAX_CLASSES', 'FILENAME_TAX_CLASSES', '', 'taxes', 'Y', 4),
('taxRates', 'BOX_TAXES_TAX_RATES', 'FILENAME_TAX_RATES', '', 'taxes', 'Y', 5),
('currencies', 'BOX_LOCALIZATION_CURRENCIES', 'FILENAME_CURRENCIES', '', 'localization', 'Y', 1),
('languages', 'BOX_LOCALIZATION_LANGUAGES', 'FILENAME_LANGUAGES', '', 'localization', 'Y', 2),
('ordersStatus', 'BOX_LOCALIZATION_ORDERS_STATUS', 'FILENAME_ORDERS_STATUS', '', 'localization', 'Y', 3),
('reportCustomers', 'BOX_REPORTS_ORDERS_TOTAL', 'FILENAME_STATS_CUSTOMERS', '', 'reports', 'Y', 1),
('reportReferrals', 'BOX_REPORTS_CUSTOMERS_REFERRALS', 'FILENAME_STATS_CUSTOMERS_REFERRALS', '', 'reports', 'Y', 2),
('reportLowStock', 'BOX_REPORTS_PRODUCTS_LOWSTOCK', 'FILENAME_STATS_PRODUCTS_LOWSTOCK', '', 'reports', 'Y', 3),
('reportProductsSold', 'BOX_REPORTS_PRODUCTS_PURCHASED', 'FILENAME_STATS_PRODUCTS_PURCHASED', '', 'reports', 'Y', 4),
('reportProductsViewed', 'BOX_REPORTS_PRODUCTS_VIEWED', 'FILENAME_STATS_PRODUCTS_VIEWED', '', 'reports', 'Y', 5),
('templateSelect', 'BOX_TOOLS_TEMPLATE_SELECT', 'FILENAME_TEMPLATE_SELECT', '', 'tools', 'Y', 1),
('layoutController', 'BOX_TOOLS_LAYOUT_CONTROLLER', 'FILENAME_LAYOUT_CONTROLLER', '', 'tools', 'Y', 2),
('banners', 'BOX_TOOLS_BANNER_MANAGER', 'FILENAME_BANNER_MANAGER', '', 'tools', 'Y', 3),
('mail', 'BOX_TOOLS_MAIL', 'FILENAME_MAIL', '', 'tools', 'Y', 4),
('newsletters', 'BOX_TOOLS_NEWSLETTER_MANAGER', 'FILENAME_NEWSLETTERS', '', 'tools', 'Y', 5),
('server', 'BOX_TOOLS_SERVER_INFO', 'FILENAME_SERVER_INFO', '', 'tools', 'Y', 6),
('whosOnline', 'BOX_TOOLS_WHOS_ONLINE', 'FILENAME_WHOS_ONLINE', '', 'tools', 'Y', 7),
('storeManager', 'BOX_TOOLS_STORE_MANAGER', 'FILENAME_STORE_MANAGER', '', 'tools', 'Y', 9),
('developersToolKit', 'BOX_TOOLS_DEVELOPERS_TOOL_KIT', 'FILENAME_DEVELOPERS_TOOL_KIT', '', 'tools', 'Y', 10),
('ezpages', 'BOX_TOOLS_EZPAGES', 'FILENAME_EZPAGES_ADMIN', '', 'tools', 'Y', 11),
('definePagesEditor', 'BOX_TOOLS_DEFINE_PAGES_EDITOR', 'FILENAME_DEFINE_PAGES_EDITOR', '', 'tools', 'Y', 12),
('sqlPatch', 'BOX_TOOLS_SQLPATCH', 'FILENAME_SQLPATCH', '', 'tools', 'Y', 13),
('couponAdmin', 'BOX_COUPON_ADMIN', 'FILENAME_COUPON_ADMIN', '', 'gv', 'Y', 1),
('couponRestrict', 'BOX_COUPON_RESTRICT', 'FILENAME_COUPON_RESTRICT', '', 'gv', 'N', 1),
('gvQueue', 'BOX_GV_ADMIN_QUEUE', 'FILENAME_GV_QUEUE', '', 'gv', 'Y', 2),
('gvMail', 'BOX_GV_ADMIN_MAIL', 'FILENAME_GV_MAIL', '', 'gv', 'Y', 3),
('gvSent', 'BOX_GV_ADMIN_SENT', 'FILENAME_GV_SENT', '', 'gv', 'Y', 4),
('profiles', 'BOX_ADMIN_ACCESS_PROFILES', 'FILENAME_PROFILES', '', 'access', 'Y', 1),
('users', 'BOX_ADMIN_ACCESS_USERS', 'FILENAME_USERS', '', 'access', 'Y', 2),
('pageRegistration', 'BOX_ADMIN_ACCESS_PAGE_REGISTRATION', 'FILENAME_ADMIN_PAGE_REGISTRATION', '', 'access', 'Y', 3),
('adminlogs', 'BOX_ADMIN_ACCESS_LOGS', 'FILENAME_ADMIN_ACTIVITY', '', 'access', 'Y', 4),
('recordArtists', 'BOX_CATALOG_RECORD_ARTISTS', 'FILENAME_RECORD_ARTISTS', '', 'extras', 'Y', 1),
('recordCompanies', 'BOX_CATALOG_RECORD_COMPANY', 'FILENAME_RECORD_COMPANY', '', 'extras', 'Y', 2),
('musicGenre', 'BOX_CATALOG_MUSIC_GENRE', 'FILENAME_MUSIC_GENRE', '', 'extras', 'Y', 3),
('mediaManager', 'BOX_CATALOG_MEDIA_MANAGER', 'FILENAME_MEDIA_MANAGER', '', 'extras', 'Y', 4),
('mediaTypes', 'BOX_CATALOG_MEDIA_TYPES', 'FILENAME_MEDIA_TYPES', '', 'extras', 'Y', 5);

-- --------------------------------------------------------

--
-- Table structure for table `admin_pages_to_profiles`
--

CREATE TABLE IF NOT EXISTS `admin_pages_to_profiles` (
  `profile_id` int(11) NOT NULL DEFAULT '0',
  `page_key` varchar(32) NOT NULL DEFAULT '',
  UNIQUE KEY `profile_page` (`profile_id`,`page_key`),
  UNIQUE KEY `page_profile` (`page_key`,`profile_id`)
) ENGINE=MyISAM DEFAULT CHARSET=utf8;

-- --------------------------------------------------------

--
-- Table structure for table `admin_profiles`
--

CREATE TABLE IF NOT EXISTS `admin_profiles` (
  `profile_id` int(11) NOT NULL AUTO_INCREMENT,
  `profile_name` varchar(64) NOT NULL DEFAULT '',
  PRIMARY KEY (`profile_id`)
) ENGINE=MyISAM  DEFAULT CHARSET=utf8 AUTO_INCREMENT=2 ;

--
-- Dumping data for table `admin_profiles`
--

INSERT INTO `admin_profiles` (`profile_id`, `profile_name`) VALUES
(1, 'Superuser');

-- --------------------------------------------------------

--
-- Table structure for table `authorizenet`
--

CREATE TABLE IF NOT EXISTS `authorizenet` (
  `id` int(11) unsigned NOT NULL AUTO_INCREMENT,
  `customer_id` int(11) NOT NULL DEFAULT '0',
  `order_id` int(11) NOT NULL DEFAULT '0',
  `response_code` int(1) NOT NULL DEFAULT '0',
  `response_text` varchar(255) NOT NULL DEFAULT '',
  `authorization_type` varchar(50) NOT NULL DEFAULT '',
  `transaction_id` bigint(20) DEFAULT NULL,
  `sent` longtext NOT NULL,
  `received` longtext NOT NULL,
  `time` varchar(50) NOT NULL DEFAULT '',
  `session_id` varchar(255) NOT NULL DEFAULT '',
  PRIMARY KEY (`id`)
) ENGINE=MyISAM DEFAULT CHARSET=utf8 AUTO_INCREMENT=1 ;

-- --------------------------------------------------------

--
-- Table structure for table `banners`
--

CREATE TABLE IF NOT EXISTS `banners` (
  `banners_id` int(11) NOT NULL AUTO_INCREMENT,
  `banners_title` varchar(64) NOT NULL DEFAULT '',
  `banners_url` varchar(255) NOT NULL DEFAULT '',
  `banners_image` varchar(64) NOT NULL DEFAULT '',
  `banners_group` varchar(15) NOT NULL DEFAULT '',
  `banners_html_text` text,
  `expires_impressions` int(7) DEFAULT '0',
  `expires_date` datetime DEFAULT NULL,
  `date_scheduled` datetime DEFAULT NULL,
  `date_added` datetime NOT NULL DEFAULT '0001-01-01 00:00:00',
  `date_status_change` datetime DEFAULT NULL,
  `status` int(1) NOT NULL DEFAULT '1',
  `banners_open_new_windows` int(1) NOT NULL DEFAULT '1',
  `banners_on_ssl` int(1) NOT NULL DEFAULT '1',
  `banners_sort_order` int(11) NOT NULL DEFAULT '0',
  PRIMARY KEY (`banners_id`),
  KEY `idx_status_group_zen` (`status`,`banners_group`),
  KEY `idx_expires_date_zen` (`expires_date`),
  KEY `idx_date_scheduled_zen` (`date_scheduled`)
) ENGINE=MyISAM  DEFAULT CHARSET=utf8 AUTO_INCREMENT=4 ;

--
-- Dumping data for table `banners`
--

INSERT INTO `banners` (`banners_id`, `banners_title`, `banners_url`, `banners_image`, `banners_group`, `banners_html_text`, `expires_impressions`, `expires_date`, `date_scheduled`, `date_added`, `date_status_change`, `status`, `banners_open_new_windows`, `banners_on_ssl`, `banners_sort_order`) VALUES
(1, 'Banner 1', '', 'banners/banner1.jpg', 'Top-Banner1', '', 0, NULL, NULL, '2013-06-19 15:22:47', NULL, 1, 1, 1, 5),
(2, 'Banner 2', '', 'banners/banner2.jpg', 'Top-Banner2', '', 0, NULL, NULL, '2013-06-19 15:22:47', NULL, 1, 1, 1, 10),
(3, 'Banner 3', '', 'banners/banner3.jpg', 'Top-Banner3', '', 0, NULL, NULL, '2013-06-19 15:22:47', NULL, 1, 1, 1, 15);

-- --------------------------------------------------------

--
-- Table structure for table `banners_history`
--

CREATE TABLE IF NOT EXISTS `banners_history` (
  `banners_history_id` int(11) NOT NULL AUTO_INCREMENT,
  `banners_id` int(11) NOT NULL DEFAULT '0',
  `banners_shown` int(5) NOT NULL DEFAULT '0',
  `banners_clicked` int(5) NOT NULL DEFAULT '0',
  `banners_history_date` datetime NOT NULL DEFAULT '0001-01-01 00:00:00',
  PRIMARY KEY (`banners_history_id`),
  KEY `idx_banners_id_zen` (`banners_id`)
) ENGINE=MyISAM  DEFAULT CHARSET=utf8 AUTO_INCREMENT=28 ;

--
-- Dumping data for table `banners_history`
--

INSERT INTO `banners_history` (`banners_history_id`, `banners_id`, `banners_shown`, `banners_clicked`, `banners_history_date`) VALUES
(1, 2, 26, 0, '2013-06-19 15:26:50'),
(2, 1, 28, 0, '2013-06-19 15:31:30'),
(3, 3, 36, 0, '2013-06-19 15:32:28'),
(4, 1, 67, 0, '2013-06-20 11:21:07'),
(5, 2, 67, 0, '2013-06-20 11:21:07'),
(6, 3, 67, 0, '2013-06-20 11:21:07'),
(7, 1, 3, 0, '2013-06-21 13:49:52'),
(8, 2, 3, 0, '2013-06-21 13:49:52'),
(9, 3, 3, 0, '2013-06-21 13:49:52'),
(10, 1, 3, 0, '2013-06-22 12:53:47'),
(11, 2, 3, 0, '2013-06-22 12:53:47'),
(12, 3, 3, 0, '2013-06-22 12:53:47'),
(13, 1, 15, 0, '2013-06-24 10:28:24'),
(14, 2, 15, 0, '2013-06-24 10:28:24'),
(15, 3, 15, 0, '2013-06-24 10:28:24'),
(16, 1, 1, 0, '2013-06-26 15:44:29'),
(17, 2, 1, 0, '2013-06-26 15:44:29'),
(18, 3, 1, 0, '2013-06-26 15:44:29'),
(19, 1, 1, 0, '2013-07-10 07:08:56'),
(20, 2, 1, 0, '2013-07-10 07:08:56'),
(21, 3, 1, 0, '2013-07-10 07:08:56'),
(22, 1, 6, 0, '2013-08-25 13:13:22'),
(23, 2, 6, 0, '2013-08-25 13:13:22'),
(24, 3, 6, 0, '2013-08-25 13:13:22'),
(25, 1, 3, 0, '2013-11-10 11:19:53'),
(26, 2, 3, 0, '2013-11-10 11:19:53'),
(27, 3, 3, 0, '2013-11-10 11:19:53');

-- --------------------------------------------------------

--
-- Table structure for table `categories`
--

CREATE TABLE IF NOT EXISTS `categories` (
  `categories_id` int(11) NOT NULL AUTO_INCREMENT,
  `categories_image` varchar(64) DEFAULT NULL,
  `parent_id` int(11) NOT NULL DEFAULT '0',
  `sort_order` int(3) DEFAULT NULL,
  `date_added` datetime DEFAULT NULL,
  `last_modified` datetime DEFAULT NULL,
  `categories_status` tinyint(1) NOT NULL DEFAULT '1',
  PRIMARY KEY (`categories_id`),
  KEY `idx_parent_id_cat_id_zen` (`parent_id`,`categories_id`),
  KEY `idx_status_zen` (`categories_status`),
  KEY `idx_sort_order_zen` (`sort_order`)
) ENGINE=MyISAM  DEFAULT CHARSET=utf8 AUTO_INCREMENT=17 ;

--
-- Dumping data for table `categories`
--

INSERT INTO `categories` (`categories_id`, `categories_image`, `parent_id`, `sort_order`, `date_added`, `last_modified`, `categories_status`) VALUES
(1, NULL, 0, 5, '2013-06-20 12:41:42', '2013-06-24 12:48:51', 1),
(2, 'categories/cat2.jpg', 0, 10, '2013-06-20 12:42:07', NULL, 1),
(3, 'categories/cat3.jpg', 0, 15, '2013-06-20 12:42:07', NULL, 1),
(4, 'categories/cat4.jpg', 0, 20, '2013-06-20 12:42:07', NULL, 1),
(5, 'categories/cat5.jpg', 0, 25, '2013-06-20 12:42:07', NULL, 1),
(6, 'categories/cat6.jpg', 0, 30, '2013-06-20 12:42:07', NULL, 1),
(7, 'categories/cat7.jpg', 0, 35, '2013-06-20 12:42:07', NULL, 1),
(8, 'categories/cat8.jpg', 0, 40, '2013-06-20 12:42:07', NULL, 1),
(9, 'categories/cat9.jpg', 0, 45, '2013-06-20 12:42:07', NULL, 1),
(10, 'categories/cat10.jpg', 0, 50, '2013-06-20 12:42:07', NULL, 1),
(11, 'categories/cat11.jpg', 0, 55, '2013-06-20 12:42:07', NULL, 1),
(12, 'categories/cat12.jpg', 0, 60, '2013-06-20 12:42:07', NULL, 1),
(13, 'categories/cat13.jpg', 0, 65, '2013-06-20 12:42:07', NULL, 1),
(14, 'categories/cat14.jpg', 0, 70, '2013-06-20 12:42:07', NULL, 1),
(15, 'categories/cat1.jpg', 1, 5, '2013-06-20 13:42:04', NULL, 1),
(16, 'categories/cat2.jpg', 1, 10, '2013-06-20 13:48:01', NULL, 1);

-- --------------------------------------------------------

--
-- Table structure for table `categories_description`
--

CREATE TABLE IF NOT EXISTS `categories_description` (
  `categories_id` int(11) NOT NULL DEFAULT '0',
  `language_id` int(11) NOT NULL DEFAULT '1',
  `categories_name` varchar(32) NOT NULL DEFAULT '',
  `categories_description` text NOT NULL,
  PRIMARY KEY (`categories_id`,`language_id`),
  KEY `idx_categories_name_zen` (`categories_name`)
) ENGINE=MyISAM DEFAULT CHARSET=utf8;

--
-- Dumping data for table `categories_description`
--

INSERT INTO `categories_description` (`categories_id`, `language_id`, `categories_name`, `categories_description`) VALUES
(1, 1, 'Accessories', 'Lorem ipsum dolor sit amet, consectetuer adipiscing elit. Nullam mattis, augue a pharetra aliquet, turpis magna sagittis odio, non lobortis dolor nulla a massa.'),
(2, 1, 'Bags & Purses', 'Bags & Purses'),
(3, 1, 'Beauty', 'Beauty'),
(4, 1, 'Coats & Jackets', 'Coats & Jackets'),
(5, 1, 'Curve (+size)', 'Curve (+size)'),
(6, 1, 'Dresses', 'Dresses'),
(7, 1, 'Hoodies', 'Hoodies'),
(8, 1, 'SweatShirts', 'SweatShirts'),
(9, 1, 'Jeans', 'Jeans'),
(10, 1, 'Jewelry', 'Jewelry'),
(11, 1, 'Watches', 'Watches'),
(12, 1, 'Jumpsuits', 'Jumpsuits'),
(13, 1, 'Lingerie', 'Lingerie'),
(14, 1, 'Nightwear', 'Nightwear'),
(15, 1, 'Libero', 'Libero'),
(16, 1, 'Porttitor', 'Porttitor');

-- --------------------------------------------------------

--
-- Table structure for table `configuration`
--

CREATE TABLE IF NOT EXISTS `configuration` (
  `configuration_id` int(11) NOT NULL AUTO_INCREMENT,
  `configuration_title` text NOT NULL,
  `configuration_key` varchar(255) NOT NULL DEFAULT '',
  `configuration_value` text NOT NULL,
  `configuration_description` text NOT NULL,
  `configuration_group_id` int(11) NOT NULL DEFAULT '0',
  `sort_order` int(5) DEFAULT NULL,
  `last_modified` datetime DEFAULT NULL,
  `date_added` datetime NOT NULL DEFAULT '0001-01-01 00:00:00',
  `use_function` text,
  `set_function` text,
  PRIMARY KEY (`configuration_id`),
  UNIQUE KEY `unq_config_key_zen` (`configuration_key`),
  KEY `idx_key_value_zen` (`configuration_key`,`configuration_value`(10)),
  KEY `idx_cfg_grp_id_zen` (`configuration_group_id`)
) ENGINE=MyISAM  DEFAULT CHARSET=utf8 AUTO_INCREMENT=539 ;



INSERT INTO `configuration` (`configuration_id`, `configuration_title`, `configuration_key`, `configuration_value`, `configuration_description`, `configuration_group_id`, `sort_order`, `last_modified`, `date_added`, `use_function`, `set_function`) VALUES
(410, 'Categories Count Suffix', 'CATEGORIES_COUNT_SUFFIX', ')', 'What do you want as a Suffix to the count?<br />Default= )', 19, 28, NULL, '2003-01-21 22:16:36', NULL, 'zen_cfg_textarea_small('),
(411, 'Categories SubCategories Indent', 'CATEGORIES_SUBCATEGORIES_INDENT', '&nbsp;&nbsp;', 'What do you want to use as the subcategories indent?<br />Default= &nbsp;&nbsp;', 19, 29, NULL, '2004-06-24 22:16:36', NULL, 'zen_cfg_textarea_small('),
(412, 'Categories with 0 Products Status', 'CATEGORIES_COUNT_ZERO', '0', 'Show Category Count for 0 Products?<br />0= off<br />1= on', 19, 30, NULL, '2013-06-18 14:30:29', NULL, 'zen_cfg_select_option(array(''0'', ''1''), '),
(413, 'Split Categories Box', 'CATEGORIES_SPLIT_DISPLAY', 'True', 'Split the categories box display by product type', 19, 31, NULL, '2013-06-18 14:30:29', NULL, 'zen_cfg_select_option(array(''True'', ''False''), '),
(414, 'Shopping Cart - Show Totals', 'SHOW_TOTALS_IN_CART', '1', 'Show Totals Above Shopping Cart?<br />0= off<br />1= on: Items Weight Amount<br />2= on: Items Weight Amount, but no weight when 0<br />3= on: Items Amount', 19, 31, NULL, '2013-06-18 14:30:29', NULL, 'zen_cfg_select_option(array(''0'', ''1'', ''2'', ''3''), '),
(415, 'Customer Greeting - Show on Index Page', 'SHOW_CUSTOMER_GREETING', '0', 'Always Show Customer Greeting on Index?<br />0= off<br />1= on', 19, 40, '2013-06-19 11:55:56', '2013-06-18 14:30:29', NULL, 'zen_cfg_select_option(array(''0'', ''1''), '),
(416, 'Categories - Always Show on Main Page', 'SHOW_CATEGORIES_ALWAYS', '0', 'Always Show Categories on Main Page<br />0= off<br />1= on<br />Default category can be set to Top Level or a Specific Top Level', 19, 45, NULL, '2013-06-18 14:30:29', NULL, 'zen_cfg_select_option(array(''0'', ''1''), '),
(417, 'Main Page - Opens with Category', 'CATEGORIES_START_MAIN', '0', '0= Top Level Categories<br />Or enter the Category ID#<br />Note: Sub Categories can also be used Example: 3_10', 19, 46, NULL, '2013-06-18 14:30:29', '', ''),
(418, 'Categories - Always Open to Show SubCategories', 'SHOW_CATEGORIES_SUBCATEGORIES_ALWAYS', '1', 'Always Show Categories and SubCategories<br />0= off, just show Top Categories<br />1= on, Always show Categories and SubCategories when selected', 19, 47, NULL, '2013-06-18 14:30:29', NULL, 'zen_cfg_select_option(array(''0'', ''1''), '),
(419, 'Banner Display Groups - Header Position 1', 'SHOW_BANNERS_GROUP_SET1', 'Top-Banner1', 'The Banner Display Groups can be from 1 Banner Group or Multiple Banner Groups<br /><br />For Multiple Banner Groups enter the Banner Group Name separated by a colon <strong>:</strong><br /><br />Example: Wide-Banners:SideBox-Banners<br /><br />What Banner Group(s) do you want to use in the Header Position 1?<br />Leave blank for none', 19, 55, '2013-06-19 15:47:27', '2013-06-18 14:30:29', '', ''),
(420, 'Banner Display Groups - Header Position 2', 'SHOW_BANNERS_GROUP_SET2', 'Top-Banner2', 'The Banner Display Groups can be from 1 Banner Group or Multiple Banner Groups<br /><br />For Multiple Banner Groups enter the Banner Group Name separated by a colon <strong>:</strong><br /><br />Example: Wide-Banners:SideBox-Banners<br /><br />What Banner Group(s) do you want to use in the Header Position 2?<br />Leave blank for none', 19, 56, '2013-06-19 15:47:32', '2013-06-18 14:30:29', '', ''),
(421, 'Banner Display Groups - Header Position 3', 'SHOW_BANNERS_GROUP_SET3', 'Top-Banner3', 'The Banner Display Groups can be from 1 Banner Group or Multiple Banner Groups<br /><br />For Multiple Banner Groups enter the Banner Group Name separated by a colon <strong>:</strong><br /><br />Example: Wide-Banners:SideBox-Banners<br /><br />What Banner Group(s) do you want to use in the Header Position 3?<br />Leave blank for none', 19, 57, '2013-06-19 15:47:38', '2013-06-18 14:30:29', '', ''),
(422, 'Banner Display Groups - Footer Position 1', 'SHOW_BANNERS_GROUP_SET4', '', 'The Banner Display Groups can be from 1 Banner Group or Multiple Banner Groups<br /><br />For Multiple Banner Groups enter the Banner Group Name separated by a colon <strong>:</strong><br /><br />Example: Wide-Banners:SideBox-Banners<br /><br />What Banner Group(s) do you want to use in the Footer Position 1?<br />Leave blank for none', 19, 65, NULL, '2013-06-18 14:30:29', '', ''),
(423, 'Banner Display Groups - Footer Position 2', 'SHOW_BANNERS_GROUP_SET5', '', 'The Banner Display Groups can be from 1 Banner Group or Multiple Banner Groups<br /><br />For Multiple Banner Groups enter the Banner Group Name separated by a colon <strong>:</strong><br /><br />Example: Wide-Banners:SideBox-Banners<br /><br />What Banner Group(s) do you want to use in the Footer Position 2?<br />Leave blank for none', 19, 66, NULL, '2013-06-18 14:30:29', '', ''),
(424, 'Banner Display Groups - Footer Position 3', 'SHOW_BANNERS_GROUP_SET6', '', 'The Banner Display Groups can be from 1 Banner Group or Multiple Banner Groups<br /><br />For Multiple Banner Groups enter the Banner Group Name separated by a colon <strong>:</strong><br /><br />Example: Wide-Banners:SideBox-Banners<br /><br />Default Group is Wide-Banners<br /><br />What Banner Group(s) do you want to use in the Footer Position 3?<br />Leave blank for none', 19, 67, '2013-06-19 11:53:01', '2013-06-18 14:30:29', '', ''),
(425, 'Banner Display Groups - Side Box banner_box', 'SHOW_BANNERS_GROUP_SET7', 'SideBox-Banners', 'The Banner Display Groups can be from 1 Banner Group or Multiple Banner Groups<br /><br />For Multiple Banner Groups enter the Banner Group Name separated by a colon <strong>:</strong><br /><br />Example: Wide-Banners:SideBox-Banners<br />Default Group is SideBox-Banners<br /><br />What Banner Group(s) do you want to use in the Side Box - banner_box?<br />Leave blank for none', 19, 70, NULL, '2013-06-18 14:30:29', '', ''),
(426, 'Banner Display Groups - Side Box banner_box2', 'SHOW_BANNERS_GROUP_SET8', 'SideBox-Banners', 'The Banner Display Groups can be from 1 Banner Group or Multiple Banner Groups<br /><br />For Multiple Banner Groups enter the Banner Group Name separated by a colon <strong>:</strong><br /><br />Example: Wide-Banners:SideBox-Banners<br />Default Group is SideBox-Banners<br /><br />What Banner Group(s) do you want to use in the Side Box - banner_box2?<br />Leave blank for none', 19, 71, NULL, '2013-06-18 14:30:29', '', ''),
(427, 'Banner Display Group - Side Box banner_box_all', 'SHOW_BANNERS_GROUP_SET_ALL', 'BannersAll', 'The Banner Display Group may only be from one (1) Banner Group for the Banner All sidebox<br /><br />Default Group is BannersAll<br /><br />What Banner Group do you want to use in the Side Box - banner_box_all?<br />Leave blank for none', 19, 72, NULL, '2013-06-18 14:30:29', '', ''),
(428, 'Footer - Show IP Address status', 'SHOW_FOOTER_IP', '0', 'Show Customer IP Address in the Footer<br />0= off<br />1= on<br />Should the Customer IP Address show in the footer?', 19, 80, '2013-06-19 11:57:17', '2013-06-18 14:30:29', NULL, 'zen_cfg_select_option(array(''0'', ''1''), '),
(429, 'Product Discount Quantities - Add how many blank discounts?', 'DISCOUNT_QTY_ADD', '5', 'How many blank discount quantities should be added for Product Pricing?', 19, 90, NULL, '2013-06-18 14:30:29', '', ''),
(430, 'Product Discount Quantities - Display how many per row?', 'DISCOUNT_QUANTITY_PRICES_COLUMN', '5', 'How many discount quantities should show per row on Product Info Pages?', 19, 95, NULL, '2013-06-18 14:30:29', '', ''),
(431, 'Categories/Products Display Sort Order', 'CATEGORIES_PRODUCTS_SORT_ORDER', '0', 'Categories/Products Display Sort Order<br />0= Categories/Products Sort Order/Name<br />1= Categories/Products Name<br />2= Products Model<br />3= Products Qty+, Products Name<br />4= Products Qty-, Products Name<br />5= Products Price+, Products Name<br />6= Products Price-, Products Name', 19, 100, NULL, '2013-06-18 14:30:29', NULL, 'zen_cfg_select_option(array(''0'', ''1'', ''2'', ''3'', ''4'', ''5'', ''6''), '),
(432, 'Option Names and Values Global Add, Copy and Delete Features Status', 'OPTION_NAMES_VALUES_GLOBAL_STATUS', '1', 'Option Names and Values Global Add, Copy and Delete Features Status<br />0= Hide Features<br />1= Show Features<br />(Default=1)', 19, 110, NULL, '2013-06-18 14:30:29', NULL, 'zen_cfg_select_option(array(''0'', ''1''), '),
(433, 'Categories-Tabs Menu ON/OFF', 'CATEGORIES_TABS_STATUS', '1', 'Categories-Tabs<br />This enables the display of your store''s categories as a menu across the top of your header. There are many potential creative uses for this.<br />0= Hide Categories Tabs<br />1= Show Categories Tabs', 19, 112, NULL, '2013-06-18 14:30:29', NULL, 'zen_cfg_select_option(array(''0'', ''1''), '),
(434, 'Site Map - include My Account Links?', 'SHOW_ACCOUNT_LINKS_ON_SITE_MAP', 'No', 'Should the links to My Account show up on the site-map?<br />Note: Spiders will try to index this page, and likely should not be sent to secure pages, since there is no benefit in indexing a login page.<br /><br />Default: false', 19, 115, NULL, '2013-06-18 14:30:29', NULL, 'zen_cfg_select_option(array(''Yes'', ''No''), '),
(435, 'Skip 1-prod Categories', 'SKIP_SINGLE_PRODUCT_CATEGORIES', 'True', 'Skip single-product categories<br />If this option is set to True, then if the customer clicks on a link to a category which only contains a single item, then Zen Cart will take them directly to that product-page, rather than present them with another link to click in order to see the product.<br />Default: True', 19, 120, NULL, '2013-06-18 14:30:29', NULL, 'zen_cfg_select_option(array(''True'', ''False''), '),
(436, 'Use split-login page', 'USE_SPLIT_LOGIN_MODE', 'False', 'The login page can be displayed in two modes: Split or Vertical.<br />In Split mode, the create-account options are accessed by clicking a button to get to the create-account page.  In Vertical mode, the create-account input fields are all displayed inline, below the login field, making one less click for the customer to create their account.<br />Default: False', 19, 121, NULL, '2013-06-18 14:30:29', NULL, 'zen_cfg_select_option(array(''True'', ''False''), '),
(437, 'CSS Buttons', 'IMAGE_USE_CSS_BUTTONS', 'Yes', 'CSS Buttons<br />Use CSS buttons instead of images (GIF/JPG)?<br />Button styles must be configured in the stylesheet if you enable this option.', 19, 147, '2013-06-20 15:46:19', '2013-06-18 14:30:29', NULL, 'zen_cfg_select_option(array(''No'', ''Yes''), '),
(438, '<strong>Down for Maintenance: ON/OFF</strong>', 'DOWN_FOR_MAINTENANCE', 'false', 'Down for Maintenance <br />(true=on false=off)', 20, 1, NULL, '2013-06-18 14:30:29', NULL, 'zen_cfg_select_option(array(''true'', ''false''), '),
(439, 'Down for Maintenance: filename', 'DOWN_FOR_MAINTENANCE_FILENAME', 'down_for_maintenance', 'Down for Maintenance filename<br />Note: Do not include the extension<br />Default=down_for_maintenance', 20, 2, NULL, '2013-06-18 14:30:29', NULL, ''),
(440, 'Down for Maintenance: Hide Header', 'DOWN_FOR_MAINTENANCE_HEADER_OFF', 'false', 'Down for Maintenance: Hide Header <br />(true=hide false=show)', 20, 3, NULL, '2013-06-18 14:30:29', NULL, 'zen_cfg_select_option(array(''true'', ''false''), '),
(441, 'Down for Maintenance: Hide Column Left', 'DOWN_FOR_MAINTENANCE_COLUMN_LEFT_OFF', 'false', 'Down for Maintenance: Hide Column Left <br />(true=hide false=show)', 20, 4, NULL, '2013-06-18 14:30:29', NULL, 'zen_cfg_select_option(array(''true'', ''false''), '),
(442, 'Down for Maintenance: Hide Column Right', 'DOWN_FOR_MAINTENANCE_COLUMN_RIGHT_OFF', 'false', 'Down for Maintenance: Hide Column Right <br />(true=hide false=show)', 20, 5, NULL, '2013-06-18 14:30:29', NULL, 'zen_cfg_select_option(array(''true'', ''false''), '),
(443, 'Down for Maintenance: Hide Footer', 'DOWN_FOR_MAINTENANCE_FOOTER_OFF', 'false', 'Down for Maintenance: Hide Footer <br />(true=hide false=show)', 20, 6, NULL, '2013-06-18 14:30:29', NULL, 'zen_cfg_select_option(array(''true'', ''false''), '),
(444, 'Down for Maintenance: Hide Prices', 'DOWN_FOR_MAINTENANCE_PRICES_OFF', 'false', 'Down for Maintenance: Hide Prices <br />(true=hide false=show)', 20, 7, NULL, '2013-06-18 14:30:29', NULL, 'zen_cfg_select_option(array(''true'', ''false''), '),
(445, 'Down For Maintenance (exclude this IP-Address)', 'EXCLUDE_ADMIN_IP_FOR_MAINTENANCE', 'your IP (ADMIN)', 'This IP Address is able to access the website while it is Down For Maintenance (like webmaster)<br />To enter multiple IP Addresses, separate with a comma. If you do not know your IP Address, check in the Footer of your Shop.', 20, 8, '2003-03-21 13:43:22', '2003-03-21 21:20:07', NULL, NULL),
(446, 'NOTICE PUBLIC Before going Down for Maintenance: ON/OFF', 'WARN_BEFORE_DOWN_FOR_MAINTENANCE', 'false', 'Give a WARNING some time before you put your website Down for Maintenance<br />(true=on false=off)<br />If you set the ''Down For Maintenance: ON/OFF'' to true this will automaticly be updated to false', 20, 9, '2003-03-21 13:08:25', '2003-03-21 11:42:47', NULL, 'zen_cfg_select_option(array(''true'', ''false''),'),
(447, 'Date and hours for notice before maintenance', 'PERIOD_BEFORE_DOWN_FOR_MAINTENANCE', '15/05/2003  2-3 PM', 'Date and hours for notice before maintenance website, enter date and hours for maintenance website', 20, 10, '2003-03-21 13:08:25', '2003-03-21 11:42:47', NULL, NULL),
(448, 'Display when webmaster has enabled maintenance', 'DISPLAY_MAINTENANCE_TIME', 'false', 'Display when Webmaster has enabled maintenance <br />(true=on false=off)<br />', 20, 11, '2003-03-21 13:08:25', '2003-03-21 11:42:47', NULL, 'zen_cfg_select_option(array(''true'', ''false''),'),
(449, 'Display website maintenance period', 'DISPLAY_MAINTENANCE_PERIOD', 'false', 'Display Website maintenance period <br />(true=on false=off)<br />', 20, 12, '2003-03-21 13:08:25', '2003-03-21 11:42:47', NULL, 'zen_cfg_select_option(array(''true'', ''false''),'),
(450, 'Website maintenance period', 'TEXT_MAINTENANCE_PERIOD_TIME', '2h00', 'Enter Website Maintenance period (hh:mm)', 20, 13, '2003-03-21 13:08:25', '2003-03-21 11:42:47', NULL, NULL),
(451, 'Confirm Terms and Conditions During Checkout Procedure', 'DISPLAY_CONDITIONS_ON_CHECKOUT', 'false', 'Show the Terms and Conditions during the checkout procedure which the customer must agree to.', 11, 1, NULL, '2013-06-18 14:30:29', NULL, 'zen_cfg_select_option(array(''true'', ''false''), '),
(452, 'Confirm Privacy Notice During Account Creation Procedure', 'DISPLAY_PRIVACY_CONDITIONS', 'false', 'Show the Privacy Notice during the account creation procedure which the customer must agree to.', 11, 2, NULL, '2013-06-18 14:30:29', NULL, 'zen_cfg_select_option(array(''true'', ''false''), '),
(453, 'Display Product Image', 'PRODUCT_NEW_LIST_IMAGE', '1102', 'Do you want to display the Product Image?<br /><br />0= off<br />1st digit Left or Right<br />2nd and 3rd digit Sort Order<br />4th digit number of breaks after<br />', 21, 1, NULL, '2013-06-18 14:30:29', NULL, NULL),
(454, 'Display Product Quantity', 'PRODUCT_NEW_LIST_QUANTITY', '1202', 'Do you want to display the Product Quantity?<br /><br />0= off<br />1st digit Left or Right<br />2nd and 3rd digit Sort Order<br />4th digit number of breaks after<br />', 21, 2, NULL, '2013-06-18 14:30:29', NULL, NULL),
(455, 'Display Product Buy Now Button', 'PRODUCT_NEW_BUY_NOW', '1272', 'Do you want to display the Product Buy Now Button<br /><br />0= off<br />1st digit Left or Right<br />2nd and 3rd digit Sort Order<br />4th digit number of breaks after<br />', 21, 3, '2013-06-22 13:32:35', '2013-06-18 14:30:30', NULL, NULL),
(456, 'Display Product Name', 'PRODUCT_NEW_LIST_NAME', '1222', 'Do you want to display the Product Name?<br /><br />0= off<br />1st digit Left or Right<br />2nd and 3rd digit Sort Order<br />4th digit number of breaks after<br />', 21, 4, '2013-06-22 13:32:41', '2013-06-18 14:30:30', NULL, NULL),
(457, 'Display Product Model', 'PRODUCT_NEW_LIST_MODEL', '1232', 'Do you want to display the Product Model?<br /><br />0= off<br />1st digit Left or Right<br />2nd and 3rd digit Sort Order<br />4th digit number of breaks after<br />', 21, 5, '2013-06-22 13:32:47', '2013-06-18 14:30:30', NULL, NULL),
(458, 'Display Product Manufacturer Name', 'PRODUCT_NEW_LIST_MANUFACTURER', '1242', 'Do you want to display the Product Manufacturer Name?<br /><br />0= off<br />1st digit Left or Right<br />2nd and 3rd digit Sort Order<br />4th digit number of breaks after<br />', 21, 6, '2013-06-22 13:32:53', '2013-06-18 14:30:30', NULL, NULL),
(459, 'Display Product Price', 'PRODUCT_NEW_LIST_PRICE', '1262', 'Do you want to display the Product Price<br /><br />0= off<br />1st digit Left or Right<br />2nd and 3rd digit Sort Order<br />4th digit number of breaks after<br />', 21, 7, '2013-06-22 13:32:58', '2013-06-18 14:30:30', NULL, NULL),
(460, 'Display Product Weight', 'PRODUCT_NEW_LIST_WEIGHT', '1252', 'Do you want to display the Product Weight?<br /><br />0= off<br />1st digit Left or Right<br />2nd and 3rd digit Sort Order<br />4th digit number of breaks after<br />', 21, 8, '2013-06-22 13:33:03', '2013-06-18 14:30:30', NULL, NULL),
(461, 'Display Product Date Added', 'PRODUCT_NEW_LIST_DATE_ADDED', '1212', 'Do you want to display the Product Date Added?<br /><br />0= off<br />1st digit Left or Right<br />2nd and 3rd digit Sort Order<br />4th digit number of breaks after<br />', 21, 9, '2013-06-22 13:33:08', '2013-06-18 14:30:30', NULL, NULL),
(462, 'Display Product Description', 'PRODUCT_NEW_LIST_DESCRIPTION', '450', 'How many characters do you want to display of the Product Description?<br /><br />0= OFF<br />150= Suggested Length, or enter the maximum number of characters to display', 21, 10, '2013-06-22 13:33:14', '2013-06-18 14:30:30', NULL, NULL),
(463, 'Display Product Display - Default Sort Order', 'PRODUCT_NEW_LIST_SORT_DEFAULT', '6', 'What Sort Order Default should be used for New Products Display?<br />Default= 6 for Date New to Old<br /><br />1= Products Name<br />2= Products Name Desc<br />3= Price low to high, Products Name<br />4= Price high to low, Products Name<br />5= Model<br />6= Date Added desc<br />7= Date Added<br />8= Product Sort Order', 21, 11, NULL, '2013-06-18 14:30:30', NULL, 'zen_cfg_select_option(array(''1'', ''2'', ''3'', ''4'', ''5'', ''6'', ''7'', ''8''), '),
(464, 'Default Products New Group ID', 'PRODUCT_NEW_LIST_GROUP_ID', '21', 'Warning: Only change this if your Products New Group ID has changed from the default of 21<br />What is the configuration_group_id for New Products Listings?', 21, 12, NULL, '2013-06-18 14:30:30', NULL, NULL),
(465, 'Display Multiple Products Qty Box Status and Set Button Location', 'PRODUCT_NEW_LISTING_MULTIPLE_ADD_TO_CART', '0', 'Do you want to display Add Multiple Products Qty Box and Set Button Location?<br />0= off<br />1= Top<br />2= Bottom<br />3= Both', 21, 25, '2013-06-22 13:19:40', '2013-06-18 14:30:30', NULL, 'zen_cfg_select_option(array(''0'', ''1'', ''2'', ''3''), '),
(466, 'Mask Upcoming Products from being include as New Products', 'SHOW_NEW_PRODUCTS_UPCOMING_MASKED', '0', 'Do you want to mask Upcoming Products from being included as New Products in Listing, Sideboxes and Centerbox?<br />0= off<br />1= on', 21, 30, NULL, '2013-06-18 14:30:30', NULL, 'zen_cfg_select_option(array(''0'', ''1''), '),
(467, 'Display Product Image', 'PRODUCT_FEATURED_LIST_IMAGE', '1102', 'Do you want to display the Product Image?<br /><br />0= off<br />1st digit Left or Right<br />2nd and 3rd digit Sort Order<br />4th digit number of breaks after<br />', 22, 1, NULL, '2013-06-18 14:30:30', NULL, NULL),
(468, 'Display Product Quantity', 'PRODUCT_FEATURED_LIST_QUANTITY', '1202', 'Do you want to display the Product Quantity?<br /><br />0= off<br />1st digit Left or Right<br />2nd and 3rd digit Sort Order<br />4th digit number of breaks after<br />', 22, 2, NULL, '2013-06-18 14:30:30', NULL, NULL),
(469, 'Display Product Buy Now Button', 'PRODUCT_FEATURED_BUY_NOW', '1300', 'Do you want to display the Product Buy Now Button<br /><br />0= off<br />1st digit Left or Right<br />2nd and 3rd digit Sort Order<br />4th digit number of breaks after<br />', 22, 3, NULL, '2013-06-18 14:30:30', NULL, NULL),
(470, 'Display Product Name', 'PRODUCT_FEATURED_LIST_NAME', '2101', 'Do you want to display the Product Name?<br /><br />0= off<br />1st digit Left or Right<br />2nd and 3rd digit Sort Order<br />4th digit number of breaks after<br />', 22, 4, NULL, '2013-06-18 14:30:30', NULL, NULL),
(471, 'Display Product Model', 'PRODUCT_FEATURED_LIST_MODEL', '2201', 'Do you want to display the Product Model?<br /><br />0= off<br />1st digit Left or Right<br />2nd and 3rd digit Sort Order<br />4th digit number of breaks after<br />', 22, 5, NULL, '2013-06-18 14:30:30', NULL, NULL),
(472, 'Display Product Manufacturer Name', 'PRODUCT_FEATURED_LIST_MANUFACTURER', '2302', 'Do you want to display the Product Manufacturer Name?<br /><br />0= off<br />1st digit Left or Right<br />2nd and 3rd digit Sort Order<br />4th digit number of breaks after<br />', 22, 6, NULL, '2013-06-18 14:30:30', NULL, NULL),
(473, 'Display Product Price', 'PRODUCT_FEATURED_LIST_PRICE', '2402', 'Do you want to display the Product Price<br /><br />0= off<br />1st digit Left or Right<br />2nd and 3rd digit Sort Order<br />4th digit number of breaks after<br />', 22, 7, NULL, '2013-06-18 14:30:30', NULL, NULL),
(474, 'Display Product Weight', 'PRODUCT_FEATURED_LIST_WEIGHT', '2502', 'Do you want to display the Product Weight?<br /><br />0= off<br />1st digit Left or Right<br />2nd and 3rd digit Sort Order<br />4th digit number of breaks after<br />', 22, 8, NULL, '2013-06-18 14:30:30', NULL, NULL),
(475, 'Display Product Date Added', 'PRODUCT_FEATURED_LIST_DATE_ADDED', '2601', 'Do you want to display the Product Date Added?<br /><br />0= off<br />1st digit Left or Right<br />2nd and 3rd digit Sort Order<br />4th digit number of breaks after<br />', 22, 9, NULL, '2013-06-18 14:30:30', NULL, NULL),
(476, 'Display Product Description', 'PRODUCT_FEATURED_LIST_DESCRIPTION', '150', 'How many characters do you want to display of the Product Description?<br /><br />0= OFF<br />150= Suggested Length, or enter the maximum number of characters to display', 22, 10, NULL, '2013-06-18 14:30:30', NULL, NULL),
(477, 'Display Product Display - Default Sort Order', 'PRODUCT_FEATURED_LIST_SORT_DEFAULT', '1', 'What Sort Order Default should be used for Featured Product Display?<br />Default= 1 for Product Name<br /><br />1= Products Name<br />2= Products Name Desc<br />3= Price low to high, Products Name<br />4= Price high to low, Products Name<br />5= Model<br />6= Date Added desc<br />7= Date Added<br />8= Product Sort Order', 22, 11, NULL, '2013-06-18 14:30:30', NULL, 'zen_cfg_select_option(array(''1'', ''2'', ''3'', ''4'', ''5'', ''6'', ''7'', ''8''), '),
(478, 'Default Featured Products Group ID', 'PRODUCT_FEATURED_LIST_GROUP_ID', '22', 'Warning: Only change this if your Featured Products Group ID has changed from the default of 22<br />What is the configuration_group_id for Featured Products Listings?', 22, 12, NULL, '2013-06-18 14:30:30', NULL, NULL),
(479, 'Display Multiple Products Qty Box Status and Set Button Location', 'PRODUCT_FEATURED_LISTING_MULTIPLE_ADD_TO_CART', '3', 'Do you want to display Add Multiple Products Qty Box and Set Button Location?<br />0= off<br />1= Top<br />2= Bottom<br />3= Both', 22, 25, NULL, '2013-06-18 14:30:30', NULL, 'zen_cfg_select_option(array(''0'', ''1'', ''2'', ''3''), '),
(480, 'Display Product Image', 'PRODUCT_ALL_LIST_IMAGE', '1102', 'Do you want to display the Product Image?<br /><br />0= off<br />1st digit Left or Right<br />2nd and 3rd digit Sort Order<br />4th digit number of breaks after<br />', 23, 1, NULL, '2013-06-18 14:30:30', NULL, NULL),
(481, 'Display Product Quantity', 'PRODUCT_ALL_LIST_QUANTITY', '1202', 'Do you want to display the Product Quantity?<br /><br />0= off<br />1st digit Left or Right<br />2nd and 3rd digit Sort Order<br />4th digit number of breaks after<br />', 23, 2, NULL, '2013-06-18 14:30:30', NULL, NULL),
(482, 'Display Product Buy Now Button', 'PRODUCT_ALL_BUY_NOW', '1272', 'Do you want to display the Product Buy Now Button<br /><br />0= off<br />1st digit Left or Right<br />2nd and 3rd digit Sort Order<br />4th digit number of breaks after<br />', 23, 3, '2013-06-22 13:35:36', '2013-06-18 14:30:30', NULL, NULL),
(483, 'Display Product Name', 'PRODUCT_ALL_LIST_NAME', '1222', 'Do you want to display the Product Name?<br /><br />0= off<br />1st digit Left or Right<br />2nd and 3rd digit Sort Order<br />4th digit number of breaks after<br />', 23, 4, '2013-06-22 13:35:42', '2013-06-18 14:30:30', NULL, NULL),
(484, 'Display Product Model', 'PRODUCT_ALL_LIST_MODEL', '1232', 'Do you want to display the Product Model?<br /><br />0= off<br />1st digit Left or Right<br />2nd and 3rd digit Sort Order<br />4th digit number of breaks after<br />', 23, 5, '2013-06-22 13:35:48', '2013-06-18 14:30:30', NULL, NULL),
(485, 'Display Product Manufacturer Name', 'PRODUCT_ALL_LIST_MANUFACTURER', '1242', 'Do you want to display the Product Manufacturer Name?<br /><br />0= off<br />1st digit Left or Right<br />2nd and 3rd digit Sort Order<br />4th digit number of breaks after<br />', 23, 6, '2013-06-22 13:35:55', '2013-06-18 14:30:30', NULL, NULL),
(486, 'Display Product Price', 'PRODUCT_ALL_LIST_PRICE', '1262', 'Do you want to display the Product Price<br /><br />0= off<br />1st digit Left or Right<br />2nd and 3rd digit Sort Order<br />4th digit number of breaks after<br />', 23, 7, '2013-06-22 13:36:02', '2013-06-18 14:30:30', NULL, NULL),
(487, 'Display Product Weight', 'PRODUCT_ALL_LIST_WEIGHT', '1252', 'Do you want to display the Product Weight?<br /><br />0= off<br />1st digit Left or Right<br />2nd and 3rd digit Sort Order<br />4th digit number of breaks after<br />', 23, 8, '2013-06-22 13:36:06', '2013-06-18 14:30:30', NULL, NULL),
(488, 'Display Product Date Added', 'PRODUCT_ALL_LIST_DATE_ADDED', '1212', 'Do you want to display the Product Date Added?<br /><br />0= off<br />1st digit Left or Right<br />2nd and 3rd digit Sort Order<br />4th digit number of breaks after<br />', 23, 9, '2013-06-22 13:36:12', '2013-06-18 14:30:30', NULL, NULL),
(489, 'Display Product Description', 'PRODUCT_ALL_LIST_DESCRIPTION', '450', 'How many characters do you want to display of the Product Description?<br /><br />0= OFF<br />150= Suggested Length, or enter the maximum number of characters to display', 23, 10, '2013-06-22 13:36:16', '2013-06-18 14:30:30', NULL, NULL),
(490, 'Display Product Display - Default Sort Order', 'PRODUCT_ALL_LIST_SORT_DEFAULT', '1', 'What Sort Order Default should be used for All Products Display?<br />Default= 1 for Product Name<br /><br />1= Products Name<br />2= Products Name Desc<br />3= Price low to high, Products Name<br />4= Price high to low, Products Name<br />5= Model<br />6= Date Added desc<br />7= Date Added<br />8= Product Sort Order', 23, 11, NULL, '2013-06-18 14:30:30', NULL, 'zen_cfg_select_option(array(''1'', ''2'', ''3'', ''4'', ''5'', ''6'', ''7'', ''8''), '),
(491, 'Default Products All Group ID', 'PRODUCT_ALL_LIST_GROUP_ID', '23', 'Warning: Only change this if your Products All Group ID has changed from the default of 23<br />What is the configuration_group_id for Products All Listings?', 23, 12, NULL, '2013-06-18 14:30:30', NULL, NULL),
(492, 'Display Multiple Products Qty Box Status and Set Button Location', 'PRODUCT_ALL_LISTING_MULTIPLE_ADD_TO_CART', '0', 'Do you want to display Add Multiple Products Qty Box and Set Button Location?<br />0= off<br />1= Top<br />2= Bottom<br />3= Both', 23, 25, '2013-06-22 13:36:26', '2013-06-18 14:30:30', NULL, 'zen_cfg_select_option(array(''0'', ''1'', ''2'', ''3''), '),
(493, 'Show New Products on Main Page', 'SHOW_PRODUCT_INFO_MAIN_NEW_PRODUCTS', '0', 'Show New Products on Main Page<br />0= off or set the sort order', 24, 65, '2013-06-20 15:15:21', '2013-06-18 14:30:30', NULL, 'zen_cfg_select_option(array(''0'', ''1'', ''2'', ''3'', ''4''), '),
(494, 'Show Featured Products on Main Page', 'SHOW_PRODUCT_INFO_MAIN_FEATURED_PRODUCTS', '2', 'Show Featured Products on Main Page<br />0= off or set the sort order', 24, 66, NULL, '2013-06-18 14:30:30', NULL, 'zen_cfg_select_option(array(''0'', ''1'', ''2'', ''3'', ''4''), '),
(495, 'Show Special Products on Main Page', 'SHOW_PRODUCT_INFO_MAIN_SPECIALS_PRODUCTS', '0', 'Show Special Products on Main Page<br />0= off or set the sort order', 24, 67, '2013-06-20 15:15:36', '2013-06-18 14:30:30', NULL, 'zen_cfg_select_option(array(''0'', ''1'', ''2'', ''3'', ''4''), '),
(496, 'Show Upcoming Products on Main Page', 'SHOW_PRODUCT_INFO_MAIN_UPCOMING', '0', 'Show Upcoming Products on Main Page<br />0= off or set the sort order', 24, 68, '2013-06-20 15:15:40', '2013-06-18 14:30:30', NULL, 'zen_cfg_select_option(array(''0'', ''1'', ''2'', ''3'', ''4''), '),
(497, 'Show New Products on Main Page - Category with SubCategories', 'SHOW_PRODUCT_INFO_CATEGORY_NEW_PRODUCTS', '0', 'Show New Products on Main Page - Category with SubCategories<br />0= off or set the sort order', 24, 70, '2013-06-24 12:48:11', '2013-06-18 14:30:30', NULL, 'zen_cfg_select_option(array(''0'', ''1'', ''2'', ''3'', ''4''), '),
(498, 'Show Featured Products on Main Page - Category with SubCategories', 'SHOW_PRODUCT_INFO_CATEGORY_FEATURED_PRODUCTS', '1', 'Show Featured Products on Main Page - Category with SubCategories<br />0= off or set the sort order', 24, 71, '2013-06-24 13:20:36', '2013-06-18 14:30:30', NULL, 'zen_cfg_select_option(array(''0'', ''1'', ''2'', ''3'', ''4''), '),
(499, 'Show Special Products on Main Page - Category with SubCategories', 'SHOW_PRODUCT_INFO_CATEGORY_SPECIALS_PRODUCTS', '0', 'Show Special Products on Main Page - Category with SubCategories<br />0= off or set the sort order', 24, 72, '2013-06-24 13:20:40', '2013-06-18 14:30:30', NULL, 'zen_cfg_select_option(array(''0'', ''1'', ''2'', ''3'', ''4''), '),
(500, 'Show Upcoming Products on Main Page - Category with SubCategories', 'SHOW_PRODUCT_INFO_CATEGORY_UPCOMING', '0', 'Show Upcoming Products on Main Page - Category with SubCategories<br />0= off or set the sort order', 24, 73, '2013-06-24 13:20:43', '2013-06-18 14:30:30', NULL, 'zen_cfg_select_option(array(''0'', ''1'', ''2'', ''3'', ''4''), '),
(501, 'Show New Products on Main Page - Errors and Missing Products Page', 'SHOW_PRODUCT_INFO_MISSING_NEW_PRODUCTS', '1', 'Show New Products on Main Page - Errors and Missing Product<br />0= off or set the sort order', 24, 75, NULL, '2013-06-18 14:30:30', NULL, 'zen_cfg_select_option(array(''0'', ''1'', ''2'', ''3'', ''4''), '),
(502, 'Show Featured Products on Main Page - Errors and Missing Products Page', 'SHOW_PRODUCT_INFO_MISSING_FEATURED_PRODUCTS', '2', 'Show Featured Products on Main Page - Errors and Missing Product<br />0= off or set the sort order', 24, 76, NULL, '2013-06-18 14:30:30', NULL, 'zen_cfg_select_option(array(''0'', ''1'', ''2'', ''3'', ''4''), '),
(503, 'Show Special Products on Main Page - Errors and Missing Products Page', 'SHOW_PRODUCT_INFO_MISSING_SPECIALS_PRODUCTS', '3', 'Show Special Products on Main Page - Errors and Missing Product<br />0= off or set the sort order', 24, 77, NULL, '2013-06-18 14:30:30', NULL, 'zen_cfg_select_option(array(''0'', ''1'', ''2'', ''3'', ''4''), '),
(504, 'Show Upcoming Products on Main Page - Errors and Missing Products Page', 'SHOW_PRODUCT_INFO_MISSING_UPCOMING', '4', 'Show Upcoming Products on Main Page - Errors and Missing Product<br />0= off or set the sort order', 24, 78, NULL, '2013-06-18 14:30:30', NULL, 'zen_cfg_select_option(array(''0'', ''1'', ''2'', ''3'', ''4''), '),
(505, 'Show New Products - below Product Listing', 'SHOW_PRODUCT_INFO_LISTING_BELOW_NEW_PRODUCTS', '1', 'Show New Products below Product Listing<br />0= off or set the sort order', 24, 85, NULL, '2013-06-18 14:30:30', NULL, 'zen_cfg_select_option(array(''0'', ''1'', ''2'', ''3'', ''4''), '),
(506, 'Show Featured Products - below Product Listing', 'SHOW_PRODUCT_INFO_LISTING_BELOW_FEATURED_PRODUCTS', '2', 'Show Featured Products below Product Listing<br />0= off or set the sort order', 24, 86, NULL, '2013-06-18 14:30:30', NULL, 'zen_cfg_select_option(array(''0'', ''1'', ''2'', ''3'', ''4''), '),
(507, 'Show Special Products - below Product Listing', 'SHOW_PRODUCT_INFO_LISTING_BELOW_SPECIALS_PRODUCTS', '3', 'Show Special Products below Product Listing<br />0= off or set the sort order', 24, 87, NULL, '2013-06-18 14:30:30', NULL, 'zen_cfg_select_option(array(''0'', ''1'', ''2'', ''3'', ''4''), '),
(508, 'Show Upcoming Products - below Product Listing', 'SHOW_PRODUCT_INFO_LISTING_BELOW_UPCOMING', '4', 'Show Upcoming Products below Product Listing<br />0= off or set the sort order', 24, 88, NULL, '2013-06-18 14:30:30', NULL, 'zen_cfg_select_option(array(''0'', ''1'', ''2'', ''3'', ''4''), '),
(509, 'New Products Columns per Row', 'SHOW_PRODUCT_INFO_COLUMNS_NEW_PRODUCTS', '3', 'New Products Columns per Row', 24, 95, NULL, '2013-06-18 14:30:30', NULL, 'zen_cfg_select_option(array(''1'', ''2'', ''3'', ''4'', ''5'', ''6'', ''7'', ''8'', ''9'', ''10'', ''11'', ''12''), '),
(510, 'Featured Products Columns per Row', 'SHOW_PRODUCT_INFO_COLUMNS_FEATURED_PRODUCTS', '3', 'Featured Products Columns per Row', 24, 96, NULL, '2013-06-18 14:30:30', NULL, 'zen_cfg_select_option(array(''1'', ''2'', ''3'', ''4'', ''5'', ''6'', ''7'', ''8'', ''9'', ''10'', ''11'', ''12''), '),
(511, 'Special Products Columns per Row', 'SHOW_PRODUCT_INFO_COLUMNS_SPECIALS_PRODUCTS', '3', 'Special Products Columns per Row', 24, 97, NULL, '2013-06-18 14:30:30', NULL, 'zen_cfg_select_option(array(''1'', ''2'', ''3'', ''4'', ''5'', ''6'', ''7'', ''8'', ''9'', ''10'', ''11'', ''12''), '),
(512, 'Filter Product Listing for Current Top Level Category When Enabled', 'SHOW_PRODUCT_INFO_ALL_PRODUCTS', '1', 'Filter the products when Product Listing is enabled for current Main Category or show products from all categories?<br />0= Filter Off 1=Filter On ', 24, 100, NULL, '2013-06-18 14:30:30', NULL, 'zen_cfg_select_option(array(''0'', ''1''), '),
(513, 'Define Main Page Status', 'DEFINE_MAIN_PAGE_STATUS', '1', 'Enable the Defined Main Page Link/Text?<br />0= Link ON, Define Text OFF<br />1= Link ON, Define Text ON<br />2= Link OFF, Define Text ON<br />3= Link OFF, Define Text OFF', 25, 60, '2013-06-18 14:30:30', '2013-06-18 14:30:30', NULL, 'zen_cfg_select_option(array(''0'', ''1'', ''2'', ''3''),'),
(514, 'Define Contact Us Status', 'DEFINE_CONTACT_US_STATUS', '1', 'Enable the Defined Contact Us Link/Text?<br />0= Link ON, Define Text OFF<br />1= Link ON, Define Text ON<br />2= Link OFF, Define Text ON<br />3= Link OFF, Define Text OFF', 25, 61, '2013-06-18 14:30:30', '2013-06-18 14:30:30', NULL, 'zen_cfg_select_option(array(''0'', ''1'', ''2'', ''3''),'),
(515, 'Define Privacy Status', 'DEFINE_PRIVACY_STATUS', '1', 'Enable the Defined Privacy Link/Text?<br />0= Link ON, Define Text OFF<br />1= Link ON, Define Text ON<br />2= Link OFF, Define Text ON<br />3= Link OFF, Define Text OFF', 25, 62, '2013-06-18 14:30:30', '2013-06-18 14:30:30', NULL, 'zen_cfg_select_option(array(''0'', ''1'', ''2'', ''3''),'),
(516, 'Define Shipping & Returns', 'DEFINE_SHIPPINGINFO_STATUS', '1', 'Enable the Defined Shipping & Returns Link/Text?<br />0= Link ON, Define Text OFF<br />1= Link ON, Define Text ON<br />2= Link OFF, Define Text ON<br />3= Link OFF, Define Text OFF', 25, 63, '2013-06-18 14:30:30', '2013-06-18 14:30:30', NULL, 'zen_cfg_select_option(array(''0'', ''1'', ''2'', ''3''),'),
(517, 'Define Conditions of Use', 'DEFINE_CONDITIONS_STATUS', '1', 'Enable the Defined Conditions of Use Link/Text?<br />0= Link ON, Define Text OFF<br />1= Link ON, Define Text ON<br />2= Link OFF, Define Text ON<br />3= Link OFF, Define Text OFF', 25, 64, '2013-06-18 14:30:30', '2013-06-18 14:30:30', NULL, 'zen_cfg_select_option(array(''0'', ''1'', ''2'', ''3''),'),
(518, 'Define Checkout Success', 'DEFINE_CHECKOUT_SUCCESS_STATUS', '1', 'Enable the Defined Checkout Success Link/Text?<br />0= Link ON, Define Text OFF<br />1= Link ON, Define Text ON<br />2= Link OFF, Define Text ON<br />3= Link OFF, Define Text OFF', 25, 65, '2013-06-18 14:30:30', '2013-06-18 14:30:30', NULL, 'zen_cfg_select_option(array(''0'', ''1'', ''2'', ''3''),'),
(519, 'Define Discount Coupon', 'DEFINE_DISCOUNT_COUPON_STATUS', '1', 'Enable the Defined Discount Coupon Link/Text?<br />0= Link ON, Define Text OFF<br />1= Link ON, Define Text ON<br />2= Link OFF, Define Text ON<br />3= Link OFF, Define Text OFF', 25, 66, '2013-06-18 14:30:30', '2013-06-18 14:30:30', NULL, 'zen_cfg_select_option(array(''0'', ''1'', ''2'', ''3''),'),
(520, 'Define Site Map Status', 'DEFINE_SITE_MAP_STATUS', '1', 'Enable the Defined Site Map Link/Text?<br />0= Link ON, Define Text OFF<br />1= Link ON, Define Text ON<br />2= Link OFF, Define Text ON<br />3= Link OFF, Define Text OFF', 25, 67, '2013-06-18 14:30:30', '2013-06-18 14:30:30', NULL, 'zen_cfg_select_option(array(''0'', ''1'', ''2'', ''3''),'),
(521, 'Define Page-Not-Found Status', 'DEFINE_PAGE_NOT_FOUND_STATUS', '1', 'Enable the Defined Page-Not-Found Text from define-pages?<br />0= Define Text OFF<br />1= Define Text ON', 25, 67, '2013-06-18 14:30:30', '2013-06-18 14:30:30', NULL, 'zen_cfg_select_option(array(''0'', ''1''),'),
(522, 'Define Page 2', 'DEFINE_PAGE_2_STATUS', '1', 'Enable the Defined Page 2 Link/Text?<br />0= Link ON, Define Text OFF<br />1= Link ON, Define Text ON<br />2= Link OFF, Define Text ON<br />3= Link OFF, Define Text OFF', 25, 82, '2013-06-18 14:30:30', '2013-06-18 14:30:30', NULL, 'zen_cfg_select_option(array(''0'', ''1'', ''2'', ''3''),'),
(523, 'Define Page 3', 'DEFINE_PAGE_3_STATUS', '1', 'Enable the Defined Page 3 Link/Text?<br />0= Link ON, Define Text OFF<br />1= Link ON, Define Text ON<br />2= Link OFF, Define Text ON<br />3= Link OFF, Define Text OFF', 25, 83, '2013-06-18 14:30:30', '2013-06-18 14:30:30', NULL, 'zen_cfg_select_option(array(''0'', ''1'', ''2'', ''3''),'),
(524, 'Define Page 4', 'DEFINE_PAGE_4_STATUS', '1', 'Enable the Defined Page 4 Link/Text?<br />0= Link ON, Define Text OFF<br />1= Link ON, Define Text ON<br />2= Link OFF, Define Text ON<br />3= Link OFF, Define Text OFF', 25, 84, '2013-06-18 14:30:30', '2013-06-18 14:30:30', NULL, 'zen_cfg_select_option(array(''0'', ''1'', ''2'', ''3''),'),
(525, 'EZ-Pages Display Status - HeaderBar', 'EZPAGES_STATUS_HEADER', '1', 'Display of EZ-Pages content can be Globally enabled/disabled for the Header Bar<br />0 = Off<br />1 = On<br />2= On ADMIN IP ONLY located in Website Maintenance<br />NOTE: Warning only shows to the Admin and not to the public', 30, 10, NULL, '2013-06-18 14:30:30', NULL, 'zen_cfg_select_option(array(''0'', ''1'', ''2''), '),
(526, 'EZ-Pages Display Status - FooterBar', 'EZPAGES_STATUS_FOOTER', '1', 'Display of EZ-Pages content can be Globally enabled/disabled for the Footer Bar<br />0 = Off<br />1 = On<br />2= On ADMIN IP ONLY located in Website Maintenance<br />NOTE: Warning only shows to the Admin and not to the public', 30, 11, NULL, '2013-06-18 14:30:30', NULL, 'zen_cfg_select_option(array(''0'', ''1'', ''2''), '),
(527, 'EZ-Pages Display Status - Sidebox', 'EZPAGES_STATUS_SIDEBOX', '1', 'Display of EZ-Pages content can be Globally enabled/disabled for the Sidebox<br />0 = Off<br />1 = On<br />2= On ADMIN IP ONLY located in Website Maintenance<br />NOTE: Warning only shows to the Admin and not to the public', 30, 12, NULL, '2013-06-18 14:30:30', NULL, 'zen_cfg_select_option(array(''0'', ''1'', ''2''), '),
(528, 'EZ-Pages Header Link Separator', 'EZPAGES_SEPARATOR_HEADER', '', 'EZ-Pages Header Link Separator<br />Default = &amp;nbsp;::&amp;nbsp;', 30, 20, '2013-06-19 12:24:46', '2013-06-18 14:30:30', NULL, 'zen_cfg_textarea_small('),
(529, 'EZ-Pages Footer Link Separator', 'EZPAGES_SEPARATOR_FOOTER', '', 'EZ-Pages Footer Link Separator<br />Default = &amp;nbsp;::&amp;nbsp;', 30, 21, '2013-06-19 16:12:46', '2013-06-18 14:30:30', NULL, 'zen_cfg_textarea_small('),
(530, 'EZ-Pages Prev/Next Buttons', 'EZPAGES_SHOW_PREV_NEXT_BUTTONS', '2', 'Display Prev/Continue/Next buttons on EZ-Pages pages?<br />0=OFF (no buttons)<br />1="Continue"<br />2="Prev/Continue/Next"<br /><br />Default setting: 2.', 30, 30, NULL, '2013-06-18 14:30:30', NULL, 'zen_cfg_select_option(array(''0'', ''1'', ''2''), '),
(531, 'EZ-Pages Table of Contents for Chapters Status', 'EZPAGES_SHOW_TABLE_CONTENTS', '1', 'Enable EZ-Pages Table of Contents for Chapters?<br />0= OFF<br />1= ON', 30, 35, '2013-06-18 14:30:30', '2013-06-18 14:30:30', NULL, 'zen_cfg_select_option(array(''0'', ''1''),'),
(532, 'EZ-Pages Pages to disable headers', 'EZPAGES_DISABLE_HEADER_DISPLAY_LIST', '', 'EZ-Pages "pages" on which to NOT display the normal "header" for your site.<br />Simply list page ID numbers separated by commas with no spaces.<br />Page ID numbers can be obtained from the EZ-Pages screen under Admin->Tools.<br />ie: 1,5,2<br />or leave blank.', 30, 40, NULL, '2013-06-18 14:30:30', NULL, 'zen_cfg_textarea_small('),
(533, 'EZ-Pages Pages to disable footers', 'EZPAGES_DISABLE_FOOTER_DISPLAY_LIST', '', 'EZ-Pages "pages" on which to NOT display the normal "footer" for your site.<br />Simply list page ID numbers separated by commas with no spaces.<br />Page ID numbers can be obtained from the EZ-Pages screen under Admin->Tools.<br />ie: 3,7<br />or leave blank.', 30, 41, NULL, '2013-06-18 14:30:30', NULL, 'zen_cfg_textarea_small('),
(534, 'EZ-Pages Pages to disable left-column', 'EZPAGES_DISABLE_LEFTCOLUMN_DISPLAY_LIST', '', 'EZ-Pages "pages" on which to NOT display the normal "left" column (of sideboxes) for your site.<br />Simply list page ID numbers separated by commas with no spaces.<br />Page ID numbers can be obtained from the EZ-Pages screen under Admin->Tools.<br />ie: 21<br />or leave blank.', 30, 42, NULL, '2013-06-18 14:30:30', NULL, 'zen_cfg_textarea_small('),
(535, 'EZ-Pages Pages to disable right-column', 'EZPAGES_DISABLE_RIGHTCOLUMN_DISPLAY_LIST', '', 'EZ-Pages "pages" on which to NOT display the normal "right" column (of sideboxes) for your site.<br />Simply list page ID numbers separated by commas with no spaces.<br />Page ID numbers can be obtained from the EZ-Pages screen under Admin->Tools.<br />ie: 3,82,13<br />or leave blank.', 30, 43, NULL, '2013-06-18 14:30:30', NULL, 'zen_cfg_textarea_small('),
(536, 'Convert currencies for Text emails', 'CURRENCIES_TRANSLATIONS', '', 'What currency conversions do you need for Text emails?<br />Example = &amp;pound;,&pound;:&amp;euro;,&euro;', 12, 120, NULL, '2003-11-21 00:00:00', NULL, 'zen_cfg_textarea_small('),
(537, 'Use root path for cookie path', 'SESSION_USE_ROOT_COOKIE_PATH', 'False', 'Normally Zen Cart will use the directory that a store resides in as the cookie path. This can cause problems with some servers. This setting allows you to set the cookie path to the root of the server, rather than the store directory. It should only be used if you have problems with sessions. <strong>Default Value = False</strong><br /><br /><strong>Changing this setting may mean you have problems logging into your admin, you should clear your browser cookies to overcome this.</strong>', 15, 999, NULL, '0001-01-01 00:00:00', NULL, 'zen_cfg_select_option(array(''True'', ''False''), '),
(538, 'Add period prefix to cookie domain', 'SESSION_ADD_PERIOD_PREFIX', 'True', 'Normally Zen Cart will add a period prefix to the cookie domain, e.g.  .www.mydomain.com. This can sometimes cause problems with some server configurations. If you are having session problems you may want to try setting this to False. <strong>Default Value = True</strong>', 15, 999, NULL, '0001-01-01 00:00:00', NULL, 'zen_cfg_select_option(array(''True'', ''False''), ');

-- --------------------------------------------------------

--
-- Table structure for table `configuration_group`
--

CREATE TABLE IF NOT EXISTS `configuration_group` (
  `configuration_group_id` int(11) NOT NULL AUTO_INCREMENT,
  `configuration_group_title` varchar(64) NOT NULL DEFAULT '',
  `configuration_group_description` varchar(255) NOT NULL DEFAULT '',
  `sort_order` int(5) DEFAULT NULL,
  `visible` int(1) DEFAULT '1',
  PRIMARY KEY (`configuration_group_id`),
  KEY `idx_visible_zen` (`visible`)
) ENGINE=MyISAM  DEFAULT CHARSET=utf8 AUTO_INCREMENT=31 ;

--
-- Dumping data for table `configuration_group`
--

INSERT INTO `configuration_group` (`configuration_group_id`, `configuration_group_title`, `configuration_group_description`, `sort_order`, `visible`) VALUES
(1, 'My Store', 'General information about my store', 1, 1),
(2, 'Minimum Values', 'The minimum values for functions / data', 2, 1),
(3, 'Maximum Values', 'The maximum values for functions / data', 3, 1),
(4, 'Images', 'Image parameters', 4, 1),
(5, 'Customer Details', 'Customer account configuration', 5, 1),
(6, 'Module Options', 'Hidden from configuration', 6, 0),
(7, 'Shipping/Packaging', 'Shipping options available at my store', 7, 1),
(8, 'Product Listing', 'Product Listing configuration options', 8, 1),
(9, 'Stock', 'Stock configuration options', 9, 1),
(10, 'Logging', 'Logging configuration options', 10, 1),
(11, 'Regulations', 'Regulation options', 16, 1),
(12, 'E-Mail Options', 'General settings for E-Mail transport and HTML E-Mails', 12, 1),
(13, 'Attribute Settings', 'Configure products attributes settings', 13, 1),
(14, 'GZip Compression', 'GZip compression options', 14, 1),
(15, 'Sessions', 'Session options', 15, 1),
(16, 'GV Coupons', 'Gift Vouchers and Coupons', 16, 1),
(17, 'Credit Cards', 'Credit Cards Accepted', 17, 1),
(18, 'Product Info', 'Product Info Display Options', 18, 1),
(19, 'Layout Settings', 'Layout Options', 19, 1),
(20, 'Website Maintenance', 'Website Maintenance Options', 20, 1),
(21, 'New Listing', 'New Products Listing', 21, 1),
(22, 'Featured Listing', 'Featured Products Listing', 22, 1),
(23, 'All Listing', 'All Products Listing', 23, 1),
(24, 'Index Listing', 'Index Products Listing', 24, 1),
(25, 'Define Page Status', 'Define Main Pages and HTMLArea Options', 25, 1),
(30, 'EZ-Pages Settings', 'EZ-Pages Settings', 30, 1);

-- --------------------------------------------------------

--
-- Table structure for table `counter`
--

CREATE TABLE IF NOT EXISTS `counter` (
  `startdate` char(8) DEFAULT NULL,
  `counter` int(12) DEFAULT NULL
) ENGINE=MyISAM DEFAULT CHARSET=utf8;

--
-- Dumping data for table `counter`
--

INSERT INTO `counter` (`startdate`, `counter`) VALUES
('20130618', 502);

-- --------------------------------------------------------

--
-- Table structure for table `counter_history`
--

CREATE TABLE IF NOT EXISTS `counter_history` (
  `startdate` char(8) NOT NULL DEFAULT '',
  `counter` int(12) DEFAULT NULL,
  `session_counter` int(12) DEFAULT NULL,
  PRIMARY KEY (`startdate`)
) ENGINE=MyISAM DEFAULT CHARSET=utf8;

--
-- Dumping data for table `counter_history`
--

INSERT INTO `counter_history` (`startdate`, `counter`, `session_counter`) VALUES
('20130618', 19, 3),
('20130619', 87, 3),
('20130620', 69, 4),
('20130621', 5, 3),
('20130622', 83, 5),
('20130624', 228, 4),
('20130626', 1, 1),
('20130710', 1, 1),
('20130825', 6, 5),
('20131110', 3, 1);

-- --------------------------------------------------------

--
-- Table structure for table `countries`
--

CREATE TABLE IF NOT EXISTS `countries` (
  `countries_id` int(11) NOT NULL AUTO_INCREMENT,
  `countries_name` varchar(64) NOT NULL DEFAULT '',
  `countries_iso_code_2` char(2) NOT NULL DEFAULT '',
  `countries_iso_code_3` char(3) NOT NULL DEFAULT '',
  `address_format_id` int(11) NOT NULL DEFAULT '0',
  PRIMARY KEY (`countries_id`),
  KEY `idx_countries_name_zen` (`countries_name`),
  KEY `idx_address_format_id_zen` (`address_format_id`),
  KEY `idx_iso_2_zen` (`countries_iso_code_2`),
  KEY `idx_iso_3_zen` (`countries_iso_code_3`)
) ENGINE=MyISAM  DEFAULT CHARSET=utf8 AUTO_INCREMENT=246 ;

--
-- Dumping data for table `countries`
--

INSERT INTO `countries` (`countries_id`, `countries_name`, `countries_iso_code_2`, `countries_iso_code_3`, `address_format_id`) VALUES
(240, 'Aaland Islands', 'AX', 'ALA', 1),
(1, 'Afghanistan', 'AF', 'AFG', 1),
(2, 'Albania', 'AL', 'ALB', 1),
(3, 'Algeria', 'DZ', 'DZA', 1),
(4, 'American Samoa', 'AS', 'ASM', 1),
(5, 'Andorra', 'AD', 'AND', 1),
(6, 'Angola', 'AO', 'AGO', 1),
(7, 'Anguilla', 'AI', 'AIA', 1),
(8, 'Antarctica', 'AQ', 'ATA', 1),
(9, 'Antigua and Barbuda', 'AG', 'ATG', 1),
(10, 'Argentina', 'AR', 'ARG', 1),
(11, 'Armenia', 'AM', 'ARM', 1),
(12, 'Aruba', 'AW', 'ABW', 1),
(13, 'Australia', 'AU', 'AUS', 1),
(14, 'Austria', 'AT', 'AUT', 5),
(15, 'Azerbaijan', 'AZ', 'AZE', 1),
(16, 'Bahamas', 'BS', 'BHS', 1),
(17, 'Bahrain', 'BH', 'BHR', 1),
(18, 'Bangladesh', 'BD', 'BGD', 1),
(19, 'Barbados', 'BB', 'BRB', 1),
(20, 'Belarus', 'BY', 'BLR', 1),
(21, 'Belgium', 'BE', 'BEL', 1),
(22, 'Belize', 'BZ', 'BLZ', 1),
(23, 'Benin', 'BJ', 'BEN', 1),
(24, 'Bermuda', 'BM', 'BMU', 1),
(25, 'Bhutan', 'BT', 'BTN', 1),
(26, 'Bolivia', 'BO', 'BOL', 1),
(27, 'Bosnia and Herzegowina', 'BA', 'BIH', 1),
(28, 'Botswana', 'BW', 'BWA', 1),
(29, 'Bouvet Island', 'BV', 'BVT', 1),
(30, 'Brazil', 'BR', 'BRA', 1),
(31, 'British Indian Ocean Territory', 'IO', 'IOT', 1),
(32, 'Brunei Darussalam', 'BN', 'BRN', 1),
(33, 'Bulgaria', 'BG', 'BGR', 1),
(34, 'Burkina Faso', 'BF', 'BFA', 1),
(35, 'Burundi', 'BI', 'BDI', 1),
(36, 'Cambodia', 'KH', 'KHM', 1),
(37, 'Cameroon', 'CM', 'CMR', 1),
(38, 'Canada', 'CA', 'CAN', 2),
(39, 'Cape Verde', 'CV', 'CPV', 1),
(40, 'Cayman Islands', 'KY', 'CYM', 1),
(41, 'Central African Republic', 'CF', 'CAF', 1),
(42, 'Chad', 'TD', 'TCD', 1),
(43, 'Chile', 'CL', 'CHL', 1),
(44, 'China', 'CN', 'CHN', 1),
(45, 'Christmas Island', 'CX', 'CXR', 1),
(46, 'Cocos (Keeling) Islands', 'CC', 'CCK', 1),
(47, 'Colombia', 'CO', 'COL', 1),
(48, 'Comoros', 'KM', 'COM', 1),
(49, 'Congo', 'CG', 'COG', 1),
(50, 'Cook Islands', 'CK', 'COK', 1),
(51, 'Costa Rica', 'CR', 'CRI', 1),
(52, 'Cote D''Ivoire', 'CI', 'CIV', 1),
(53, 'Croatia', 'HR', 'HRV', 1),
(54, 'Cuba', 'CU', 'CUB', 1),
(55, 'Cyprus', 'CY', 'CYP', 1),
(56, 'Czech Republic', 'CZ', 'CZE', 1),
(57, 'Denmark', 'DK', 'DNK', 1),
(58, 'Djibouti', 'DJ', 'DJI', 1),
(59, 'Dominica', 'DM', 'DMA', 1),
(60, 'Dominican Republic', 'DO', 'DOM', 1),
(61, 'Timor-Leste', 'TL', 'TLS', 1),
(62, 'Ecuador', 'EC', 'ECU', 1),
(63, 'Egypt', 'EG', 'EGY', 1),
(64, 'El Salvador', 'SV', 'SLV', 1),
(65, 'Equatorial Guinea', 'GQ', 'GNQ', 1),
(66, 'Eritrea', 'ER', 'ERI', 1),
(67, 'Estonia', 'EE', 'EST', 1),
(68, 'Ethiopia', 'ET', 'ETH', 1),
(69, 'Falkland Islands (Malvinas)', 'FK', 'FLK', 1),
(70, 'Faroe Islands', 'FO', 'FRO', 1),
(71, 'Fiji', 'FJ', 'FJI', 1),
(72, 'Finland', 'FI', 'FIN', 1),
(73, 'France', 'FR', 'FRA', 1),
(75, 'French Guiana', 'GF', 'GUF', 1),
(76, 'French Polynesia', 'PF', 'PYF', 1),
(77, 'French Southern Territories', 'TF', 'ATF', 1),
(78, 'Gabon', 'GA', 'GAB', 1),
(79, 'Gambia', 'GM', 'GMB', 1),
(80, 'Georgia', 'GE', 'GEO', 1),
(81, 'Germany', 'DE', 'DEU', 5),
(82, 'Ghana', 'GH', 'GHA', 1),
(83, 'Gibraltar', 'GI', 'GIB', 1),
(84, 'Greece', 'GR', 'GRC', 1),
(85, 'Greenland', 'GL', 'GRL', 1),
(86, 'Grenada', 'GD', 'GRD', 1),
(87, 'Guadeloupe', 'GP', 'GLP', 1),
(88, 'Guam', 'GU', 'GUM', 1),
(89, 'Guatemala', 'GT', 'GTM', 1),
(90, 'Guinea', 'GN', 'GIN', 1),
(91, 'Guinea-bissau', 'GW', 'GNB', 1),
(92, 'Guyana', 'GY', 'GUY', 1),
(93, 'Haiti', 'HT', 'HTI', 1),
(94, 'Heard and Mc Donald Islands', 'HM', 'HMD', 1),
(95, 'Honduras', 'HN', 'HND', 1),
(96, 'Hong Kong', 'HK', 'HKG', 1),
(97, 'Hungary', 'HU', 'HUN', 1),
(98, 'Iceland', 'IS', 'ISL', 1),
(99, 'India', 'IN', 'IND', 1),
(100, 'Indonesia', 'ID', 'IDN', 1),
(101, 'Iran (Islamic Republic of)', 'IR', 'IRN', 1),
(102, 'Iraq', 'IQ', 'IRQ', 1),
(103, 'Ireland', 'IE', 'IRL', 1),
(104, 'Israel', 'IL', 'ISR', 1),
(105, 'Italy', 'IT', 'ITA', 1),
(106, 'Jamaica', 'JM', 'JAM', 1),
(107, 'Japan', 'JP', 'JPN', 1),
(108, 'Jordan', 'JO', 'JOR', 1),
(109, 'Kazakhstan', 'KZ', 'KAZ', 1),
(110, 'Kenya', 'KE', 'KEN', 1),
(111, 'Kiribati', 'KI', 'KIR', 1),
(112, 'Korea, Democratic People''s Republic of', 'KP', 'PRK', 1),
(113, 'Korea, Republic of', 'KR', 'KOR', 1),
(114, 'Kuwait', 'KW', 'KWT', 1),
(115, 'Kyrgyzstan', 'KG', 'KGZ', 1),
(116, 'Lao People''s Democratic Republic', 'LA', 'LAO', 1),
(117, 'Latvia', 'LV', 'LVA', 1),
(118, 'Lebanon', 'LB', 'LBN', 1),
(119, 'Lesotho', 'LS', 'LSO', 1),
(120, 'Liberia', 'LR', 'LBR', 1),
(121, 'Libyan Arab Jamahiriya', 'LY', 'LBY', 1),
(122, 'Liechtenstein', 'LI', 'LIE', 1),
(123, 'Lithuania', 'LT', 'LTU', 1),
(124, 'Luxembourg', 'LU', 'LUX', 1),
(125, 'Macao', 'MO', 'MAC', 1),
(126, 'Macedonia, The Former Yugoslav Republic of', 'MK', 'MKD', 1),
(127, 'Madagascar', 'MG', 'MDG', 1),
(128, 'Malawi', 'MW', 'MWI', 1),
(129, 'Malaysia', 'MY', 'MYS', 1),
(130, 'Maldives', 'MV', 'MDV', 1),
(131, 'Mali', 'ML', 'MLI', 1),
(132, 'Malta', 'MT', 'MLT', 1),
(133, 'Marshall Islands', 'MH', 'MHL', 1),
(134, 'Martinique', 'MQ', 'MTQ', 1),
(135, 'Mauritania', 'MR', 'MRT', 1),
(136, 'Mauritius', 'MU', 'MUS', 1),
(137, 'Mayotte', 'YT', 'MYT', 1),
(138, 'Mexico', 'MX', 'MEX', 1),
(139, 'Micronesia, Federated States of', 'FM', 'FSM', 1),
(140, 'Moldova', 'MD', 'MDA', 1),
(141, 'Monaco', 'MC', 'MCO', 1),
(142, 'Mongolia', 'MN', 'MNG', 1),
(143, 'Montserrat', 'MS', 'MSR', 1),
(144, 'Morocco', 'MA', 'MAR', 1),
(145, 'Mozambique', 'MZ', 'MOZ', 1),
(146, 'Myanmar', 'MM', 'MMR', 1),
(147, 'Namibia', 'NA', 'NAM', 1),
(148, 'Nauru', 'NR', 'NRU', 1),
(149, 'Nepal', 'NP', 'NPL', 1),
(150, 'Netherlands', 'NL', 'NLD', 1),
(151, 'Netherlands Antilles', 'AN', 'ANT', 1),
(152, 'New Caledonia', 'NC', 'NCL', 1),
(153, 'New Zealand', 'NZ', 'NZL', 1),
(154, 'Nicaragua', 'NI', 'NIC', 1),
(155, 'Niger', 'NE', 'NER', 1),
(156, 'Nigeria', 'NG', 'NGA', 1),
(157, 'Niue', 'NU', 'NIU', 1),
(158, 'Norfolk Island', 'NF', 'NFK', 1),
(159, 'Northern Mariana Islands', 'MP', 'MNP', 1),
(160, 'Norway', 'NO', 'NOR', 1),
(161, 'Oman', 'OM', 'OMN', 1),
(162, 'Pakistan', 'PK', 'PAK', 1),
(163, 'Palau', 'PW', 'PLW', 1),
(164, 'Panama', 'PA', 'PAN', 1),
(165, 'Papua New Guinea', 'PG', 'PNG', 1),
(166, 'Paraguay', 'PY', 'PRY', 1),
(167, 'Peru', 'PE', 'PER', 1),
(168, 'Philippines', 'PH', 'PHL', 1),
(169, 'Pitcairn', 'PN', 'PCN', 1),
(170, 'Poland', 'PL', 'POL', 1),
(171, 'Portugal', 'PT', 'PRT', 1),
(172, 'Puerto Rico', 'PR', 'PRI', 1),
(173, 'Qatar', 'QA', 'QAT', 1),
(174, 'Reunion', 'RE', 'REU', 1),
(175, 'Romania', 'RO', 'ROU', 1),
(176, 'Russian Federation', 'RU', 'RUS', 1),
(177, 'Rwanda', 'RW', 'RWA', 1),
(178, 'Saint Kitts and Nevis', 'KN', 'KNA', 1),
(179, 'Saint Lucia', 'LC', 'LCA', 1),
(180, 'Saint Vincent and the Grenadines', 'VC', 'VCT', 1),
(181, 'Samoa', 'WS', 'WSM', 1),
(182, 'San Marino', 'SM', 'SMR', 1),
(183, 'Sao Tome and Principe', 'ST', 'STP', 1),
(184, 'Saudi Arabia', 'SA', 'SAU', 1),
(185, 'Senegal', 'SN', 'SEN', 1),
(186, 'Seychelles', 'SC', 'SYC', 1),
(187, 'Sierra Leone', 'SL', 'SLE', 1),
(188, 'Singapore', 'SG', 'SGP', 4),
(189, 'Slovakia (Slovak Republic)', 'SK', 'SVK', 1),
(190, 'Slovenia', 'SI', 'SVN', 1),
(191, 'Solomon Islands', 'SB', 'SLB', 1),
(192, 'Somalia', 'SO', 'SOM', 1),
(193, 'South Africa', 'ZA', 'ZAF', 1),
(194, 'South Georgia and the South Sandwich Islands', 'GS', 'SGS', 1),
(195, 'Spain', 'ES', 'ESP', 3),
(196, 'Sri Lanka', 'LK', 'LKA', 1),
(197, 'St. Helena', 'SH', 'SHN', 1),
(198, 'St. Pierre and Miquelon', 'PM', 'SPM', 1),
(199, 'Sudan', 'SD', 'SDN', 1),
(200, 'Suriname', 'SR', 'SUR', 1),
(201, 'Svalbard and Jan Mayen Islands', 'SJ', 'SJM', 1),
(202, 'Swaziland', 'SZ', 'SWZ', 1),
(203, 'Sweden', 'SE', 'SWE', 1),
(204, 'Switzerland', 'CH', 'CHE', 1),
(205, 'Syrian Arab Republic', 'SY', 'SYR', 1),
(206, 'Taiwan', 'TW', 'TWN', 1),
(207, 'Tajikistan', 'TJ', 'TJK', 1),
(208, 'Tanzania, United Republic of', 'TZ', 'TZA', 1),
(209, 'Thailand', 'TH', 'THA', 1),
(210, 'Togo', 'TG', 'TGO', 1),
(211, 'Tokelau', 'TK', 'TKL', 1),
(212, 'Tonga', 'TO', 'TON', 1),
(213, 'Trinidad and Tobago', 'TT', 'TTO', 1),
(214, 'Tunisia', 'TN', 'TUN', 1),
(215, 'Turkey', 'TR', 'TUR', 1),
(216, 'Turkmenistan', 'TM', 'TKM', 1),
(217, 'Turks and Caicos Islands', 'TC', 'TCA', 1),
(218, 'Tuvalu', 'TV', 'TUV', 1),
(219, 'Uganda', 'UG', 'UGA', 1),
(220, 'Ukraine', 'UA', 'UKR', 1),
(221, 'United Arab Emirates', 'AE', 'ARE', 1),
(222, 'United Kingdom', 'GB', 'GBR', 6),
(223, 'United States', 'US', 'USA', 2),
(224, 'United States Minor Outlying Islands', 'UM', 'UMI', 1),
(225, 'Uruguay', 'UY', 'URY', 1),
(226, 'Uzbekistan', 'UZ', 'UZB', 1),
(227, 'Vanuatu', 'VU', 'VUT', 1),
(228, 'Vatican City State (Holy See)', 'VA', 'VAT', 1),
(229, 'Venezuela', 'VE', 'VEN', 1),
(230, 'Viet Nam', 'VN', 'VNM', 1),
(231, 'Virgin Islands (British)', 'VG', 'VGB', 1),
(232, 'Virgin Islands (U.S.)', 'VI', 'VIR', 1),
(233, 'Wallis and Futuna Islands', 'WF', 'WLF', 1),
(234, 'Western Sahara', 'EH', 'ESH', 1),
(235, 'Yemen', 'YE', 'YEM', 1),
(236, 'Serbia', 'RS', 'SRB', 1),
(238, 'Zambia', 'ZM', 'ZMB', 1),
(239, 'Zimbabwe', 'ZW', 'ZWE', 1),
(241, 'Palestinian Territory', 'PS', 'PSE', 1),
(242, 'Montenegro', 'ME', 'MNE', 1),
(243, 'Guernsey', 'GG', 'GGY', 1),
(244, 'Isle of Man', 'IM', 'IMN', 1),
(245, 'Jersey', 'JE', 'JEY', 1);

-- --------------------------------------------------------

--
-- Table structure for table `coupons`
--

CREATE TABLE IF NOT EXISTS `coupons` (
  `coupon_id` int(11) NOT NULL AUTO_INCREMENT,
  `coupon_type` char(1) NOT NULL DEFAULT 'F',
  `coupon_code` varchar(32) NOT NULL DEFAULT '',
  `coupon_amount` decimal(15,4) NOT NULL DEFAULT '0.0000',
  `coupon_minimum_order` decimal(15,4) NOT NULL DEFAULT '0.0000',
  `coupon_start_date` datetime NOT NULL DEFAULT '0001-01-01 00:00:00',
  `coupon_expire_date` datetime NOT NULL DEFAULT '0001-01-01 00:00:00',
  `uses_per_coupon` int(5) NOT NULL DEFAULT '1',
  `uses_per_user` int(5) NOT NULL DEFAULT '0',
  `restrict_to_products` varchar(255) DEFAULT NULL,
  `restrict_to_categories` varchar(255) DEFAULT NULL,
  `restrict_to_customers` text,
  `coupon_active` char(1) NOT NULL DEFAULT 'Y',
  `date_created` datetime NOT NULL DEFAULT '0001-01-01 00:00:00',
  `date_modified` datetime NOT NULL DEFAULT '0001-01-01 00:00:00',
  `coupon_zone_restriction` int(11) NOT NULL DEFAULT '0',
  PRIMARY KEY (`coupon_id`),
  KEY `idx_active_type_zen` (`coupon_active`,`coupon_type`),
  KEY `idx_coupon_code_zen` (`coupon_code`),
  KEY `idx_coupon_type_zen` (`coupon_type`)
) ENGINE=MyISAM DEFAULT CHARSET=utf8 AUTO_INCREMENT=1 ;

-- --------------------------------------------------------

--
-- Table structure for table `coupons_description`
--

CREATE TABLE IF NOT EXISTS `coupons_description` (
  `coupon_id` int(11) NOT NULL DEFAULT '0',
  `language_id` int(11) NOT NULL DEFAULT '0',
  `coupon_name` varchar(32) NOT NULL DEFAULT '',
  `coupon_description` text,
  PRIMARY KEY (`coupon_id`,`language_id`)
) ENGINE=MyISAM DEFAULT CHARSET=utf8;

-- --------------------------------------------------------

--
-- Table structure for table `coupon_email_track`
--

CREATE TABLE IF NOT EXISTS `coupon_email_track` (
  `unique_id` int(11) NOT NULL AUTO_INCREMENT,
  `coupon_id` int(11) NOT NULL DEFAULT '0',
  `customer_id_sent` int(11) NOT NULL DEFAULT '0',
  `sent_firstname` varchar(32) DEFAULT NULL,
  `sent_lastname` varchar(32) DEFAULT NULL,
  `emailed_to` varchar(32) DEFAULT NULL,
  `date_sent` datetime NOT NULL DEFAULT '0001-01-01 00:00:00',
  PRIMARY KEY (`unique_id`),
  KEY `idx_coupon_id_zen` (`coupon_id`)
) ENGINE=MyISAM DEFAULT CHARSET=utf8 AUTO_INCREMENT=1 ;

-- --------------------------------------------------------

--
-- Table structure for table `coupon_gv_customer`
--

CREATE TABLE IF NOT EXISTS `coupon_gv_customer` (
  `customer_id` int(5) NOT NULL DEFAULT '0',
  `amount` decimal(15,4) NOT NULL DEFAULT '0.0000',
  PRIMARY KEY (`customer_id`)
) ENGINE=MyISAM DEFAULT CHARSET=utf8;

-- --------------------------------------------------------

--
-- Table structure for table `coupon_gv_queue`
--

CREATE TABLE IF NOT EXISTS `coupon_gv_queue` (
  `unique_id` int(5) NOT NULL AUTO_INCREMENT,
  `customer_id` int(5) NOT NULL DEFAULT '0',
  `order_id` int(5) NOT NULL DEFAULT '0',
  `amount` decimal(15,4) NOT NULL DEFAULT '0.0000',
  `date_created` datetime NOT NULL DEFAULT '0001-01-01 00:00:00',
  `ipaddr` varchar(45) NOT NULL DEFAULT '',
  `release_flag` char(1) NOT NULL DEFAULT 'N',
  PRIMARY KEY (`unique_id`),
  KEY `idx_cust_id_order_id_zen` (`customer_id`,`order_id`),
  KEY `idx_release_flag_zen` (`release_flag`)
) ENGINE=MyISAM DEFAULT CHARSET=utf8 AUTO_INCREMENT=1 ;

-- --------------------------------------------------------

--
-- Table structure for table `coupon_redeem_track`
--

CREATE TABLE IF NOT EXISTS `coupon_redeem_track` (
  `unique_id` int(11) NOT NULL AUTO_INCREMENT,
  `coupon_id` int(11) NOT NULL DEFAULT '0',
  `customer_id` int(11) NOT NULL DEFAULT '0',
  `redeem_date` datetime NOT NULL DEFAULT '0001-01-01 00:00:00',
  `redeem_ip` varchar(45) NOT NULL DEFAULT '',
  `order_id` int(11) NOT NULL DEFAULT '0',
  PRIMARY KEY (`unique_id`),
  KEY `idx_coupon_id_zen` (`coupon_id`)
) ENGINE=MyISAM DEFAULT CHARSET=utf8 AUTO_INCREMENT=1 ;

-- --------------------------------------------------------

--
-- Table structure for table `coupon_restrict`
--

CREATE TABLE IF NOT EXISTS `coupon_restrict` (
  `restrict_id` int(11) NOT NULL AUTO_INCREMENT,
  `coupon_id` int(11) NOT NULL DEFAULT '0',
  `product_id` int(11) NOT NULL DEFAULT '0',
  `category_id` int(11) NOT NULL DEFAULT '0',
  `coupon_restrict` char(1) NOT NULL DEFAULT 'N',
  PRIMARY KEY (`restrict_id`),
  KEY `idx_coup_id_prod_id_zen` (`coupon_id`,`product_id`)
) ENGINE=MyISAM DEFAULT CHARSET=utf8 AUTO_INCREMENT=1 ;

-- --------------------------------------------------------

--
-- Table structure for table `currencies`
--

CREATE TABLE IF NOT EXISTS `currencies` (
  `currencies_id` int(11) NOT NULL AUTO_INCREMENT,
  `title` varchar(32) NOT NULL DEFAULT '',
  `code` char(3) NOT NULL DEFAULT '',
  `symbol_left` varchar(24) DEFAULT NULL,
  `symbol_right` varchar(24) DEFAULT NULL,
  `decimal_point` char(1) DEFAULT NULL,
  `thousands_point` char(1) DEFAULT NULL,
  `decimal_places` char(1) DEFAULT NULL,
  `value` float(13,8) DEFAULT NULL,
  `last_updated` datetime DEFAULT NULL,
  PRIMARY KEY (`currencies_id`)
) ENGINE=MyISAM  DEFAULT CHARSET=utf8 AUTO_INCREMENT=6 ;

--
-- Dumping data for table `currencies`
--

INSERT INTO `currencies` (`currencies_id`, `title`, `code`, `symbol_left`, `symbol_right`, `decimal_point`, `thousands_point`, `decimal_places`, `value`, `last_updated`) VALUES
(1, 'US Dollar', 'USD', '$', '', '.', ',', '2', 1.00000000, '2013-06-18 14:30:30'),
(2, 'Euro', 'EUR', '&euro;', '', '.', ',', '2', 0.77300000, '2013-06-18 14:30:30'),
(3, 'GB Pound', 'GBP', '&pound;', '', '.', ',', '2', 0.67259997, '2013-06-18 14:30:30'),
(4, 'Canadian Dollar', 'CAD', '$', '', '.', ',', '2', 1.10420001, '2013-06-18 14:30:30'),
(5, 'Australian Dollar', 'AUD', '$', '', '.', ',', '2', 1.17890000, '2013-06-18 14:30:30');

-- --------------------------------------------------------

--
-- Table structure for table `customers_basket`
--

CREATE TABLE IF NOT EXISTS `customers_basket` (
  `customers_basket_id` int(11) NOT NULL AUTO_INCREMENT,
  `customers_id` int(11) NOT NULL DEFAULT '0',
  `products_id` tinytext NOT NULL,
  `customers_basket_quantity` float NOT NULL DEFAULT '0',
  `final_price` decimal(15,4) NOT NULL DEFAULT '0.0000',
  `customers_basket_date_added` varchar(8) DEFAULT NULL,
  PRIMARY KEY (`customers_basket_id`),
  KEY `idx_customers_id_zen` (`customers_id`)
) ENGINE=MyISAM  DEFAULT CHARSET=utf8 AUTO_INCREMENT=8 ;

-- --------------------------------------------------------

--
-- Table structure for table `customers_basket_attributes`
--

CREATE TABLE IF NOT EXISTS `customers_basket_attributes` (
  `customers_basket_attributes_id` int(11) NOT NULL AUTO_INCREMENT,
  `customers_id` int(11) NOT NULL DEFAULT '0',
  `products_id` tinytext NOT NULL,
  `products_options_id` varchar(64) NOT NULL DEFAULT '0',
  `products_options_value_id` int(11) NOT NULL DEFAULT '0',
  `products_options_value_text` blob,
  `products_options_sort_order` text NOT NULL,
  PRIMARY KEY (`customers_basket_attributes_id`),
  KEY `idx_cust_id_prod_id_zen` (`customers_id`,`products_id`(36))
) ENGINE=MyISAM DEFAULT CHARSET=utf8 AUTO_INCREMENT=1 ;

-- --------------------------------------------------------

--
-- Table structure for table `customers_info`
--

CREATE TABLE IF NOT EXISTS `customers_info` (
  `customers_info_id` int(11) NOT NULL DEFAULT '0',
  `customers_info_date_of_last_logon` datetime DEFAULT NULL,
  `customers_info_number_of_logons` int(5) DEFAULT NULL,
  `customers_info_date_account_created` datetime DEFAULT NULL,
  `customers_info_date_account_last_modified` datetime DEFAULT NULL,
  `global_product_notifications` int(1) DEFAULT '0',
  PRIMARY KEY (`customers_info_id`)
) ENGINE=MyISAM DEFAULT CHARSET=utf8;

--
-- Dumping data for table `customers_info`
--

INSERT INTO `customers_info` (`customers_info_id`, `customers_info_date_of_last_logon`, `customers_info_number_of_logons`, `customers_info_date_account_created`, `customers_info_date_account_last_modified`, `global_product_notifications`) VALUES
(1, '2013-06-24 11:45:11', 2, '2013-06-24 11:08:36', '2013-06-24 11:55:56', 0);

-- --------------------------------------------------------

--
-- Table structure for table `db_cache`
--

CREATE TABLE IF NOT EXISTS `db_cache` (
  `cache_entry_name` varchar(64) NOT NULL DEFAULT '',
  `cache_data` mediumblob,
  `cache_entry_created` int(15) DEFAULT NULL,
  PRIMARY KEY (`cache_entry_name`)
) ENGINE=MyISAM DEFAULT CHARSET=utf8;

-- --------------------------------------------------------

--
-- Table structure for table `email_archive`
--

CREATE TABLE IF NOT EXISTS `email_archive` (
  `archive_id` int(11) NOT NULL AUTO_INCREMENT,
  `email_to_name` varchar(96) NOT NULL DEFAULT '',
  `email_to_address` varchar(96) NOT NULL DEFAULT '',
  `email_from_name` varchar(96) NOT NULL DEFAULT '',
  `email_from_address` varchar(96) NOT NULL DEFAULT '',
  `email_subject` varchar(255) NOT NULL DEFAULT '',
  `email_html` text NOT NULL,
  `email_text` text NOT NULL,
  `date_sent` datetime NOT NULL DEFAULT '0001-01-01 00:00:00',
  `module` varchar(64) NOT NULL DEFAULT '',
  PRIMARY KEY (`archive_id`),
  KEY `idx_email_to_address_zen` (`email_to_address`),
  KEY `idx_module_zen` (`module`)
) ENGINE=MyISAM DEFAULT CHARSET=utf8 AUTO_INCREMENT=1 ;

-- --------------------------------------------------------

--
-- Table structure for table `ezpages`
--

CREATE TABLE IF NOT EXISTS `ezpages` (
  `pages_id` int(11) NOT NULL AUTO_INCREMENT,
  `languages_id` int(11) NOT NULL DEFAULT '1',
  `pages_title` varchar(64) NOT NULL DEFAULT '',
  `alt_url` varchar(255) NOT NULL DEFAULT '',
  `alt_url_external` varchar(255) NOT NULL DEFAULT '',
  `pages_html_text` mediumtext,
  `status_header` int(1) NOT NULL DEFAULT '1',
  `status_sidebox` int(1) NOT NULL DEFAULT '1',
  `status_footer` int(1) NOT NULL DEFAULT '1',
  `status_toc` int(1) NOT NULL DEFAULT '1',
  `header_sort_order` int(3) NOT NULL DEFAULT '0',
  `sidebox_sort_order` int(3) NOT NULL DEFAULT '0',
  `footer_sort_order` int(3) NOT NULL DEFAULT '0',
  `toc_sort_order` int(3) NOT NULL DEFAULT '0',
  `page_open_new_window` int(1) NOT NULL DEFAULT '0',
  `page_is_ssl` int(1) NOT NULL DEFAULT '0',
  `toc_chapter` int(11) NOT NULL DEFAULT '0',
  PRIMARY KEY (`pages_id`),
  KEY `idx_lang_id_zen` (`languages_id`),
  KEY `idx_ezp_status_header_zen` (`status_header`),
  KEY `idx_ezp_status_sidebox_zen` (`status_sidebox`),
  KEY `idx_ezp_status_footer_zen` (`status_footer`),
  KEY `idx_ezp_status_toc_zen` (`status_toc`)
) ENGINE=MyISAM  DEFAULT CHARSET=utf8 AUTO_INCREMENT=10 ;

--
-- Dumping data for table `ezpages`
--

INSERT INTO `ezpages` (`pages_id`, `languages_id`, `pages_title`, `alt_url`, `alt_url_external`, `pages_html_text`, `status_header`, `status_sidebox`, `status_footer`, `status_toc`, `header_sort_order`, `sidebox_sort_order`, `footer_sort_order`, `toc_sort_order`, `page_open_new_window`, `page_is_ssl`, `toc_chapter`) VALUES
(1, 1, 'Home', 'index.php?main_page=index', '', '', 1, 0, 0, 0, 5, 0, 0, 0, 0, 0, 0),
(2, 1, 'New products', 'index.php?main_page=products_new', '', '', 1, 0, 1, 0, 10, 0, 5, 0, 0, 0, 0),
(3, 1, 'Specials', 'index.php?main_page=specials', '', '', 1, 0, 1, 0, 15, 0, 10, 0, 0, 0, 0),
(4, 1, 'All products', 'index.php?main_page=products_all', '', '', 1, 0, 1, 0, 20, 0, 15, 0, 0, 0, 0),
(5, 1, 'Reviews', 'index.php?main_page=reviews', '', '', 1, 0, 0, 0, 25, 0, 0, 0, 0, 0, 0),
(6, 1, 'Contacts', 'index.php?main_page=contact_us', '', '', 1, 0, 0, 0, 30, 0, 0, 0, 0, 0, 0),
(7, 1, 'FAQs', 'index.php?main_page=gv_faq', '', '', 1, 0, 0, 0, 35, 0, 0, 0, 0, 0, 0),
(8, 1, 'EZPages', '', '', '<div>This is a single page link that will be shown in the Sidebox.<br><br>\r\nThere are no additional pages or links associated with this page as there is no Chapter.<br><br>\r\nLater, if you want to expand on this link you can add a Chapter and TOC settings and build a group.<br><br>\r\nNotice that the Previous/Next and TOC automatically disable when there isn''t a Chapter. Even with a Chapter, there must be more than one (1) related link or page in the group before these will display.</div>', 0, 0, 0, 0, 0, 0, 0, 0, 0, 0, 0),
(9, 1, 'My Link', '', '', '<div>This is a single page link that will be shown in the Sidebox.<br><br>\r\nThere are no additional pages or links associated with this page as there is no Chapter.<br><br>\r\nLater, if you want to expand on this link you can add a Chapter and TOC settings and build a group.<br><br>\r\nNotice that the Previous/Next and TOC automatically disable when there isn''t a Chapter. Even with a Chapter, there must be more than one (1) related link or page in the group before these will display.</div>', 0, 0, 0, 0, 0, 0, 0, 0, 0, 0, 0);

-- --------------------------------------------------------

--
-- Table structure for table `featured`
--

CREATE TABLE IF NOT EXISTS `featured` (
  `featured_id` int(11) NOT NULL AUTO_INCREMENT,
  `products_id` int(11) NOT NULL DEFAULT '0',
  `featured_date_added` datetime DEFAULT NULL,
  `featured_last_modified` datetime DEFAULT NULL,
  `expires_date` date NOT NULL DEFAULT '0001-01-01',
  `date_status_change` datetime DEFAULT NULL,
  `status` int(1) NOT NULL DEFAULT '1',
  `featured_date_available` date NOT NULL DEFAULT '0001-01-01',
  PRIMARY KEY (`featured_id`),
  KEY `idx_status_zen` (`status`),
  KEY `idx_products_id_zen` (`products_id`),
  KEY `idx_date_avail_zen` (`featured_date_available`),
  KEY `idx_expires_date_zen` (`expires_date`)
) ENGINE=MyISAM  DEFAULT CHARSET=utf8 AUTO_INCREMENT=7 ;

--
-- Dumping data for table `featured`
--

INSERT INTO `featured` (`featured_id`, `products_id`, `featured_date_added`, `featured_last_modified`, `expires_date`, `date_status_change`, `status`, `featured_date_available`) VALUES
(1, 1, '2013-06-20 14:47:41', NULL, '0001-01-01', NULL, 1, '0001-01-01'),
(2, 2, '2013-06-20 14:47:47', NULL, '0001-01-01', NULL, 1, '0001-01-01'),
(3, 3, '2013-06-20 14:47:51', NULL, '0001-01-01', NULL, 1, '0001-01-01'),
(4, 4, '2013-06-20 14:47:55', NULL, '0001-01-01', NULL, 1, '0001-01-01'),
(5, 5, '2013-06-20 15:08:58', NULL, '0001-01-01', NULL, 1, '0001-01-01'),
(6, 6, '2013-06-20 15:09:04', NULL, '0001-01-01', NULL, 1, '0001-01-01');

-- --------------------------------------------------------

--
-- Table structure for table `files_uploaded`
--

CREATE TABLE IF NOT EXISTS `files_uploaded` (
  `files_uploaded_id` int(11) NOT NULL AUTO_INCREMENT,
  `sesskey` varchar(32) DEFAULT NULL,
  `customers_id` int(11) DEFAULT NULL,
  `files_uploaded_name` varchar(64) NOT NULL DEFAULT '',
  PRIMARY KEY (`files_uploaded_id`),
  KEY `idx_customers_id_zen` (`customers_id`)
) ENGINE=MyISAM DEFAULT CHARSET=utf8 COMMENT='Must always have either a sesskey or customers_id' AUTO_INCREMENT=1 ;

-- --------------------------------------------------------

--
-- Table structure for table `geo_zones`
--

CREATE TABLE IF NOT EXISTS `geo_zones` (
  `geo_zone_id` int(11) NOT NULL AUTO_INCREMENT,
  `geo_zone_name` varchar(32) NOT NULL DEFAULT '',
  `geo_zone_description` varchar(255) NOT NULL DEFAULT '',
  `last_modified` datetime DEFAULT NULL,
  `date_added` datetime NOT NULL DEFAULT '0001-01-01 00:00:00',
  PRIMARY KEY (`geo_zone_id`)
) ENGINE=MyISAM  DEFAULT CHARSET=utf8 AUTO_INCREMENT=2 ;

--
-- Dumping data for table `geo_zones`
--

INSERT INTO `geo_zones` (`geo_zone_id`, `geo_zone_name`, `geo_zone_description`, `last_modified`, `date_added`) VALUES
(1, 'Florida', 'Florida local sales tax zone', NULL, '2013-06-18 14:30:30');

-- --------------------------------------------------------

--
-- Table structure for table `get_terms_to_filter`
--

CREATE TABLE IF NOT EXISTS `get_terms_to_filter` (
  `get_term_name` varchar(255) NOT NULL DEFAULT '',
  `get_term_table` varchar(64) NOT NULL,
  `get_term_name_field` varchar(64) NOT NULL,
  PRIMARY KEY (`get_term_name`)
) ENGINE=MyISAM DEFAULT CHARSET=utf8;

--
-- Dumping data for table `get_terms_to_filter`
--

INSERT INTO `get_terms_to_filter` (`get_term_name`, `get_term_table`, `get_term_name_field`) VALUES
('manufacturers_id', 'TABLE_MANUFACTURERS', 'manufacturers_name'),
('music_genre_id', 'TABLE_MUSIC_GENRE', 'music_genre_name'),
('record_company_id', 'TABLE_RECORD_COMPANY', 'record_company_name');

-- --------------------------------------------------------

--
-- Table structure for table `group_pricing`
--

CREATE TABLE IF NOT EXISTS `group_pricing` (
  `group_id` int(11) NOT NULL AUTO_INCREMENT,
  `group_name` varchar(32) NOT NULL DEFAULT '',
  `group_percentage` decimal(5,2) NOT NULL DEFAULT '0.00',
  `last_modified` datetime DEFAULT NULL,
  `date_added` datetime NOT NULL DEFAULT '0001-01-01 00:00:00',
  PRIMARY KEY (`group_id`)
) ENGINE=MyISAM DEFAULT CHARSET=utf8 AUTO_INCREMENT=1 ;

-- --------------------------------------------------------

--
-- Table structure for table `languages`
--

CREATE TABLE IF NOT EXISTS `languages` (
  `languages_id` int(11) NOT NULL AUTO_INCREMENT,
  `name` varchar(32) NOT NULL DEFAULT '',
  `code` char(2) NOT NULL DEFAULT '',
  `image` varchar(64) DEFAULT NULL,
  `directory` varchar(32) DEFAULT NULL,
  `sort_order` int(3) DEFAULT NULL,
  PRIMARY KEY (`languages_id`),
  KEY `idx_languages_name_zen` (`name`)
) ENGINE=MyISAM  DEFAULT CHARSET=utf8 AUTO_INCREMENT=2 ;

--
-- Dumping data for table `languages`
--

INSERT INTO `languages` (`languages_id`, `name`, `code`, `image`, `directory`, `sort_order`) VALUES
(1, 'English', 'en', 'icon.gif', 'english', 1);

-- --------------------------------------------------------

--
-- Table structure for table `layout_boxes`
--

CREATE TABLE IF NOT EXISTS `layout_boxes` (
  `layout_id` int(11) NOT NULL AUTO_INCREMENT,
  `layout_template` varchar(64) NOT NULL DEFAULT '',
  `layout_box_name` varchar(64) NOT NULL DEFAULT '',
  `layout_box_status` tinyint(1) NOT NULL DEFAULT '0',
  `layout_box_location` tinyint(1) NOT NULL DEFAULT '0',
  `layout_box_sort_order` int(11) NOT NULL DEFAULT '0',
  `layout_box_sort_order_single` int(11) NOT NULL DEFAULT '0',
  `layout_box_status_single` tinyint(4) NOT NULL DEFAULT '0',
  PRIMARY KEY (`layout_id`),
  KEY `idx_name_template_zen` (`layout_template`,`layout_box_name`),
  KEY `idx_layout_box_status_zen` (`layout_box_status`),
  KEY `idx_layout_box_sort_order_zen` (`layout_box_sort_order`)
) ENGINE=MyISAM  DEFAULT CHARSET=utf8 AUTO_INCREMENT=99 ;

--
-- Dumping data for table `layout_boxes`
--

INSERT INTO `layout_boxes` (`layout_id`, `layout_template`, `layout_box_name`, `layout_box_status`, `layout_box_location`, `layout_box_sort_order`, `layout_box_sort_order_single`, `layout_box_status_single`) VALUES
(1, 'default_template_settings', 'banner_box_all.php', 1, 1, 5, 0, 0),
(2, 'default_template_settings', 'banner_box.php', 1, 0, 300, 1, 127),
(3, 'default_template_settings', 'banner_box2.php', 1, 1, 15, 1, 15),
(4, 'default_template_settings', 'best_sellers.php', 1, 1, 30, 70, 1),
(5, 'default_template_settings', 'categories.php', 1, 0, 10, 10, 1),
(6, 'default_template_settings', 'currencies.php', 0, 1, 80, 60, 0),
(7, 'default_template_settings', 'document_categories.php', 1, 0, 0, 0, 0),
(8, 'default_template_settings', 'ezpages.php', 1, 1, -1, 2, 1),
(9, 'default_template_settings', 'featured.php', 1, 0, 45, 0, 0),
(10, 'default_template_settings', 'information.php', 1, 0, 50, 40, 1),
(11, 'default_template_settings', 'languages.php', 0, 1, 70, 50, 0),
(12, 'default_template_settings', 'manufacturers.php', 1, 0, 30, 20, 1),
(13, 'default_template_settings', 'manufacturer_info.php', 1, 1, 35, 95, 1),
(14, 'default_template_settings', 'more_information.php', 1, 0, 200, 200, 1),
(15, 'default_template_settings', 'music_genres.php', 1, 1, 0, 0, 0),
(16, 'default_template_settings', 'order_history.php', 1, 1, 0, 0, 0),
(17, 'default_template_settings', 'product_notifications.php', 1, 1, 55, 85, 1),
(18, 'default_template_settings', 'record_companies.php', 1, 1, 0, 0, 0),
(19, 'default_template_settings', 'reviews.php', 1, 0, 40, 0, 0),
(20, 'default_template_settings', 'search.php', 1, 1, 10, 0, 0),
(21, 'default_template_settings', 'search_header.php', 0, 0, 0, 0, 1),
(22, 'default_template_settings', 'shopping_cart.php', 1, 1, 20, 30, 1),
(23, 'default_template_settings', 'specials.php', 1, 1, 45, 0, 0),
(24, 'default_template_settings', 'whats_new.php', 1, 0, 20, 0, 0),
(25, 'default_template_settings', 'whos_online.php', 1, 1, 200, 200, 1),
(26, 'template_default', 'banner_box_all.php', 1, 1, 5, 0, 0),
(27, 'template_default', 'banner_box.php', 1, 0, 300, 1, 127),
(28, 'template_default', 'banner_box2.php', 1, 1, 15, 1, 15),
(29, 'template_default', 'best_sellers.php', 1, 1, 30, 70, 1),
(30, 'template_default', 'categories.php', 1, 0, 10, 10, 1),
(31, 'template_default', 'currencies.php', 0, 1, 80, 60, 0),
(32, 'template_default', 'ezpages.php', 1, 1, -1, 2, 1),
(33, 'template_default', 'featured.php', 1, 0, 45, 0, 0),
(34, 'template_default', 'information.php', 1, 0, 50, 40, 1),
(35, 'template_default', 'languages.php', 0, 1, 70, 50, 0),
(36, 'template_default', 'manufacturers.php', 1, 0, 30, 20, 1),
(37, 'template_default', 'manufacturer_info.php', 1, 1, 35, 95, 1),
(38, 'template_default', 'more_information.php', 1, 0, 200, 200, 1),
(39, 'template_default', 'my_broken_box.php', 1, 0, 0, 0, 0),
(40, 'template_default', 'order_history.php', 1, 1, 0, 0, 0),
(41, 'template_default', 'product_notifications.php', 1, 1, 55, 85, 1),
(42, 'template_default', 'reviews.php', 1, 0, 40, 0, 0),
(43, 'template_default', 'search.php', 1, 1, 10, 0, 0),
(44, 'template_default', 'search_header.php', 0, 0, 0, 0, 1),
(45, 'template_default', 'shopping_cart.php', 1, 1, 20, 30, 1),
(46, 'template_default', 'specials.php', 1, 1, 45, 0, 0),
(47, 'template_default', 'whats_new.php', 1, 0, 20, 0, 0),
(48, 'template_default', 'whos_online.php', 1, 1, 200, 200, 1),
(49, 'classic', 'banner_box.php', 1, 0, 300, 1, 127),
(50, 'classic', 'banner_box2.php', 1, 1, 15, 1, 15),
(51, 'classic', 'banner_box_all.php', 1, 1, 5, 0, 0),
(52, 'classic', 'best_sellers.php', 1, 1, 30, 70, 1),
(53, 'classic', 'categories.php', 1, 0, 10, 10, 1),
(54, 'classic', 'currencies.php', 0, 1, 80, 60, 0),
(55, 'classic', 'document_categories.php', 1, 0, 0, 0, 0),
(56, 'classic', 'ezpages.php', 1, 1, -1, 2, 1),
(57, 'classic', 'featured.php', 1, 0, 45, 0, 0),
(58, 'classic', 'information.php', 1, 0, 50, 40, 1),
(59, 'classic', 'languages.php', 0, 1, 70, 50, 0),
(60, 'classic', 'manufacturers.php', 1, 0, 30, 20, 1),
(61, 'classic', 'manufacturer_info.php', 1, 1, 35, 95, 1),
(62, 'classic', 'more_information.php', 1, 0, 200, 200, 1),
(63, 'classic', 'music_genres.php', 1, 1, 0, 0, 0),
(64, 'classic', 'order_history.php', 1, 1, 0, 0, 0),
(65, 'classic', 'product_notifications.php', 1, 1, 55, 85, 1),
(66, 'classic', 'record_companies.php', 1, 1, 0, 0, 0),
(67, 'classic', 'reviews.php', 1, 0, 40, 0, 0),
(68, 'classic', 'search.php', 1, 1, 10, 0, 0),
(69, 'classic', 'search_header.php', 0, 0, 0, 0, 1),
(70, 'classic', 'shopping_cart.php', 1, 1, 20, 30, 1),
(71, 'classic', 'specials.php', 1, 1, 45, 0, 0),
(72, 'classic', 'whats_new.php', 1, 0, 20, 0, 0),
(73, 'classic', 'whos_online.php', 1, 1, 200, 200, 1),
(74, 'casualclothes', 'banner_box.php', 0, 0, 0, 0, 0),
(75, 'casualclothes', 'banner_box2.php', 0, 0, 0, 0, 0),
(76, 'casualclothes', 'banner_box_all.php', 0, 0, 0, 0, 0),
(77, 'casualclothes', 'best_sellers.php', 1, 0, 10, 0, 0),
(78, 'casualclothes', 'categories.php', 1, 0, 5, 0, 0),
(79, 'casualclothes', 'currencies.php', 0, 0, 0, 0, 0),
(80, 'casualclothes', 'document_categories.php', 0, 0, 0, 0, 0),
(81, 'casualclothes', 'ezpages.php', 0, 0, 0, 0, 0),
(82, 'casualclothes', 'featured.php', 0, 0, 0, 0, 0),
(83, 'casualclothes', 'information.php', 0, 0, 0, 0, 0),
(84, 'casualclothes', 'languages.php', 0, 0, 0, 0, 0),
(85, 'casualclothes', 'manufacturer_info.php', 0, 0, 0, 0, 0),
(86, 'casualclothes', 'manufacturers.php', 0, 0, 0, 0, 0),
(87, 'casualclothes', 'more_information.php', 0, 0, 0, 0, 0),
(88, 'casualclothes', 'music_genres.php', 0, 0, 0, 0, 0),
(89, 'casualclothes', 'order_history.php', 0, 0, 0, 0, 0),
(90, 'casualclothes', 'product_notifications.php', 0, 0, 0, 0, 0),
(91, 'casualclothes', 'record_companies.php', 0, 0, 0, 0, 0),
(92, 'casualclothes', 'reviews.php', 0, 0, 0, 0, 0),
(93, 'casualclothes', 'search.php', 0, 0, 0, 0, 0),
(94, 'casualclothes', 'search_header.php', 0, 0, 0, 0, 1),
(95, 'casualclothes', 'shopping_cart.php', 0, 0, 0, 0, 0),
(96, 'casualclothes', 'specials.php', 0, 0, 0, 0, 0),
(97, 'casualclothes', 'whats_new.php', 0, 0, 0, 0, 0),
(98, 'casualclothes', 'whos_online.php', 0, 0, 0, 0, 0);

-- --------------------------------------------------------

--
-- Table structure for table `manufacturers`
--

CREATE TABLE IF NOT EXISTS `manufacturers` (
  `manufacturers_id` int(11) NOT NULL AUTO_INCREMENT,
  `manufacturers_name` varchar(32) NOT NULL DEFAULT '',
  `manufacturers_image` varchar(64) DEFAULT NULL,
  `date_added` datetime DEFAULT NULL,
  `last_modified` datetime DEFAULT NULL,
  PRIMARY KEY (`manufacturers_id`),
  KEY `idx_mfg_name_zen` (`manufacturers_name`)
) ENGINE=MyISAM  DEFAULT CHARSET=utf8 AUTO_INCREMENT=5 ;

--
-- Dumping data for table `manufacturers`
--

INSERT INTO `manufacturers` (`manufacturers_id`, `manufacturers_name`, `manufacturers_image`, `date_added`, `last_modified`) VALUES
(1, 'Example 1', NULL, '2013-06-20 13:53:03', NULL),
(2, 'Example 2', NULL, '2013-06-20 13:53:08', NULL),
(3, 'Example 3', NULL, '2013-06-20 14:27:27', NULL),
(4, 'Example 4', NULL, '2013-06-20 14:27:34', NULL);

-- --------------------------------------------------------

--
-- Table structure for table `manufacturers_info`
--

CREATE TABLE IF NOT EXISTS `manufacturers_info` (
  `manufacturers_id` int(11) NOT NULL DEFAULT '0',
  `languages_id` int(11) NOT NULL DEFAULT '0',
  `manufacturers_url` varchar(255) NOT NULL DEFAULT '',
  `url_clicked` int(5) NOT NULL DEFAULT '0',
  `date_last_click` datetime DEFAULT NULL,
  PRIMARY KEY (`manufacturers_id`,`languages_id`)
) ENGINE=MyISAM DEFAULT CHARSET=utf8;

--
-- Dumping data for table `manufacturers_info`
--

INSERT INTO `manufacturers_info` (`manufacturers_id`, `languages_id`, `manufacturers_url`, `url_clicked`, `date_last_click`) VALUES
(1, 1, '', 0, NULL),
(2, 1, '', 0, NULL),
(3, 1, '', 0, NULL),
(4, 1, '', 0, NULL);

-- --------------------------------------------------------

--
-- Table structure for table `media_clips`
--

CREATE TABLE IF NOT EXISTS `media_clips` (
  `clip_id` int(11) NOT NULL AUTO_INCREMENT,
  `media_id` int(11) NOT NULL DEFAULT '0',
  `clip_type` smallint(6) NOT NULL DEFAULT '0',
  `clip_filename` text NOT NULL,
  `date_added` datetime NOT NULL DEFAULT '0001-01-01 00:00:00',
  `last_modified` datetime NOT NULL DEFAULT '0001-01-01 00:00:00',
  PRIMARY KEY (`clip_id`),
  KEY `idx_media_id_zen` (`media_id`),
  KEY `idx_clip_type_zen` (`clip_type`)
) ENGINE=MyISAM DEFAULT CHARSET=utf8 AUTO_INCREMENT=1 ;

-- --------------------------------------------------------

--
-- Table structure for table `media_manager`
--

CREATE TABLE IF NOT EXISTS `media_manager` (
  `media_id` int(11) NOT NULL AUTO_INCREMENT,
  `media_name` varchar(255) NOT NULL DEFAULT '',
  `last_modified` datetime NOT NULL DEFAULT '0001-01-01 00:00:00',
  `date_added` datetime NOT NULL DEFAULT '0001-01-01 00:00:00',
  PRIMARY KEY (`media_id`),
  KEY `idx_media_name_zen` (`media_name`)
) ENGINE=MyISAM DEFAULT CHARSET=utf8 AUTO_INCREMENT=1 ;

-- --------------------------------------------------------

--
-- Table structure for table `media_to_products`
--

CREATE TABLE IF NOT EXISTS `media_to_products` (
  `media_id` int(11) NOT NULL DEFAULT '0',
  `product_id` int(11) NOT NULL DEFAULT '0',
  KEY `idx_media_product_zen` (`media_id`,`product_id`)
) ENGINE=MyISAM DEFAULT CHARSET=utf8;

-- --------------------------------------------------------

--
-- Table structure for table `media_types`
--

CREATE TABLE IF NOT EXISTS `media_types` (
  `type_id` int(11) NOT NULL AUTO_INCREMENT,
  `type_name` varchar(64) NOT NULL DEFAULT '',
  `type_ext` varchar(8) NOT NULL DEFAULT '',
  PRIMARY KEY (`type_id`),
  KEY `idx_type_name_zen` (`type_name`)
) ENGINE=MyISAM  DEFAULT CHARSET=utf8 AUTO_INCREMENT=2 ;

--
-- Dumping data for table `media_types`
--

INSERT INTO `media_types` (`type_id`, `type_name`, `type_ext`) VALUES
(1, 'MP3', '.mp3');

-- --------------------------------------------------------

--
-- Table structure for table `meta_tags_categories_description`
--

CREATE TABLE IF NOT EXISTS `meta_tags_categories_description` (
  `categories_id` int(11) NOT NULL,
  `language_id` int(11) NOT NULL DEFAULT '1',
  `metatags_title` varchar(255) NOT NULL DEFAULT '',
  `metatags_keywords` text,
  `metatags_description` text,
  PRIMARY KEY (`categories_id`,`language_id`)
) ENGINE=MyISAM DEFAULT CHARSET=utf8;

-- --------------------------------------------------------

--
-- Table structure for table `meta_tags_products_description`
--

CREATE TABLE IF NOT EXISTS `meta_tags_products_description` (
  `products_id` int(11) NOT NULL,
  `language_id` int(11) NOT NULL DEFAULT '1',
  `metatags_title` varchar(255) NOT NULL DEFAULT '',
  `metatags_keywords` text,
  `metatags_description` text,
  PRIMARY KEY (`products_id`,`language_id`)
) ENGINE=MyISAM DEFAULT CHARSET=utf8;

-- --------------------------------------------------------

--
-- Table structure for table `music_genre`
--

CREATE TABLE IF NOT EXISTS `music_genre` (
  `music_genre_id` int(11) NOT NULL AUTO_INCREMENT,
  `music_genre_name` varchar(32) NOT NULL DEFAULT '',
  `date_added` datetime DEFAULT NULL,
  `last_modified` datetime DEFAULT NULL,
  PRIMARY KEY (`music_genre_id`),
  KEY `idx_music_genre_name_zen` (`music_genre_name`)
) ENGINE=MyISAM DEFAULT CHARSET=utf8 AUTO_INCREMENT=1 ;

-- --------------------------------------------------------

--
-- Table structure for table `newsletters`
--

CREATE TABLE IF NOT EXISTS `newsletters` (
  `newsletters_id` int(11) NOT NULL AUTO_INCREMENT,
  `title` varchar(255) NOT NULL DEFAULT '',
  `content` text NOT NULL,
  `content_html` text NOT NULL,
  `module` varchar(255) NOT NULL DEFAULT '',
  `date_added` datetime NOT NULL DEFAULT '0001-01-01 00:00:00',
  `date_sent` datetime DEFAULT NULL,
  `status` int(1) DEFAULT NULL,
  `locked` int(1) DEFAULT '0',
  PRIMARY KEY (`newsletters_id`)
) ENGINE=MyISAM DEFAULT CHARSET=utf8 AUTO_INCREMENT=1 ;

-- --------------------------------------------------------

--
-- Table structure for table `orders_products`
--

CREATE TABLE IF NOT EXISTS `orders_products` (
  `orders_products_id` int(11) NOT NULL AUTO_INCREMENT,
  `orders_id` int(11) NOT NULL DEFAULT '0',
  `products_id` int(11) NOT NULL DEFAULT '0',
  `products_model` varchar(32) DEFAULT NULL,
  `products_name` varchar(64) NOT NULL DEFAULT '',
  `products_price` decimal(15,4) NOT NULL DEFAULT '0.0000',
  `final_price` decimal(15,4) NOT NULL DEFAULT '0.0000',
  `products_tax` decimal(7,4) NOT NULL DEFAULT '0.0000',
  `products_quantity` float NOT NULL DEFAULT '0',
  `onetime_charges` decimal(15,4) NOT NULL DEFAULT '0.0000',
  `products_priced_by_attribute` tinyint(1) NOT NULL DEFAULT '0',
  `product_is_free` tinyint(1) NOT NULL DEFAULT '0',
  `products_discount_type` tinyint(1) NOT NULL DEFAULT '0',
  `products_discount_type_from` tinyint(1) NOT NULL DEFAULT '0',
  `products_prid` tinytext NOT NULL,
  PRIMARY KEY (`orders_products_id`),
  KEY `idx_orders_id_prod_id_zen` (`orders_id`,`products_id`),
  KEY `idx_prod_id_orders_id_zen` (`products_id`,`orders_id`)
) ENGINE=MyISAM  DEFAULT CHARSET=utf8 AUTO_INCREMENT=8 ;

--
-- Dumping data for table `orders_products`
--

INSERT INTO `orders_products` (`orders_products_id`, `orders_id`, `products_id`, `products_model`, `products_name`, `products_price`, `final_price`, `products_tax`, `products_quantity`, `onetime_charges`, `products_priced_by_attribute`, `product_is_free`, `products_discount_type`, `products_discount_type_from`, `products_prid`) VALUES
(1, 1, 4, 'Model4', 'caytrasa lekertyase miaseda', 651.0000, 651.0000, 0.0000, 1, 0.0000, 0, 0, 0, 0, '4'),
(2, 2, 33, 'Model6', 'Suzi Chin Floral Cap Sleeve Dress', 605.0000, 605.0000, 0.0000, 1, 0.0000, 0, 0, 0, 0, '33'),
(3, 2, 35, 'Model8', 'Suzi Chin Sleeveless Starbust Print Dress', 305.0000, 305.0000, 0.0000, 1, 0.0000, 0, 0, 0, 0, '35'),
(4, 2, 26, 'Model8', 'Lauren Jeans Co. Coat, Eudora Double Breasted Trench with Belt', 83.0000, 83.0000, 0.0000, 1, 0.0000, 0, 0, 0, 0, '26'),
(5, 2, 27, 'Model9', 'Michael Kors Pants, Cargo with Zipper Pockets', 503.0000, 503.0000, 0.0000, 1, 0.0000, 0, 0, 0, 0, '27'),
(6, 2, 30, 'Model3', 'Spiegel Signature Stretch Safari Dress', 732.0000, 732.0000, 0.0000, 1, 0.0000, 0, 0, 0, 0, '30'),
(7, 2, 36, 'Model9', 'Svoboda White Vest Hoodie', 871.0000, 871.0000, 0.0000, 1, 0.0000, 0, 0, 0, 0, '36');

-- --------------------------------------------------------

--
-- Table structure for table `orders_products_attributes`
--

CREATE TABLE IF NOT EXISTS `orders_products_attributes` (
  `orders_products_attributes_id` int(11) NOT NULL AUTO_INCREMENT,
  `orders_id` int(11) NOT NULL DEFAULT '0',
  `orders_products_id` int(11) NOT NULL DEFAULT '0',
  `products_options` varchar(32) NOT NULL DEFAULT '',
  `products_options_values` text NOT NULL,
  `options_values_price` decimal(15,4) NOT NULL DEFAULT '0.0000',
  `price_prefix` char(1) NOT NULL DEFAULT '',
  `product_attribute_is_free` tinyint(1) NOT NULL DEFAULT '0',
  `products_attributes_weight` float NOT NULL DEFAULT '0',
  `products_attributes_weight_prefix` char(1) NOT NULL DEFAULT '',
  `attributes_discounted` tinyint(1) NOT NULL DEFAULT '1',
  `attributes_price_base_included` tinyint(1) NOT NULL DEFAULT '1',
  `attributes_price_onetime` decimal(15,4) NOT NULL DEFAULT '0.0000',
  `attributes_price_factor` decimal(15,4) NOT NULL DEFAULT '0.0000',
  `attributes_price_factor_offset` decimal(15,4) NOT NULL DEFAULT '0.0000',
  `attributes_price_factor_onetime` decimal(15,4) NOT NULL DEFAULT '0.0000',
  `attributes_price_factor_onetime_offset` decimal(15,4) NOT NULL DEFAULT '0.0000',
  `attributes_qty_prices` text,
  `attributes_qty_prices_onetime` text,
  `attributes_price_words` decimal(15,4) NOT NULL DEFAULT '0.0000',
  `attributes_price_words_free` int(4) NOT NULL DEFAULT '0',
  `attributes_price_letters` decimal(15,4) NOT NULL DEFAULT '0.0000',
  `attributes_price_letters_free` int(4) NOT NULL DEFAULT '0',
  `products_options_id` int(11) NOT NULL DEFAULT '0',
  `products_options_values_id` int(11) NOT NULL DEFAULT '0',
  `products_prid` tinytext NOT NULL,
  PRIMARY KEY (`orders_products_attributes_id`),
  KEY `idx_orders_id_prod_id_zen` (`orders_id`,`orders_products_id`)
) ENGINE=MyISAM DEFAULT CHARSET=utf8 AUTO_INCREMENT=1 ;

-- --------------------------------------------------------

--
-- Table structure for table `orders_products_download`
--

CREATE TABLE IF NOT EXISTS `orders_products_download` (
  `orders_products_download_id` int(11) NOT NULL AUTO_INCREMENT,
  `orders_id` int(11) NOT NULL DEFAULT '0',
  `orders_products_id` int(11) NOT NULL DEFAULT '0',
  `orders_products_filename` varchar(255) NOT NULL DEFAULT '',
  `download_maxdays` int(2) NOT NULL DEFAULT '0',
  `download_count` int(2) NOT NULL DEFAULT '0',
  `products_prid` tinytext NOT NULL,
  PRIMARY KEY (`orders_products_download_id`),
  KEY `idx_orders_id_zen` (`orders_id`),
  KEY `idx_orders_products_id_zen` (`orders_products_id`)
) ENGINE=MyISAM DEFAULT CHARSET=utf8 AUTO_INCREMENT=1 ;

-- --------------------------------------------------------

--
-- Table structure for table `orders_status`
--

CREATE TABLE IF NOT EXISTS `orders_status` (
  `orders_status_id` int(11) NOT NULL DEFAULT '0',
  `language_id` int(11) NOT NULL DEFAULT '1',
  `orders_status_name` varchar(32) NOT NULL DEFAULT '',
  PRIMARY KEY (`orders_status_id`,`language_id`),
  KEY `idx_orders_status_name_zen` (`orders_status_name`)
) ENGINE=MyISAM DEFAULT CHARSET=utf8;

--
-- Dumping data for table `orders_status`
--

INSERT INTO `orders_status` (`orders_status_id`, `language_id`, `orders_status_name`) VALUES
(1, 1, 'Pending'),
(2, 1, 'Processing'),
(3, 1, 'Delivered'),
(4, 1, 'Update');

-- --------------------------------------------------------

--
-- Table structure for table `orders_status_history`
--

CREATE TABLE IF NOT EXISTS `orders_status_history` (
  `orders_status_history_id` int(11) NOT NULL AUTO_INCREMENT,
  `orders_id` int(11) NOT NULL DEFAULT '0',
  `orders_status_id` int(5) NOT NULL DEFAULT '0',
  `date_added` datetime NOT NULL DEFAULT '0001-01-01 00:00:00',
  `customer_notified` int(1) DEFAULT '0',
  `comments` text,
  PRIMARY KEY (`orders_status_history_id`),
  KEY `idx_orders_id_status_id_zen` (`orders_id`,`orders_status_id`)
) ENGINE=MyISAM  DEFAULT CHARSET=utf8 AUTO_INCREMENT=3 ;

--
-- Dumping data for table `orders_status_history`
--

INSERT INTO `orders_status_history` (`orders_status_history_id`, `orders_id`, `orders_status_id`, `date_added`, `customer_notified`, `comments`) VALUES
(1, 1, 1, '2013-06-24 13:32:24', 1, ''),
(2, 2, 1, '2013-06-24 13:35:56', 1, '');

-- --------------------------------------------------------

--
-- Table structure for table `orders_total`
--

CREATE TABLE IF NOT EXISTS `orders_total` (
  `orders_total_id` int(10) unsigned NOT NULL AUTO_INCREMENT,
  `orders_id` int(11) NOT NULL DEFAULT '0',
  `title` varchar(255) NOT NULL DEFAULT '',
  `text` varchar(255) NOT NULL DEFAULT '',
  `value` decimal(15,4) NOT NULL DEFAULT '0.0000',
  `class` varchar(32) NOT NULL DEFAULT '',
  `sort_order` int(11) NOT NULL DEFAULT '0',
  PRIMARY KEY (`orders_total_id`),
  KEY `idx_ot_orders_id_zen` (`orders_id`),
  KEY `idx_ot_class_zen` (`class`)
) ENGINE=MyISAM  DEFAULT CHARSET=utf8 AUTO_INCREMENT=7 ;

--
-- Dumping data for table `orders_total`
--

INSERT INTO `orders_total` (`orders_total_id`, `orders_id`, `title`, `text`, `value`, `class`, `sort_order`) VALUES
(1, 1, 'Sub-Total:', '$651.00', 651.0000, 'ot_subtotal', 100),
(2, 1, 'Per Item (Best Way):', '$2.50', 2.5000, 'ot_shipping', 200),
(3, 1, 'Total:', '$653.50', 653.5000, 'ot_total', 999),
(4, 2, 'Sub-Total:', '$3,099.00', 3099.0000, 'ot_subtotal', 100),
(5, 2, 'Flat Rate (Best Way):', '$5.00', 5.0000, 'ot_shipping', 200),
(6, 2, 'Total:', '$3,104.00', 3104.0000, 'ot_total', 999);

-- --------------------------------------------------------

--
-- Table structure for table `paypal`
--

CREATE TABLE IF NOT EXISTS `paypal` (
  `paypal_ipn_id` int(11) unsigned NOT NULL AUTO_INCREMENT,
  `order_id` int(11) unsigned NOT NULL DEFAULT '0',
  `txn_type` varchar(40) NOT NULL DEFAULT '',
  `module_name` varchar(40) NOT NULL DEFAULT '',
  `module_mode` varchar(40) NOT NULL DEFAULT '',
  `reason_code` varchar(40) DEFAULT NULL,
  `payment_type` varchar(40) NOT NULL DEFAULT '',
  `payment_status` varchar(32) NOT NULL DEFAULT '',
  `pending_reason` varchar(32) DEFAULT NULL,
  `invoice` varchar(128) DEFAULT NULL,
  `mc_currency` char(3) NOT NULL DEFAULT '',
  `first_name` varchar(32) NOT NULL DEFAULT '',
  `last_name` varchar(32) NOT NULL DEFAULT '',
  `payer_business_name` varchar(128) DEFAULT NULL,
  `address_name` varchar(64) DEFAULT NULL,
  `address_street` varchar(254) DEFAULT NULL,
  `address_city` varchar(120) DEFAULT NULL,
  `address_state` varchar(120) DEFAULT NULL,
  `address_zip` varchar(10) DEFAULT NULL,
  `address_country` varchar(64) DEFAULT NULL,
  `address_status` varchar(11) DEFAULT NULL,
  `payer_email` varchar(128) NOT NULL DEFAULT '',
  `payer_id` varchar(32) NOT NULL DEFAULT '',
  `payer_status` varchar(10) NOT NULL DEFAULT '',
  `payment_date` datetime NOT NULL DEFAULT '0001-01-01 00:00:00',
  `business` varchar(128) NOT NULL DEFAULT '',
  `receiver_email` varchar(128) NOT NULL DEFAULT '',
  `receiver_id` varchar(32) NOT NULL DEFAULT '',
  `txn_id` varchar(20) NOT NULL DEFAULT '',
  `parent_txn_id` varchar(20) DEFAULT NULL,
  `num_cart_items` tinyint(4) unsigned NOT NULL DEFAULT '1',
  `mc_gross` decimal(7,2) NOT NULL DEFAULT '0.00',
  `mc_fee` decimal(7,2) NOT NULL DEFAULT '0.00',
  `payment_gross` decimal(7,2) DEFAULT NULL,
  `payment_fee` decimal(7,2) DEFAULT NULL,
  `settle_amount` decimal(7,2) DEFAULT NULL,
  `settle_currency` char(3) DEFAULT NULL,
  `exchange_rate` decimal(4,2) DEFAULT NULL,
  `notify_version` varchar(6) NOT NULL DEFAULT '',
  `verify_sign` varchar(128) NOT NULL DEFAULT '',
  `last_modified` datetime NOT NULL DEFAULT '0001-01-01 00:00:00',
  `date_added` datetime NOT NULL DEFAULT '0001-01-01 00:00:00',
  `memo` text,
  PRIMARY KEY (`paypal_ipn_id`,`txn_id`),
  KEY `idx_order_id_zen` (`order_id`)
) ENGINE=MyISAM DEFAULT CHARSET=utf8 AUTO_INCREMENT=1 ;

-- --------------------------------------------------------

--
-- Table structure for table `paypal_payment_status`
--

CREATE TABLE IF NOT EXISTS `paypal_payment_status` (
  `payment_status_id` int(11) NOT NULL AUTO_INCREMENT,
  `payment_status_name` varchar(64) NOT NULL DEFAULT '',
  PRIMARY KEY (`payment_status_id`)
) ENGINE=MyISAM  DEFAULT CHARSET=utf8 AUTO_INCREMENT=8 ;

--
-- Dumping data for table `paypal_payment_status`
--

INSERT INTO `paypal_payment_status` (`payment_status_id`, `payment_status_name`) VALUES
(1, 'Completed'),
(2, 'Pending'),
(3, 'Failed'),
(4, 'Denied'),
(5, 'Refunded'),
(6, 'Canceled_Reversal'),
(7, 'Reversed');

-- --------------------------------------------------------

--
-- Table structure for table `paypal_payment_status_history`
--

CREATE TABLE IF NOT EXISTS `paypal_payment_status_history` (
  `payment_status_history_id` int(11) NOT NULL AUTO_INCREMENT,
  `paypal_ipn_id` int(11) NOT NULL DEFAULT '0',
  `txn_id` varchar(64) NOT NULL DEFAULT '',
  `parent_txn_id` varchar(64) NOT NULL DEFAULT '',
  `payment_status` varchar(17) NOT NULL DEFAULT '',
  `pending_reason` varchar(14) DEFAULT NULL,
  `date_added` datetime NOT NULL DEFAULT '0001-01-01 00:00:00',
  PRIMARY KEY (`payment_status_history_id`),
  KEY `idx_paypal_ipn_id_zen` (`paypal_ipn_id`)
) ENGINE=MyISAM DEFAULT CHARSET=utf8 AUTO_INCREMENT=1 ;

-- --------------------------------------------------------

--
-- Table structure for table `paypal_session`
--

CREATE TABLE IF NOT EXISTS `paypal_session` (
  `unique_id` int(11) NOT NULL AUTO_INCREMENT,
  `session_id` text NOT NULL,
  `saved_session` mediumblob NOT NULL,
  `expiry` int(17) NOT NULL DEFAULT '0',
  PRIMARY KEY (`unique_id`),
  KEY `idx_session_id_zen` (`session_id`(36))
) ENGINE=MyISAM DEFAULT CHARSET=utf8 AUTO_INCREMENT=1 ;

-- --------------------------------------------------------

--
-- Table structure for table `paypal_testing`
--

CREATE TABLE IF NOT EXISTS `paypal_testing` (
  `paypal_ipn_id` int(11) unsigned NOT NULL AUTO_INCREMENT,
  `order_id` int(11) unsigned NOT NULL DEFAULT '0',
  `custom` varchar(255) NOT NULL DEFAULT '',
  `txn_type` varchar(40) NOT NULL DEFAULT '',
  `module_name` varchar(40) NOT NULL DEFAULT '',
  `module_mode` varchar(40) NOT NULL DEFAULT '',
  `reason_code` varchar(40) DEFAULT NULL,
  `payment_type` varchar(40) NOT NULL DEFAULT '',
  `payment_status` varchar(32) NOT NULL DEFAULT '',
  `pending_reason` varchar(32) DEFAULT NULL,
  `invoice` varchar(128) DEFAULT NULL,
  `mc_currency` char(3) NOT NULL DEFAULT '',
  `first_name` varchar(32) NOT NULL DEFAULT '',
  `last_name` varchar(32) NOT NULL DEFAULT '',
  `payer_business_name` varchar(128) DEFAULT NULL,
  `address_name` varchar(64) DEFAULT NULL,
  `address_street` varchar(254) DEFAULT NULL,
  `address_city` varchar(120) DEFAULT NULL,
  `address_state` varchar(120) DEFAULT NULL,
  `address_zip` varchar(10) DEFAULT NULL,
  `address_country` varchar(64) DEFAULT NULL,
  `address_status` varchar(11) DEFAULT NULL,
  `payer_email` varchar(128) NOT NULL DEFAULT '',
  `payer_id` varchar(32) NOT NULL DEFAULT '',
  `payer_status` varchar(10) NOT NULL DEFAULT '',
  `payment_date` datetime NOT NULL DEFAULT '0001-01-01 00:00:00',
  `business` varchar(128) NOT NULL DEFAULT '',
  `receiver_email` varchar(128) NOT NULL DEFAULT '',
  `receiver_id` varchar(32) NOT NULL DEFAULT '',
  `txn_id` varchar(20) NOT NULL DEFAULT '',
  `parent_txn_id` varchar(20) DEFAULT NULL,
  `num_cart_items` tinyint(4) unsigned NOT NULL DEFAULT '1',
  `mc_gross` decimal(7,2) NOT NULL DEFAULT '0.00',
  `mc_fee` decimal(7,2) NOT NULL DEFAULT '0.00',
  `payment_gross` decimal(7,2) DEFAULT NULL,
  `payment_fee` decimal(7,2) DEFAULT NULL,
  `settle_amount` decimal(7,2) DEFAULT NULL,
  `settle_currency` char(3) DEFAULT NULL,
  `exchange_rate` decimal(4,2) DEFAULT NULL,
  `notify_version` decimal(2,1) NOT NULL DEFAULT '0.0',
  `verify_sign` varchar(128) NOT NULL DEFAULT '',
  `last_modified` datetime NOT NULL DEFAULT '0001-01-01 00:00:00',
  `date_added` datetime NOT NULL DEFAULT '0001-01-01 00:00:00',
  `memo` text,
  PRIMARY KEY (`paypal_ipn_id`,`txn_id`),
  KEY `idx_order_id_zen` (`order_id`)
) ENGINE=MyISAM DEFAULT CHARSET=utf8 AUTO_INCREMENT=1 ;

-- --------------------------------------------------------

--
-- Table structure for table `products`
--

CREATE TABLE IF NOT EXISTS `products` (
  `products_id` int(11) NOT NULL AUTO_INCREMENT,
  `products_type` int(11) NOT NULL DEFAULT '1',
  `products_quantity` float NOT NULL DEFAULT '0',
  `products_model` varchar(32) DEFAULT NULL,
  `products_image` varchar(64) DEFAULT NULL,
  `products_price` decimal(15,4) NOT NULL DEFAULT '0.0000',
  `products_virtual` tinyint(1) NOT NULL DEFAULT '0',
  `products_date_added` datetime NOT NULL DEFAULT '0001-01-01 00:00:00',
  `products_last_modified` datetime DEFAULT NULL,
  `products_date_available` datetime DEFAULT NULL,
  `products_weight` float NOT NULL DEFAULT '0',
  `products_status` tinyint(1) NOT NULL DEFAULT '0',
  `products_tax_class_id` int(11) NOT NULL DEFAULT '0',
  `manufacturers_id` int(11) DEFAULT NULL,
  `products_ordered` float NOT NULL DEFAULT '0',
  `products_quantity_order_min` float NOT NULL DEFAULT '1',
  `products_quantity_order_units` float NOT NULL DEFAULT '1',
  `products_priced_by_attribute` tinyint(1) NOT NULL DEFAULT '0',
  `product_is_free` tinyint(1) NOT NULL DEFAULT '0',
  `product_is_call` tinyint(1) NOT NULL DEFAULT '0',
  `products_quantity_mixed` tinyint(1) NOT NULL DEFAULT '0',
  `product_is_always_free_shipping` tinyint(1) NOT NULL DEFAULT '0',
  `products_qty_box_status` tinyint(1) NOT NULL DEFAULT '1',
  `products_quantity_order_max` float NOT NULL DEFAULT '0',
  `products_sort_order` int(11) NOT NULL DEFAULT '0',
  `products_discount_type` tinyint(1) NOT NULL DEFAULT '0',
  `products_discount_type_from` tinyint(1) NOT NULL DEFAULT '0',
  `products_price_sorter` decimal(15,4) NOT NULL DEFAULT '0.0000',
  `master_categories_id` int(11) NOT NULL DEFAULT '0',
  `products_mixed_discount_quantity` tinyint(1) NOT NULL DEFAULT '1',
  `metatags_title_status` tinyint(1) NOT NULL DEFAULT '0',
  `metatags_products_name_status` tinyint(1) NOT NULL DEFAULT '0',
  `metatags_model_status` tinyint(1) NOT NULL DEFAULT '0',
  `metatags_price_status` tinyint(1) NOT NULL DEFAULT '0',
  `metatags_title_tagline_status` tinyint(1) NOT NULL DEFAULT '0',
  PRIMARY KEY (`products_id`),
  KEY `idx_products_date_added_zen` (`products_date_added`),
  KEY `idx_products_status_zen` (`products_status`),
  KEY `idx_products_date_available_zen` (`products_date_available`),
  KEY `idx_products_ordered_zen` (`products_ordered`),
  KEY `idx_products_model_zen` (`products_model`),
  KEY `idx_products_price_sorter_zen` (`products_price_sorter`),
  KEY `idx_master_categories_id_zen` (`master_categories_id`),
  KEY `idx_products_sort_order_zen` (`products_sort_order`),
  KEY `idx_manufacturers_id_zen` (`manufacturers_id`)
) ENGINE=MyISAM  DEFAULT CHARSET=utf8 AUTO_INCREMENT=41 ;

--
-- Dumping data for table `products`
--

INSERT INTO `products` (`products_id`, `products_type`, `products_quantity`, `products_model`, `products_image`, `products_price`, `products_virtual`, `products_date_added`, `products_last_modified`, `products_date_available`, `products_weight`, `products_status`, `products_tax_class_id`, `manufacturers_id`, `products_ordered`, `products_quantity_order_min`, `products_quantity_order_units`, `products_priced_by_attribute`, `product_is_free`, `product_is_call`, `products_quantity_mixed`, `product_is_always_free_shipping`, `products_qty_box_status`, `products_quantity_order_max`, `products_sort_order`, `products_discount_type`, `products_discount_type_from`, `products_price_sorter`, `master_categories_id`, `products_mixed_discount_quantity`, `metatags_title_status`, `metatags_products_name_status`, `metatags_model_status`, `metatags_price_status`, `metatags_title_tagline_status`) VALUES
(1, 1, 997, 'Model1', 'products/01.jpg', 550.0000, 0, '2013-06-20 13:51:18', '2013-06-20 13:53:39', NULL, 2, 1, 0, 1, 0, 1, 1, 0, 0, 0, 1, 0, 1, 0, 5, 0, 0, 550.0000, 15, 1, 0, 0, 0, 0, 0),
(2, 1, 998, 'Model2', 'products/02.jpg', 160.0000, 0, '2013-06-20 13:54:48', NULL, NULL, 3, 1, 0, 0, 0, 1, 1, 0, 0, 0, 1, 0, 1, 0, 0, 0, 0, 160.0000, 15, 1, 0, 0, 0, 0, 0),
(3, 1, 998, 'Model3', 'products/03.jpg', 241.0000, 0, '2013-06-20 14:25:19', '2013-06-20 14:26:58', NULL, 4, 1, 0, 2, 0, 1, 1, 0, 0, 0, 1, 0, 1, 0, 15, 0, 0, 241.0000, 15, 1, 0, 0, 0, 0, 0),
(4, 1, 997, 'Model4', 'products/04.jpg', 651.0000, 0, '2013-06-20 14:28:44', NULL, NULL, 5, 1, 0, 1, 1, 1, 1, 0, 0, 0, 1, 0, 1, 0, 20, 0, 0, 522.4000, 15, 1, 0, 0, 0, 0, 0),
(5, 1, 998, 'Model5', 'products/05.jpg', 211.0000, 0, '2013-06-20 14:50:45', NULL, NULL, 2, 1, 0, 2, 0, 1, 1, 0, 0, 0, 1, 0, 1, 0, 5, 0, 0, 211.0000, 2, 1, 0, 0, 0, 0, 0),
(6, 1, 998, 'Model6', 'products/06.jpg', 83.0000, 0, '2013-06-20 14:52:04', NULL, NULL, 2, 1, 0, 3, 0, 1, 1, 0, 0, 0, 1, 0, 1, 0, 10, 0, 0, 83.0000, 2, 1, 0, 0, 0, 0, 0),
(7, 1, 998, 'Model7', 'products/07.jpg', 503.0000, 0, '2013-06-20 14:57:51', NULL, NULL, 3, 1, 0, 1, 0, 1, 1, 0, 0, 0, 1, 0, 1, 0, 15, 0, 0, 503.0000, 2, 1, 0, 0, 0, 0, 0),
(8, 1, 998, 'Model8', 'products/08.jpg', 104.0000, 0, '2013-06-20 15:00:09', '2013-06-20 15:00:23', NULL, 4, 1, 0, 2, 0, 1, 1, 0, 0, 0, 1, 0, 1, 0, 20, 0, 0, 104.0000, 2, 1, 0, 0, 0, 0, 0),
(9, 1, 999, 'Model9', 'products/09.jpg', 359.0000, 0, '2013-06-22 13:51:08', '2013-06-22 13:51:20', NULL, 5, 1, 0, 3, 0, 1, 1, 0, 0, 0, 1, 0, 1, 0, 5, 0, 0, 359.0000, 3, 1, 0, 0, 0, 0, 0),
(10, 1, 998, 'Model1', 'products/10.jpg', 732.0000, 0, '2013-06-22 13:52:39', NULL, NULL, 6, 1, 0, 1, 0, 1, 1, 0, 0, 0, 1, 0, 1, 0, 10, 0, 0, 732.0000, 3, 1, 0, 0, 0, 0, 0),
(11, 1, 999, 'Model2', 'products/11.jpg', 65.0000, 0, '2013-06-22 14:25:51', NULL, NULL, 3, 1, 0, 2, 0, 1, 1, 0, 0, 0, 1, 0, 1, 0, 15, 0, 0, 65.0000, 3, 1, 0, 0, 0, 0, 0),
(12, 1, 999, 'Model3', 'products/12.jpg', 124.0000, 0, '2013-06-22 14:27:26', NULL, NULL, 7, 1, 0, 3, 0, 1, 1, 0, 0, 0, 1, 0, 1, 0, 20, 0, 0, 124.0000, 3, 1, 0, 0, 0, 0, 0),
(13, 1, 998, 'Model4', 'products/13.jpg', 605.0000, 0, '2013-06-22 14:29:54', NULL, NULL, 9, 1, 0, 1, 0, 1, 1, 0, 0, 0, 1, 0, 1, 0, 5, 0, 0, 605.0000, 4, 1, 0, 0, 0, 0, 0),
(14, 1, 998, 'Model5', 'products/14.jpg', 991.0000, 0, '2013-06-22 14:30:56', NULL, NULL, 6, 1, 0, 2, 0, 1, 1, 0, 0, 0, 1, 0, 1, 0, 10, 0, 0, 991.0000, 4, 1, 0, 0, 0, 0, 0),
(15, 1, 998, 'Model6', 'products/15.jpg', 305.0000, 0, '2013-06-22 14:32:22', NULL, NULL, 5, 1, 0, 3, 0, 1, 1, 0, 0, 0, 1, 0, 1, 0, 15, 0, 0, 305.0000, 4, 1, 0, 0, 0, 0, 0),
(16, 1, 999, 'Model7', 'products/16.jpg', 871.0000, 0, '2013-06-22 14:33:28', NULL, NULL, 3, 1, 0, 1, 0, 1, 1, 0, 0, 0, 1, 0, 1, 0, 20, 0, 0, 871.0000, 4, 1, 0, 0, 0, 0, 0),
(17, 1, 999, 'Model8', 'products/17.jpg', 353.0000, 0, '2013-06-22 14:35:40', NULL, NULL, 1, 1, 0, 2, 0, 1, 1, 0, 0, 0, 1, 0, 1, 0, 5, 0, 0, 353.0000, 5, 1, 0, 0, 0, 0, 0),
(18, 1, 999, 'Model9', 'products/18.jpg', 292.0000, 0, '2013-06-22 14:36:45', NULL, NULL, 2, 1, 0, 3, 0, 1, 1, 0, 0, 0, 1, 0, 1, 0, 10, 0, 0, 292.0000, 5, 1, 0, 0, 0, 0, 0),
(19, 1, 999, 'Model1', 'products/19.jpg', 785.3200, 0, '2013-06-22 14:44:41', NULL, NULL, 2, 1, 0, 1, 0, 1, 1, 0, 0, 0, 1, 0, 1, 0, 15, 0, 0, 785.3200, 5, 1, 0, 0, 0, 0, 0),
(20, 1, 999, 'Model2', 'products/20.jpg', 999.9900, 0, '2013-06-22 14:56:08', NULL, NULL, 2, 1, 0, 2, 0, 1, 1, 0, 0, 0, 1, 0, 1, 0, 20, 0, 0, 999.9900, 5, 1, 0, 0, 0, 0, 0),
(21, 1, 999, 'Model3', 'products/21.jpg', 550.0000, 0, '2013-06-22 15:00:41', NULL, NULL, 3, 1, 0, 3, 0, 1, 1, 0, 0, 0, 1, 0, 1, 0, 5, 0, 0, 550.0000, 6, 1, 0, 0, 0, 0, 0),
(22, 1, 999, 'Model4', 'products/22.jpg', 160.0000, 0, '2013-06-22 15:23:12', NULL, NULL, 4, 1, 0, 1, 0, 1, 1, 0, 0, 0, 1, 0, 1, 0, 10, 0, 0, 160.0000, 6, 1, 0, 0, 0, 0, 0),
(23, 1, 999, 'Model5', 'products/23.jpg', 241.0000, 0, '2013-06-22 15:24:30', NULL, NULL, 5, 1, 0, 2, 0, 1, 1, 0, 0, 0, 1, 0, 1, 0, 10, 0, 0, 241.0000, 6, 1, 0, 0, 0, 0, 0),
(24, 1, 999, 'Model6', 'products/24.jpg', 651.0000, 0, '2013-06-22 15:27:11', NULL, NULL, 5, 1, 0, 3, 0, 1, 1, 0, 0, 0, 1, 0, 1, 0, 20, 0, 0, 651.0000, 6, 1, 0, 0, 0, 0, 0),
(25, 1, 999, 'Model7', 'products/25.jpg', 211.0000, 0, '2013-06-22 15:34:45', NULL, NULL, 5, 1, 0, 1, 0, 1, 1, 0, 0, 0, 1, 0, 1, 0, 5, 0, 0, 211.0000, 7, 1, 0, 0, 0, 0, 0),
(26, 1, 997, 'Model8', 'products/26.jpg', 83.0000, 0, '2013-06-22 15:36:58', NULL, NULL, 6, 1, 0, 0, 1, 1, 1, 0, 0, 0, 1, 0, 1, 0, 10, 0, 0, 83.0000, 7, 1, 0, 0, 0, 0, 0),
(27, 1, 997, 'Model9', 'products/27.jpg', 503.0000, 0, '2013-06-22 15:46:39', NULL, NULL, 4, 1, 0, 0, 1, 1, 1, 0, 0, 0, 1, 0, 1, 0, 15, 0, 0, 503.0000, 7, 1, 0, 0, 0, 0, 0),
(28, 1, 998, 'Model1', 'products/28.jpg', 104.0000, 0, '2013-06-22 15:48:22', NULL, NULL, 5, 1, 0, 0, 0, 1, 1, 0, 0, 0, 1, 0, 1, 0, 20, 0, 0, 104.0000, 7, 1, 0, 0, 0, 0, 0),
(29, 1, 999, 'Model2', 'products/29.jpg', 359.0000, 0, '2013-06-22 16:06:59', NULL, NULL, 3, 1, 0, 0, 0, 1, 1, 0, 0, 0, 1, 0, 1, 0, 5, 0, 0, 359.0000, 8, 1, 0, 0, 0, 0, 0),
(30, 1, 997, 'Model3', 'products/30.jpg', 732.0000, 0, '2013-06-22 16:07:55', NULL, NULL, 2, 1, 0, 0, 1, 1, 1, 0, 0, 0, 1, 0, 1, 0, 10, 0, 0, 732.0000, 8, 1, 0, 0, 0, 0, 0),
(31, 1, 998, 'Model4', 'products/31.jpg', 653.0000, 0, '2013-06-22 16:10:49', NULL, NULL, 6, 1, 0, 0, 0, 1, 1, 0, 0, 0, 1, 0, 1, 0, 15, 0, 0, 653.0000, 8, 1, 0, 0, 0, 0, 0),
(32, 1, 998, 'Model5', 'products/32.jpg', 124.0000, 0, '2013-06-22 16:12:09', NULL, NULL, 3, 1, 0, 0, 0, 1, 1, 0, 0, 0, 1, 0, 1, 0, 20, 0, 0, 124.0000, 8, 1, 0, 0, 0, 0, 0),
(33, 1, 997, 'Model6', 'products/33.jpg', 605.0000, 0, '2013-06-22 16:15:05', '2013-06-22 16:15:17', NULL, 6, 1, 0, 0, 1, 1, 1, 0, 0, 0, 1, 0, 1, 0, 5, 0, 0, 605.0000, 9, 1, 0, 0, 0, 0, 0),
(34, 1, 998, 'Model7', 'products/34.jpg', 991.0000, 0, '2013-06-22 16:16:20', '2013-06-22 16:16:32', NULL, 4, 1, 0, 0, 0, 1, 1, 0, 0, 0, 1, 0, 1, 0, 10, 0, 0, 991.0000, 9, 1, 0, 0, 0, 0, 0),
(35, 1, 997, 'Model8', 'products/35.jpg', 305.0000, 0, '2013-06-22 16:19:33', '2013-06-22 16:26:50', NULL, 3, 1, 0, 0, 1, 1, 1, 0, 0, 0, 1, 0, 1, 0, 15, 0, 0, 305.0000, 9, 1, 0, 0, 0, 0, 0),
(36, 1, 997, 'Model9', 'products/36.jpg', 871.0000, 0, '2013-06-22 16:26:25', '2013-06-22 16:28:38', NULL, 5, 1, 0, 0, 1, 1, 1, 0, 0, 0, 1, 0, 1, 0, 20, 0, 0, 871.0000, 9, 1, 0, 0, 0, 0, 0),
(37, 1, 999, 'Model1', 'products/37.jpg', 353.0000, 0, '2013-06-22 16:30:10', '2013-06-22 16:30:34', NULL, 7, 1, 0, 0, 0, 1, 1, 0, 0, 0, 1, 0, 1, 0, 5, 0, 0, 353.0000, 10, 1, 0, 0, 0, 0, 0),
(38, 1, 999, 'Model2', 'products/38.jpg', 292.0000, 0, '2013-06-22 16:30:56', '2013-06-22 16:31:38', NULL, 9, 1, 0, 0, 0, 1, 1, 0, 0, 0, 1, 0, 1, 0, 10, 0, 0, 292.0000, 10, 1, 0, 0, 0, 0, 0),
(39, 1, 999, 'Model3', 'products/39.jpg', 785.0000, 0, '2013-06-22 16:32:03', '2013-06-22 16:35:22', NULL, 2, 1, 0, 0, 0, 1, 1, 0, 0, 0, 1, 0, 1, 0, 15, 0, 0, 785.0000, 10, 1, 0, 0, 0, 0, 0),
(40, 1, 999, 'Model4', 'products/40.jpg', 999.9900, 0, '2013-06-22 16:32:09', '2013-06-22 16:36:40', NULL, 2, 1, 0, 0, 0, 1, 1, 0, 0, 0, 1, 0, 1, 0, 20, 0, 0, 999.9900, 10, 1, 0, 0, 0, 0, 0);

-- --------------------------------------------------------

--
-- Table structure for table `products_attributes`
--

CREATE TABLE IF NOT EXISTS `products_attributes` (
  `products_attributes_id` int(11) NOT NULL AUTO_INCREMENT,
  `products_id` int(11) NOT NULL DEFAULT '0',
  `options_id` int(11) NOT NULL DEFAULT '0',
  `options_values_id` int(11) NOT NULL DEFAULT '0',
  `options_values_price` decimal(15,4) NOT NULL DEFAULT '0.0000',
  `price_prefix` char(1) NOT NULL DEFAULT '',
  `products_options_sort_order` int(11) NOT NULL DEFAULT '0',
  `product_attribute_is_free` tinyint(1) NOT NULL DEFAULT '0',
  `products_attributes_weight` float NOT NULL DEFAULT '0',
  `products_attributes_weight_prefix` char(1) NOT NULL DEFAULT '',
  `attributes_display_only` tinyint(1) NOT NULL DEFAULT '0',
  `attributes_default` tinyint(1) NOT NULL DEFAULT '0',
  `attributes_discounted` tinyint(1) NOT NULL DEFAULT '1',
  `attributes_image` varchar(64) DEFAULT NULL,
  `attributes_price_base_included` tinyint(1) NOT NULL DEFAULT '1',
  `attributes_price_onetime` decimal(15,4) NOT NULL DEFAULT '0.0000',
  `attributes_price_factor` decimal(15,4) NOT NULL DEFAULT '0.0000',
  `attributes_price_factor_offset` decimal(15,4) NOT NULL DEFAULT '0.0000',
  `attributes_price_factor_onetime` decimal(15,4) NOT NULL DEFAULT '0.0000',
  `attributes_price_factor_onetime_offset` decimal(15,4) NOT NULL DEFAULT '0.0000',
  `attributes_qty_prices` text,
  `attributes_qty_prices_onetime` text,
  `attributes_price_words` decimal(15,4) NOT NULL DEFAULT '0.0000',
  `attributes_price_words_free` int(4) NOT NULL DEFAULT '0',
  `attributes_price_letters` decimal(15,4) NOT NULL DEFAULT '0.0000',
  `attributes_price_letters_free` int(4) NOT NULL DEFAULT '0',
  `attributes_required` tinyint(1) NOT NULL DEFAULT '0',
  PRIMARY KEY (`products_attributes_id`),
  KEY `idx_id_options_id_values_zen` (`products_id`,`options_id`,`options_values_id`),
  KEY `idx_opt_sort_order_zen` (`products_options_sort_order`)
) ENGINE=MyISAM DEFAULT CHARSET=utf8 AUTO_INCREMENT=1 ;

-- --------------------------------------------------------

--
-- Table structure for table `products_attributes_download`
--

CREATE TABLE IF NOT EXISTS `products_attributes_download` (
  `products_attributes_id` int(11) NOT NULL DEFAULT '0',
  `products_attributes_filename` varchar(255) NOT NULL DEFAULT '',
  `products_attributes_maxdays` int(2) DEFAULT '0',
  `products_attributes_maxcount` int(2) DEFAULT '0',
  PRIMARY KEY (`products_attributes_id`)
) ENGINE=MyISAM DEFAULT CHARSET=utf8;

-- --------------------------------------------------------

--
-- Table structure for table `products_description`
--

CREATE TABLE IF NOT EXISTS `products_description` (
  `products_id` int(11) NOT NULL AUTO_INCREMENT,
  `language_id` int(11) NOT NULL DEFAULT '1',
  `products_name` varchar(64) NOT NULL DEFAULT '',
  `products_description` text,
  `products_url` varchar(255) DEFAULT NULL,
  `products_viewed` int(5) DEFAULT '0',
  PRIMARY KEY (`products_id`,`language_id`),
  KEY `idx_products_name_zen` (`products_name`)
) ENGINE=MyISAM  DEFAULT CHARSET=utf8 AUTO_INCREMENT=41 ;

--
-- Dumping data for table `products_description`
--

INSERT INTO `products_description` (`products_id`, `language_id`, `products_name`, `products_description`, `products_url`, `products_viewed`) VALUES
(1, 1, 'caytrasa lekertyase miaseda', 'Fashion has always been so temporary and uncertain. You cant keep up with it. This social phenomenon is very whimsical, thus we as the consumers always try to stay in touch with all the latest fashion tendencies. Obviously there is nothing wrong about it because fashion satisfies our willingness to be attractive. And also fashion is the detector of prosperity and social rank. So, our natural desire to wear fashionable clothes has many reasons such as historical, social and others. Therefore being fashionable costs a lot of money. But nowadays fashion is not that unavailable as it was a couple of centuries ago. We are lucky to have an opportunity to buy qualitative, fashionable and affordable clothes.<br>\r\n<br>\r\nSo, with the great pleasure we are offering you our goods, and we are sure that only our choices of garments will suit you best. Our product is universal because it suits different customers with different demands. We assure you it is really important, it shows that our good has such capacity as flexibility. And it is good for you because as we all know people change their claims with the course of time, and our good will be actual for a long time. The main reason of buying our clothes is the unique combination of fair price, extraordinary style and perfect quality. Here you can find garments of all sizes, colors, styles and fabrics.', '', 3),
(2, 1, 'muygasas liuasase veras', 'So, with the great pleasure we are offering you our goods, and we are sure that only our choices of garments will suit you best. Our product is universal because it suits different customers with different demands. We assure you it is really important, it shows that our good has such capacity as flexibility. And it is good for you because as we all know people change their claims with the course of time, and our good will be actual for a long time. The main reason of buying our clothes is the unique combination of fair price, extraordinary style and perfect quality. Here you can find garments of all sizes, colors, styles and fabrics.<br>\r\n<br>\r\n<br>\r\nIt will suit you best of all. Because we all live in the time of total consuming of uncountable goods and services, and this has become the main reason for the rapid growth of a so-called culture of consumption in our society. So, this circumstance forced all leading successful companies to explore all needs and wishes of different groups of potential clients very deeply. And that is why we are offering you the result of great market and technological research &ndash; our magnificent product. Our employees put in great efforts to make this commodity. Our good was made up by best experts with the help of most advanced technologies, and it gives us right to consider this product to be a premium one.', '', 0),
(3, 1, 'kertyase bertasa litafsas', 'Fashion has always been so temporary and uncertain. You cant keep up with it. This social phenomenon is very whimsical, thus we as the consumers always try to stay in touch with all the latest fashion tendencies. Obviously there is nothing wrong about it because fashion satisfies our willingness to be attractive. And also fashion is the detector of prosperity and social rank. So, our natural desire to wear fashionable clothes has many reasons such as historical, social and others. Therefore being fashionable costs a lot of money. But nowadays fashion is not that unavailable as it was a couple of centuries ago. We are lucky to have an opportunity to buy qualitative, fashionable and affordable clothes.<br>\r\n<br>\r\nSo, with the great pleasure we are offering you our goods, and we are sure that only our choices of garments will suit you best. Our product is universal because it suits different customers with different demands. We assure you it is really important, it shows that our good has such capacity as flexibility. And it is good for you because as we all know people change their claims with the course of time, and our good will be actual for a long time. The main reason of buying our clothes is the unique combination of fair price, extraordinary style and perfect quality. Here you can find garments of all sizes, colors, styles and fabrics.', '', 0),
(4, 1, 'caytrasa lekertyase miaseda', 'Fashion has always been so temporary and uncertain. You cant keep up with it. This social phenomenon is very whimsical, thus we as the consumers always try to stay in touch with all the latest fashion tendencies. Obviously there is nothing wrong about it because fashion satisfies our willingness to be attractive. And also fashion is the detector of prosperity and social rank. So, our natural desire to wear fashionable clothes has many reasons such as historical, social and others. Therefore being fashionable costs a lot of money. But nowadays fashion is not that unavailable as it was a couple of centuries ago. We are lucky to have an opportunity to buy qualitative, fashionable and affordable clothes.<br>\r\n<br>\r\nIt will suit you best of all. Because we all live in the time of total consuming of uncountable goods and services, and this has become the main reason for the rapid growth of a so-called culture of consumption in our society. So, this circumstance forced all leading successful companies to explore all needs and wishes of different groups of potential clients very deeply. And that is why we are offering you the result of great market and technological research &ndash; our magnificent product. Our employees put in great efforts to make this commodity. Our good was made up by best experts with the help of most advanced technologies, and it gives us right to consider this product to be a premium one.', '', 4),
(5, 1, 'muygasas liuasase veras', 'So, with the great pleasure we are offering you our goods, and we are sure that only our choices of garments will suit you best. Our product is universal because it suits different customers with different demands. We assure you it is really important, it shows that our good has such capacity as flexibility. And it is good for you because as we all know people change their claims with the course of time, and our good will be actual for a long time. The main reason of buying our clothes is the unique combination of fair price, extraordinary style and perfect quality. Here you can find garments of all sizes, colors, styles and fabrics.<br>\r\n<br>\r\n<br>\r\nFashion has always been so temporary and uncertain. You cant keep up with it. This social phenomenon is very whimsical, thus we as the consumers always try to stay in touch with all the latest fashion tendencies. Obviously there is nothing wrong about it because fashion satisfies our willingness to be attractive. And also fashion is the detector of prosperity and social rank. So, our natural desire to wear fashionable clothes has many reasons such as historical, social and others. Therefore being fashionable costs a lot of money. But nowadays fashion is not that unavailable as it was a couple of centuries ago. We are lucky to have an opportunity to buy qualitative, fashionable and affordable clothes.', '', 0),
(6, 1, 'kertyase bertasa litafsas', 'So, with the great pleasure we are offering you our goods, and we are sure that only our choices of garments will suit you best. Our product is universal because it suits different customers with different demands. We assure you it is really important, it shows that our good has such capacity as flexibility. And it is good for you because as we all know people change their claims with the course of time, and our good will be actual for a long time. The main reason of buying our clothes is the unique combination of fair price, extraordinary style and perfect quality. Here you can find garments of all sizes, colors, styles and fabrics.<br>\r\n<br>\r\nIt will suit you best of all. Because we all live in the time of total consuming of uncountable goods and services, and this has become the main reason for the rapid growth of a so-called culture of consumption in our society. So, this circumstance forced all leading successful companies to explore all needs and wishes of different groups of potential clients very deeply. And that is why we are offering you the result of great market and technological research – our magnificent product. Our employees put in great efforts to make this commodity. Our good was made up by best experts with the help of most advanced technologies, and it gives us right to consider this product to be a premium one.', '', 0),
(7, 1, 'AK Anne Klein Wing Collar Db', 'Fashion has always been so temporary and uncertain. You cant keep up with it. This social phenomenon is very whimsical, thus we as the consumers always try to stay in touch with all the latest fashion tendencies. Obviously there is nothing wrong about it because fashion satisfies our willingness to be attractive. And also fashion is the detector of prosperity and social rank. So, our natural desire to wear fashionable clothes has many reasons such as historical, social and others. Therefore being fashionable costs a lot of money. But nowadays fashion is not that unavailable as it was a couple of centuries ago. We are lucky to have an opportunity to buy qualitative, fashionable and affordable clothes.<br>\r\n<br>\r\nSo, with the great pleasure we are offering you our goods, and we are sure that only our choices of garments will suit you best. Our product is universal because it suits different customers with different demands. We assure you it is really important, it shows that our good has such capacity as flexibility. And it is good for you because as we all know people change their claims with the course of time, and our good will be actual for a long time. The main reason of buying our clothes is the unique combination of fair price, extraordinary style and perfect quality. Here you can find garments of all sizes, colors, styles and fabrics.', '', 1),
(8, 1, 'Anne Klein Sb With Turk Key Clo', 'Fashion has always been so temporary and uncertain. You cant keep up with it. This social phenomenon is very whimsical, thus we as the consumers always try to stay in touch with all the latest fashion tendencies. Obviously there is nothing wrong about it because fashion satisfies our willingness to be attractive. And also fashion is the detector of prosperity and social rank. So, our natural desire to wear fashionable clothes has many reasons such as historical, social and others. Therefore being fashionable costs a lot of money. But nowadays fashion is not that unavailable as it was a couple of centuries ago. We are lucky to have an opportunity to buy qualitative, fashionable and affordable clothes.<br>\r\n<br>\r\nSo, with the great pleasure we are offering you our goods, and we are sure that only our choices of garments will suit you best. Our product is universal because it suits different customers with different demands. We assure you it is really important, it shows that our good has such capacity as flexibility. And it is good for you because as we all know people change their claims with the course of time, and our good will be actual for a long time. The main reason of buying our clothes is the unique combination of fair price, extraordinary style and perfect quality. Here you can find garments of all sizes, colors, styles and fabrics.', '', 0),
(9, 1, 'BGSD New Zealand Lambskin Leather Motorcycle Jacket', 'Fashion has always been so temporary and uncertain. You cant keep up with it. This social phenomenon is very whimsical, thus we as the consumers always try to stay in touch with all the latest fashion tendencies. Obviously there is nothing wrong about it because fashion satisfies our willingness to be attractive. And also fashion is the detector of prosperity and social rank. So, our natural desire to wear fashionable clothes has many reasons such as historical, social and others. Therefore being fashionable costs a lot of money. But nowadays fashion is not that unavailable as it was a couple of centuries ago. We are lucky to have an opportunity to buy qualitative, fashionable and affordable clothes.<br>\r\n<br>\r\nIt will suit you best of all. Because we all live in the time of total consuming of uncountable goods and services, and this has become the main reason for the rapid growth of a so-called culture of consumption in our society. So, this circumstance forced all leading successful companies to explore all needs and wishes of different groups of potential clients very deeply. And that is why we are offering you the result of great market and technological research – our magnificent product. Our employees put in great efforts to make this commodity. Our good was made up by best experts with the help of most advanced technologies, and it gives us right to consider this product to be a premium one.', '', 0),
(10, 1, 'Bia Brazil Shorts', 'So, with the great pleasure we are offering you our goods, and we are sure that only our choices of garments will suit you best. Our product is universal because it suits different customers with different demands. We assure you it is really important, it shows that our good has such capacity as flexibility. And it is good for you because as we all know people change their claims with the course of time, and our good will be actual for a long time. The main reason of buying our clothes is the unique combination of fair price, extraordinary style and perfect quality. Here you can find garments of all sizes, colors, styles and fabrics. <br>\r\n<br>\r\nIt will suit you best of all. Because we all live in the time of total consuming of uncountable goods and services, and this has become the main reason for the rapid growth of a so-called culture of consumption in our society. So, this circumstance forced all leading successful companies to explore all needs and wishes of different groups of potential clients very deeply. And that is why we are offering you the result of great market and technological research – our magnificent product. Our employees put in great efforts to make this commodity. Our good was made up by best experts with the help of most advanced technologies, and it gives us right to consider this product to be a premium one.', '', 0),
(11, 1, 'Chadwicks Matte Jersey Dress', 'Fashion has always been so temporary and uncertain. You cant keep up with it. This social phenomenon is very whimsical, thus we as the consumers always try to stay in touch with all the latest fashion tendencies. Obviously there is nothing wrong about it because fashion satisfies our willingness to be attractive. And also fashion is the detector of prosperity and social rank. So, our natural desire to wear fashionable clothes has many reasons such as historical, social and others. Therefore being fashionable costs a lot of money. But nowadays fashion is not that unavailable as it was a couple of centuries ago. We are lucky to have an opportunity to buy qualitative, fashionable and affordable clothes.<br>\r\n<br>\r\nSo, with the great pleasure we are offering you our goods, and we are sure that only our choices of garments will suit you best. Our product is universal because it suits different customers with different demands. We assure you it is really important, it shows that our good has such capacity as flexibility. And it is good for you because as we all know people change their claims with the course of time, and our good will be actual for a long time. The main reason of buying our clothes is the unique combination of fair price, extraordinary style and perfect quality. Here you can find garments of all sizes, colors, styles and fabrics.', '', 0),
(12, 1, 'Chadwicks The Casual Trench', 'Fashion has always been so temporary and uncertain. You cant keep up with it. This social phenomenon is very whimsical, thus we as the consumers always try to stay in touch with all the latest fashion tendencies. Obviously there is nothing wrong about it because fashion satisfies our willingness to be attractive. And also fashion is the detector of prosperity and social rank. So, our natural desire to wear fashionable clothes has many reasons such as historical, social and others. Therefore being fashionable costs a lot of money. But nowadays fashion is not that unavailable as it was a couple of centuries ago. We are lucky to have an opportunity to buy qualitative, fashionable and affordable clothes.<br>\r\n<br>\r\nIt will suit you best of all. Because we all live in the time of total consuming of uncountable goods and services, and this has become the main reason for the rapid growth of a so-called culture of consumption in our society. So, this circumstance forced all leading successful companies to explore all needs and wishes of different groups of potential clients very deeply. And that is why we are offering you the result of great market and technological research – our magnificent product. Our employees put in great efforts to make this commodity. Our good was made up by best experts with the help of most advanced technologies, and it gives us right to consider this product to be a premium one.', '', 0),
(13, 1, 'Denny Ross Denim Jean', 'So, with the great pleasure we are offering you our goods, and we are sure that only our choices of garments will suit you best. Our product is universal because it suits different customers with different demands. We assure you it is really important, it shows that our good has such capacity as flexibility. And it is good for you because as we all know people change their claims with the course of time, and our good will be actual for a long time. The main reason of buying our clothes is the unique combination of fair price, extraordinary style and perfect quality. Here you can find garments of all sizes, colors, styles and fabrics. <br>\r\n<br>\r\nIt will suit you best of all. Because we all live in the time of total consuming of uncountable goods and services, and this has become the main reason for the rapid growth of a so-called culture of consumption in our society. So, this circumstance forced all leading successful companies to explore all needs and wishes of different groups of potential clients very deeply. And that is why we are offering you the result of great market and technological research &ndash; our magnificent product. Our employees put in great efforts to make this commodity. Our good was made up by best experts with the help of most advanced technologies, and it gives us right to consider this product to be a premium one.', '', 0),
(14, 1, 'Donna Morgan Strapless Blur Print Jersey Dress', 'Fashion has always been so temporary and uncertain. You cant keep up with it. This social phenomenon is very whimsical, thus we as the consumers always try to stay in touch with all the latest fashion tendencies. Obviously there is nothing wrong about it because fashion satisfies our willingness to be attractive. And also fashion is the detector of prosperity and social rank. So, our natural desire to wear fashionable clothes has many reasons such as historical, social and others. Therefore being fashionable costs a lot of money. But nowadays fashion is not that unavailable as it was a couple of centuries ago. We are lucky to have an opportunity to buy qualitative, fashionable and affordable clothes.<br>\r\n<br>\r\nSo, with the great pleasure we are offering you our goods, and we are sure that only our choices of garments will suit you best. Our product is universal because it suits different customers with different demands. We assure you it is really important, it shows that our good has such capacity as flexibility. And it is good for you because as we all know people change their claims with the course of time, and our good will be actual for a long time. The main reason of buying our clothes is the unique combination of fair price, extraordinary style and perfect quality. Here you can find garments of all sizes, colors, styles and fabrics.', '', 0),
(15, 1, 'Ellen Tracy Jacket, One Button Suiting Blazer', 'So, with the great pleasure we are offering you our goods, and we are sure that only our choices of garments will suit you best. Our product is universal because it suits different customers with different demands. We assure you it is really important, it shows that our good has such capacity as flexibility. And it is good for you because as we all know people change their claims with the course of time, and our good will be actual for a long time. The main reason of buying our clothes is the unique combination of fair price, extraordinary style and perfect quality. Here you can find garments of all sizes, colors, styles and fabrics.<br>\r\n<br>\r\nIt will suit you best of all. Because we all live in the time of total consuming of uncountable goods and services, and this has become the main reason for the rapid growth of a so-called culture of consumption in our society. So, this circumstance forced all leading successful companies to explore all needs and wishes of different groups of potential clients very deeply. And that is why we are offering you the result of great market and technological research – our magnificent product. Our employees put in great efforts to make this commodity. Our good was made up by best experts with the help of most advanced technologies, and it gives us right to consider this product to be a premium one.', '', 0),
(16, 1, 'Ezekiel Juniors Avril Jacket', 'Fashion has always been so temporary and uncertain. You cant keep up with it. This social phenomenon is very whimsical, thus we as the consumers always try to stay in touch with all the latest fashion tendencies. Obviously there is nothing wrong about it because fashion satisfies our willingness to be attractive. And also fashion is the detector of prosperity and social rank. So, our natural desire to wear fashionable clothes has many reasons such as historical, social and others. Therefore being fashionable costs a lot of money. But nowadays fashion is not that unavailable as it was a couple of centuries ago. We are lucky to have an opportunity to buy qualitative, fashionable and affordable clothes.<br>\r\n<br>\r\nSo, with the great pleasure we are offering you our goods, and we are sure that only our choices of garments will suit you best. Our product is universal because it suits different customers with different demands. We assure you it is really important, it shows that our good has such capacity as flexibility. And it is good for you because as we all know people change their claims with the course of time, and our good will be actual for a long time. The main reason of buying our clothes is the unique combination of fair price, extraordinary style and perfect quality. Here you can find garments of all sizes, colors, styles and fabrics.', '', 0),
(17, 1, 'Formal Evening Gown. Beaded dress by Sean Collection', 'Fashion has always been so temporary and uncertain. You cant keep up with it. This social phenomenon is very whimsical, thus we as the consumers always try to stay in touch with all the latest fashion tendencies. Obviously there is nothing wrong about it because fashion satisfies our willingness to be attractive. And also fashion is the detector of prosperity and social rank. So, our natural desire to wear fashionable clothes has many reasons such as historical, social and others. Therefore being fashionable costs a lot of money. But nowadays fashion is not that unavailable as it was a couple of centuries ago. We are lucky to have an opportunity to buy qualitative, fashionable and affordable clothes.<br>\r\n<br>\r\nIt will suit you best of all. Because we all live in the time of total consuming of uncountable goods and services, and this has become the main reason for the rapid growth of a so-called culture of consumption in our society. So, this circumstance forced all leading successful companies to explore all needs and wishes of different groups of potential clients very deeply. And that is why we are offering you the result of great market and technological research – our magnificent product. Our employees put in great efforts to make this commodity. Our good was made up by best experts with the help of most advanced technologies, and it gives us right to consider this product to be a premium one.', '', 0),
(18, 1, 'Gap The new graphic cuffed T', 'Fashion has always been so temporary and uncertain. You cant keep up with it. This social phenomenon is very whimsical, thus we as the consumers always try to stay in touch with all the latest fashion tendencies. Obviously there is nothing wrong about it because fashion satisfies our willingness to be attractive. And also fashion is the detector of prosperity and social rank. So, our natural desire to wear fashionable clothes has many reasons such as historical, social and others. Therefore being fashionable costs a lot of money. But nowadays fashion is not that unavailable as it was a couple of centuries ago. We are lucky to have an opportunity to buy qualitative, fashionable and affordable clothes.<br>\r\n<br>\r\nSo, with the great pleasure we are offering you our goods, and we are sure that only our choices of garments will suit you best. Our product is universal because it suits different customers with different demands. We assure you it is really important, it shows that our good has such capacity as flexibility. And it is good for you because as we all know people change their claims with the course of time, and our good will be actual for a long time. The main reason of buying our clothes is the unique combination of fair price, extraordinary style and perfect quality. Here you can find garments of all sizes, colors, styles and fabrics.', '', 0),
(19, 1, 'GUESS Tracy Dress', 'Fashion has always been so temporary and uncertain. You cant keep up with it. This social phenomenon is very whimsical, thus we as the consumers always try to stay in touch with all the latest fashion tendencies. Obviously there is nothing wrong about it because fashion satisfies our willingness to be attractive. And also fashion is the detector of prosperity and social rank. So, our natural desire to wear fashionable clothes has many reasons such as historical, social and others. Therefore being fashionable costs a lot of money. But nowadays fashion is not that unavailable as it was a couple of centuries ago. We are lucky to have an opportunity to buy qualitative, fashionable and affordable clothes.<br>\r\n<br>\r\nSo, with the great pleasure we are offering you our goods, and we are sure that only our choices of garments will suit you best. Our product is universal because it suits different customers with different demands. We assure you it is really important, it shows that our good has such capacity as flexibility. And it is good for you because as we all know people change their claims with the course of time, and our good will be actual for a long time. The main reason of buying our clothes is the unique combination of fair price, extraordinary style and perfect quality. Here you can find garments of all sizes, colors, styles and fabrics.', '', 0),
(20, 1, 'JC Rags Baby Doll Coat', 'Fashion has always been so temporary and uncertain. You cant keep up with it. This social phenomenon is very whimsical, thus we as the consumers always try to stay in touch with all the latest fashion tendencies. Obviously there is nothing wrong about it because fashion satisfies our willingness to be attractive. And also fashion is the detector of prosperity and social rank. So, our natural desire to wear fashionable clothes has many reasons such as historical, social and others. Therefore being fashionable costs a lot of money. But nowadays fashion is not that unavailable as it was a couple of centuries ago. We are lucky to have an opportunity to buy qualitative, fashionable and affordable clothes.<br>\r\n<br>\r\nSed vitae dolor. Etiam eget felis et eros mollis volutpat. Duis tristique mattis odio. Nulla nibh. Aliquam ligula pede, posuere sed, feugiat tincidunt, pellentesque vitae, tortor. Morbi massa elit, adipiscing a, egestas et, congue nec, dui. Maecenas pretium ultrices metus. Nulla mattis tellus et libero tempus euismod. Suspendisse ornare laoreet sapien. Phasellus malesuada. Fusce venenatis, nisi ut dapibus sollicitudin, pede nunc gravida nibh, et imperdiet eros velit vitae ligula. Donec non arcu. Duis tempor dapibus orci. Ut tincidunt cursus purus. Vestibulum arcu mi, lacinia at, porttitor at, elementum sit amet, ipsum. In convallis tempor leo.', '', 0),
(21, 1, 'Jessica London Short Trench Coat', 'So, with the great pleasure we are offering you our goods, and we are sure that only our choices of garments will suit you best. Our product is universal because it suits different customers with different demands. We assure you it is really important, it shows that our good has such capacity as flexibility. And it is good for you because as we all know people change their claims with the course of time, and our good will be actual for a long time. The main reason of buying our clothes is the unique combination of fair price, extraordinary style and perfect quality. Here you can find garments of all sizes, colors, styles and fabrics. <br>\r\n<br>\r\nIt will suit you best of all. Because we all live in the time of total consuming of uncountable goods and services, and this has become the main reason for the rapid growth of a so-called culture of consumption in our society. So, this circumstance forced all leading successful companies to explore all needs and wishes of different groups of potential clients very deeply. And that is why we are offering you the result of great market and technological research – our magnificent product. Our employees put in great efforts to make this commodity. Our good was made up by best experts with the help of most advanced technologies, and it gives us right to consider this product to be a premium one.', '', 0),
(22, 1, 'Kenneth Cole Long Cable Cardigan', 'Fashion has always been so temporary and uncertain. You cant keep up with it. This social phenomenon is very whimsical, thus we as the consumers always try to stay in touch with all the latest fashion tendencies. Obviously there is nothing wrong about it because fashion satisfies our willingness to be attractive. And also fashion is the detector of prosperity and social rank. So, our natural desire to wear fashionable clothes has many reasons such as historical, social and others. Therefore being fashionable costs a lot of money. But nowadays fashion is not that unavailable as it was a couple of centuries ago. We are lucky to have an opportunity to buy qualitative, fashionable and affordable clothes.<br>\r\n<br>\r\nIt will suit you best of all. Because we all live in the time of total consuming of uncountable goods and services, and this has become the main reason for the rapid growth of a so-called culture of consumption in our society. So, this circumstance forced all leading successful companies to explore all needs and wishes of different groups of potential clients very deeply. And that is why we are offering you the result of great market and technological research – our magnificent product. Our employees put in great efforts to make this commodity. Our good was made up by best experts with the help of most advanced technologies, and it gives us right to consider this product to be a premium one.', '', 0),
(23, 1, 'Kensie Nylon Jacket', 'So, with the great pleasure we are offering you our goods, and we are sure that only our choices of garments will suit you best. Our product is universal because it suits different customers with different demands. We assure you it is really important, it shows that our good has such capacity as flexibility. And it is good for you because as we all know people change their claims with the course of time, and our good will be actual for a long time. The main reason of buying our clothes is the unique combination of fair price, extraordinary style and perfect quality. Here you can find garments of all sizes, colors, styles and fabrics. <br>\r\n<br>\r\nIt will suit you best of all. Because we all live in the time of total consuming of uncountable goods and services, and this has become the main reason for the rapid growth of a so-called culture of consumption in our society. So, this circumstance forced all leading successful companies to explore all needs and wishes of different groups of potential clients very deeply. And that is why we are offering you the result of great market and technological research – our magnificent product. Our employees put in great efforts to make this commodity. Our good was made up by best experts with the help of most advanced technologies, and it gives us right to consider this product to be a premium one.', '', 0),
(24, 1, 'Lands End Dory Down Parka', 'Fashion has always been so temporary and uncertain. You cant keep up with it. This social phenomenon is very whimsical, thus we as the consumers always try to stay in touch with all the latest fashion tendencies. Obviously there is nothing wrong about it because fashion satisfies our willingness to be attractive. And also fashion is the detector of prosperity and social rank. So, our natural desire to wear fashionable clothes has many reasons such as historical, social and others. Therefore being fashionable costs a lot of money. But nowadays fashion is not that unavailable as it was a couple of centuries ago. We are lucky to have an opportunity to buy qualitative, fashionable and affordable clothes.<br>\r\n<br>\r\nIt will suit you best of all. Because we all live in the time of total consuming of uncountable goods and services, and this has become the main reason for the rapid growth of a so-called culture of consumption in our society. So, this circumstance forced all leading successful companies to explore all needs and wishes of different groups of potential clients very deeply. And that is why we are offering you the result of great market and technological research – our magnificent product. Our employees put in great efforts to make this commodity. Our good was made up by best experts with the help of most advanced technologies, and it gives us right to consider this product to be a premium one.', '', 0),
(25, 1, 'Lauren by Ralph Lauren Dress, Ruby Collared Faux Wrap', 'Fashion has always been so temporary and uncertain. You cant keep up with it. This social phenomenon is very whimsical, thus we as the consumers always try to stay in touch with all the latest fashion tendencies. Obviously there is nothing wrong about it because fashion satisfies our willingness to be attractive. And also fashion is the detector of prosperity and social rank. So, our natural desire to wear fashionable clothes has many reasons such as historical, social and others. Therefore being fashionable costs a lot of money. But nowadays fashion is not that unavailable as it was a couple of centuries ago. We are lucky to have an opportunity to buy qualitative, fashionable and affordable clothes.<br>\r\n<br>\r\nSo, with the great pleasure we are offering you our goods, and we are sure that only our choices of garments will suit you best. Our product is universal because it suits different customers with different demands. We assure you it is really important, it shows that our good has such capacity as flexibility. And it is good for you because as we all know people change their claims with the course of time, and our good will be actual for a long time. The main reason of buying our clothes is the unique combination of fair price, extraordinary style and perfect quality. Here you can find garments of all sizes, colors, styles and fabrics.', '', 1),
(26, 1, 'Lauren Jeans Co. Coat, Eudora Double Breasted Trench with Belt', 'Fashion has always been so temporary and uncertain. You cant keep up with it. This social phenomenon is very whimsical, thus we as the consumers always try to stay in touch with all the latest fashion tendencies. Obviously there is nothing wrong about it because fashion satisfies our willingness to be attractive. And also fashion is the detector of prosperity and social rank. So, our natural desire to wear fashionable clothes has many reasons such as historical, social and others. Therefore being fashionable costs a lot of money. But nowadays fashion is not that unavailable as it was a couple of centuries ago. We are lucky to have an opportunity to buy qualitative, fashionable and affordable clothes.<br>\r\n<br>\r\nIt will suit you best of all. Because we all live in the time of total consuming of uncountable goods and services, and this has become the main reason for the rapid growth of a so-called culture of consumption in our society. So, this circumstance forced all leading successful companies to explore all needs and wishes of different groups of potential clients very deeply. And that is why we are offering you the result of great market and technological research – our magnificent product. Our employees put in great efforts to make this commodity. Our good was made up by best experts with the help of most advanced technologies, and it gives us right to consider this product to be a premium one.', '', 0),
(27, 1, 'Michael Kors Pants, Cargo with Zipper Pockets', 'Fashion has always been so temporary and uncertain. You cant keep up with it. This social phenomenon is very whimsical, thus we as the consumers always try to stay in touch with all the latest fashion tendencies. Obviously there is nothing wrong about it because fashion satisfies our willingness to be attractive. And also fashion is the detector of prosperity and social rank. So, our natural desire to wear fashionable clothes has many reasons such as historical, social and others. Therefore being fashionable costs a lot of money. But nowadays fashion is not that unavailable as it was a couple of centuries ago. We are lucky to have an opportunity to buy qualitative, fashionable and affordable clothes.<br>\r\n<br>\r\nSo, with the great pleasure we are offering you our goods, and we are sure that only our choices of garments will suit you best. Our product is universal because it suits different customers with different demands. We assure you it is really important, it shows that our good has such capacity as flexibility. And it is good for you because as we all know people change their claims with the course of time, and our good will be actual for a long time. The main reason of buying our clothes is the unique combination of fair price, extraordinary style and perfect quality. Here you can find garments of all sizes, colors, styles and fabrics.', '', 0),
(28, 1, 'NEW Sport-Tek Ladies Tricot complect', 'So, with the great pleasure we are offering you our goods, and we are sure that only our choices of garments will suit you best. Our product is universal because it suits different customers with different demands. We assure you it is really important, it shows that our good has such capacity as flexibility. And it is good for you because as we all know people change their claims with the course of time, and our good will be actual for a long time. The main reason of buying our clothes is the unique combination of fair price, extraordinary style and perfect quality. Here you can find garments of all sizes, colors, styles and fabrics.<br>\r\n<br>\r\nIt will suit you best of all. Because we all live in the time of total consuming of uncountable goods and services, and this has become the main reason for the rapid growth of a so-called culture of consumption in our society. So, this circumstance forced all leading successful companies to explore all needs and wishes of different groups of potential clients very deeply. And that is why we are offering you the result of great market and technological research – our magnificent product. Our employees put in great efforts to make this commodity. Our good was made up by best experts with the help of most advanced technologies, and it gives us right to consider this product to be a premium one.', '', 0),
(29, 1, 'Rachel Pally Tulip Dress', 'Fashion has always been so temporary and uncertain. You cant keep up with it. This social phenomenon is very whimsical, thus we as the consumers always try to stay in touch with all the latest fashion tendencies. Obviously there is nothing wrong about it because fashion satisfies our willingness to be attractive. And also fashion is the detector of prosperity and social rank. So, our natural desire to wear fashionable clothes has many reasons such as historical, social and others. Therefore being fashionable costs a lot of money. But nowadays fashion is not that unavailable as it was a couple of centuries ago. We are lucky to have an opportunity to buy qualitative, fashionable and affordable clothes.<br>\r\n<br>\r\nSo, with the great pleasure we are offering you our goods, and we are sure that only our choices of garments will suit you best. Our product is universal because it suits different customers with different demands. We assure you it is really important, it shows that our good has such capacity as flexibility. And it is good for you because as we all know people change their claims with the course of time, and our good will be actual for a long time. The main reason of buying our clothes is the unique combination of fair price, extraordinary style and perfect quality. Here you can find garments of all sizes, colors, styles and fabrics.', '', 1),
(30, 1, 'Spiegel Signature Stretch Safari Dress', 'It will suit you best of all. Because we all live in the time of total consuming of uncountable goods and services, and this has become the main reason for the rapid growth of a so-called culture of consumption in our society. So, this circumstance forced all leading successful companies to explore all needs and wishes of different groups of potential clients very deeply. And that is why we are offering you the result of great market and technological research – our magnificent product. Our employees put in great efforts to make this commodity. Our good was made up by best experts with the help of most advanced technologies, and it gives us right to consider this product to be a premium one.<br>\r\n<br>\r\nSo, with the great pleasure we are offering you our goods, and we are sure that only our choices of garments will suit you best. Our product is universal because it suits different customers with different demands. We assure you it is really important, it shows that our good has such capacity as flexibility. And it is good for you because as we all know people change their claims with the course of time, and our good will be actual for a long time. The main reason of buying our clothes is the unique combination of fair price, extraordinary style and perfect quality. Here you can find garments of all sizes, colors, styles and fabrics.', '', 0),
(31, 1, 'Spiegel Swing Jacket', 'Fashion has always been so temporary and uncertain. You cant keep up with it. This social phenomenon is very whimsical, thus we as the consumers always try to stay in touch with all the latest fashion tendencies. Obviously there is nothing wrong about it because fashion satisfies our willingness to be attractive. And also fashion is the detector of prosperity and social rank. So, our natural desire to wear fashionable clothes has many reasons such as historical, social and others. Therefore being fashionable costs a lot of money. But nowadays fashion is not that unavailable as it was a couple of centuries ago. We are lucky to have an opportunity to buy qualitative, fashionable and affordable clothes.<br>\r\n<br>\r\nIt will suit you best of all. Because we all live in the time of total consuming of uncountable goods and services, and this has become the main reason for the rapid growth of a so-called culture of consumption in our society. So, this circumstance forced all leading successful companies to explore all needs and wishes of different groups of potential clients very deeply. And that is why we are offering you the result of great market and technological research – our magnificent product. Our employees put in great efforts to make this commodity. Our good was made up by best experts with the help of most advanced technologies, and it gives us right to consider this product to be a premium one.', '', 0),
(32, 1, 'Supplex activewear set', 'So, with the great pleasure we are offering you our goods, and we are sure that only our choices of garments will suit you best. Our product is universal because it suits different customers with different demands. We assure you it is really important, it shows that our good has such capacity as flexibility. And it is good for you because as we all know people change their claims with the course of time, and our good will be actual for a long time. The main reason of buying our clothes is the unique combination of fair price, extraordinary style and perfect quality. Here you can find garments of all sizes, colors, styles and fabrics. <br>\r\n<br>\r\nFashion has always been so temporary and uncertain. You cant keep up with it. This social phenomenon is very whimsical, thus we as the consumers always try to stay in touch with all the latest fashion tendencies. Obviously there is nothing wrong about it because fashion satisfies our willingness to be attractive. And also fashion is the detector of prosperity and social rank. So, our natural desire to wear fashionable clothes has many reasons such as historical, social and others. Therefore being fashionable costs a lot of money. But nowadays fashion is not that unavailable as it was a couple of centuries ago. We are lucky to have an opportunity to buy qualitative, fashionable and affordable clothes.', '', 0),
(33, 1, 'Suzi Chin Floral Cap Sleeve Dress', 'So, with the great pleasure we are offering you our goods, and we are sure that only our choices of garments will suit you best. Our product is universal because it suits different customers with different demands. We assure you it is really important, it shows that our good has such capacity as flexibility. And it is good for you because as we all know people change their claims with the course of time, and our good will be actual for a long time. The main reason of buying our clothes is the unique combination of fair price, extraordinary style and perfect quality. Here you can find garments of all sizes, colors, styles and fabrics.<br>\r\n<br>\r\nIt will suit you best of all. Because we all live in the time of total consuming of uncountable goods and services, and this has become the main reason for the rapid growth of a so-called culture of consumption in our society. So, this circumstance forced all leading successful companies to explore all needs and wishes of different groups of potential clients very deeply. And that is why we are offering you the result of great market and technological research – our magnificent product. Our employees put in great efforts to make this commodity. Our good was made up by best experts with the help of most advanced technologies, and it gives us right to consider this product to be a premium one.', '', 2),
(34, 1, 'Suzi Chin Graphic Nature Print Jersey Dress', 'Fashion has always been so temporary and uncertain. You cant keep up with it. This social phenomenon is very whimsical, thus we as the consumers always try to stay in touch with all the latest fashion tendencies. Obviously there is nothing wrong about it because fashion satisfies our willingness to be attractive. And also fashion is the detector of prosperity and social rank. So, our natural desire to wear fashionable clothes has many reasons such as historical, social and others. Therefore being fashionable costs a lot of money. But nowadays fashion is not that unavailable as it was a couple of centuries ago. We are lucky to have an opportunity to buy qualitative, fashionable and affordable clothes.<br>\r\n<br>\r\nIt will suit you best of all. Because we all live in the time of total consuming of uncountable goods and services, and this has become the main reason for the rapid growth of a so-called culture of consumption in our society. So, this circumstance forced all leading successful companies to explore all needs and wishes of different groups of potential clients very deeply. And that is why we are offering you the result of great market and technological research – our magnificent product. Our employees put in great efforts to make this commodity. Our good was made up by best experts with the help of most advanced technologies, and it gives us right to consider this product to be a premium one.', '', 0);
INSERT INTO `products_description` (`products_id`, `language_id`, `products_name`, `products_description`, `products_url`, `products_viewed`) VALUES
(35, 1, 'Suzi Chin Sleeveless Starbust Print Dress', 'So, with the great pleasure we are offering you our goods, and we are sure that only our choices of garments will suit you best. Our product is universal because it suits different customers with different demands. We assure you it is really important, it shows that our good has such capacity as flexibility. And it is good for you because as we all know people change their claims with the course of time, and our good will be actual for a long time. The main reason of buying our clothes is the unique combination of fair price, extraordinary style and perfect quality. Here you can find garments of all sizes, colors, styles and fabrics.<br>\r\n<br>\r\nFashion has always been so temporary and uncertain. You cant keep up with it. This social phenomenon is very whimsical, thus we as the consumers always try to stay in touch with all the latest fashion tendencies. Obviously there is nothing wrong about it because fashion satisfies our willingness to be attractive. And also fashion is the detector of prosperity and social rank. So, our natural desire to wear fashionable clothes has many reasons such as historical, social and others. Therefore being fashionable costs a lot of money. But nowadays fashion is not that unavailable as it was a couple of centuries ago. We are lucky to have an opportunity to buy qualitative, fashionable and affordable clothes.', '', 1),
(36, 1, 'Svoboda White Vest Hoodie', 'So, with the great pleasure we are offering you our goods, and we are sure that only our choices of garments will suit you best. Our product is universal because it suits different customers with different demands. We assure you it is really important, it shows that our good has such capacity as flexibility. And it is good for you because as we all know people change their claims with the course of time, and our good will be actual for a long time. The main reason of buying our clothes is the unique combination of fair price, extraordinary style and perfect quality. Here you can find garments of all sizes, colors, styles and fabrics.<br>\r\n<br>\r\nIt will suit you best of all. Because we all live in the time of total consuming of uncountable goods and services, and this has become the main reason for the rapid growth of a so-called culture of consumption in our society. So, this circumstance forced all leading successful companies to explore all needs and wishes of different groups of potential clients very deeply. And that is why we are offering you the result of great market and technological research – our magnificent product. Our employees put in great efforts to make this commodity. Our good was made up by best experts with the help of most advanced technologies, and it gives us right to consider this product to be a premium one.', '', 0),
(37, 1, 'Tahari Suit, Jacket and Pants Double Breasted', 'Fashion has always been so temporary and uncertain. You cant keep up with it. This social phenomenon is very whimsical, thus we as the consumers always try to stay in touch with all the latest fashion tendencies. Obviously there is nothing wrong about it because fashion satisfies our willingness to be attractive. And also fashion is the detector of prosperity and social rank. So, our natural desire to wear fashionable clothes has many reasons such as historical, social and others. Therefore being fashionable costs a lot of money. But nowadays fashion is not that unavailable as it was a couple of centuries ago. We are lucky to have an opportunity to buy qualitative, fashionable and affordable clothes.<br><br>\r\nIt will suit you best of all. Because we all live in the time of total consuming of uncountable goods and services, and this has become the main reason for the rapid growth of a so-called culture of consumption in our society. So, this circumstance forced all leading successful companies to explore all needs and wishes of different groups of potential clients very deeply. And that is why we are offering you the result of great market and technological research – our magnificent product. Our employees put in great efforts to make this commodity. Our good was made up by best experts with the help of most advanced technologies, and it gives us right to consider this product to be a premium one.', '', 0),
(38, 1, 'Taverniti Coutrtney 18 Inch Jean', 'So, with the great pleasure we are offering you our goods, and we are sure that only our choices of garments will suit you best. Our product is universal because it suits different customers with different demands. We assure you it is really important, it shows that our good has such capacity as flexibility. And it is good for you because as we all know people change their claims with the course of time, and our good will be actual for a long time. The main reason of buying our clothes is the unique combination of fair price, extraordinary style and perfect quality. Here you can find garments of all sizes, colors, styles and fabrics.<br><br>\r\nIt will suit you best of all. Because we all live in the time of total consuming of uncountable goods and services, and this has become the main reason for the rapid growth of a so-called culture of consumption in our society. So, this circumstance forced all leading successful companies to explore all needs and wishes of different groups of potential clients very deeply. And that is why we are offering you the result of great market and technological research – our magnificent product. Our employees put in great efforts to make this commodity. Our good was made up by best experts with the help of most advanced technologies, and it gives us right to consider this product to be a premium one.', '', 0),
(39, 1, 'Three Dots Deep V-Neck Cardigan', 'Fashion has always been so temporary and uncertain. You cant keep up with it. This social phenomenon is very whimsical, thus we as the consumers always try to stay in touch with all the latest fashion tendencies. Obviously there is nothing wrong about it because fashion satisfies our willingness to be attractive. And also fashion is the detector of prosperity and social rank. So, our natural desire to wear fashionable clothes has many reasons such as historical, social and others. Therefore being fashionable costs a lot of money. But nowadays fashion is not that unavailable as it was a couple of centuries ago. We are lucky to have an opportunity to buy qualitative, fashionable and affordable clothes.<br><br>\r\nSo, with the great pleasure we are offering you our goods, and we are sure that only our choices of garments will suit you best. Our product is universal because it suits different customers with different demands. We assure you it is really important, it shows that our good has such capacity as flexibility. And it is good for you because as we all know people change their claims with the course of time, and our good will be actual for a long time. The main reason of buying our clothes is the unique combination of fair price, extraordinary style and perfect quality. Here you can find garments of all sizes, colors, styles and fabrics.', '', 0),
(40, 1, 'Tommy Hilfiger Pique Dot Trench Coat', 'Fashion has always been so temporary and uncertain. You cant keep up with it. This social phenomenon is very whimsical, thus we as the consumers always try to stay in touch with all the latest fashion tendencies. Obviously there is nothing wrong about it because fashion satisfies our willingness to be attractive. And also fashion is the detector of prosperity and social rank. So, our natural desire to wear fashionable clothes has many reasons such as historical, social and others. Therefore being fashionable costs a lot of money. But nowadays fashion is not that unavailable as it was a couple of centuries ago. We are lucky to have an opportunity to buy qualitative, fashionable and affordable clothes.<Br><br>\r\nSo, with the great pleasure we are offering you our goods, and we are sure that only our choices of garments will suit you best. Our product is universal because it suits different customers with different demands. We assure you it is really important, it shows that our good has such capacity as flexibility. And it is good for you because as we all know people change their claims with the course of time, and our good will be actual for a long time. The main reason of buying our clothes is the unique combination of fair price, extraordinary style and perfect quality. Here you can find garments of all sizes, colors, styles and fabrics.', '', 0);

-- --------------------------------------------------------

--
-- Table structure for table `products_discount_quantity`
--

CREATE TABLE IF NOT EXISTS `products_discount_quantity` (
  `discount_id` int(4) NOT NULL DEFAULT '0',
  `products_id` int(11) NOT NULL DEFAULT '0',
  `discount_qty` float NOT NULL DEFAULT '0',
  `discount_price` decimal(15,4) NOT NULL DEFAULT '0.0000',
  KEY `idx_id_qty_zen` (`products_id`,`discount_qty`)
) ENGINE=MyISAM DEFAULT CHARSET=utf8;

-- --------------------------------------------------------

--
-- Table structure for table `products_notifications`
--

CREATE TABLE IF NOT EXISTS `products_notifications` (
  `products_id` int(11) NOT NULL DEFAULT '0',
  `customers_id` int(11) NOT NULL DEFAULT '0',
  `date_added` datetime NOT NULL DEFAULT '0001-01-01 00:00:00',
  PRIMARY KEY (`products_id`,`customers_id`)
) ENGINE=MyISAM DEFAULT CHARSET=utf8;

-- --------------------------------------------------------

--
-- Table structure for table `products_options`
--

CREATE TABLE IF NOT EXISTS `products_options` (
  `products_options_id` int(11) NOT NULL DEFAULT '0',
  `language_id` int(11) NOT NULL DEFAULT '1',
  `products_options_name` varchar(32) NOT NULL DEFAULT '',
  `products_options_sort_order` int(11) NOT NULL DEFAULT '0',
  `products_options_type` int(5) NOT NULL DEFAULT '0',
  `products_options_length` smallint(2) NOT NULL DEFAULT '32',
  `products_options_comment` varchar(64) DEFAULT NULL,
  `products_options_size` smallint(2) NOT NULL DEFAULT '32',
  `products_options_images_per_row` int(2) DEFAULT '5',
  `products_options_images_style` int(1) DEFAULT '0',
  `products_options_rows` smallint(2) NOT NULL DEFAULT '1',
  PRIMARY KEY (`products_options_id`,`language_id`),
  KEY `idx_lang_id_zen` (`language_id`),
  KEY `idx_products_options_sort_order_zen` (`products_options_sort_order`),
  KEY `idx_products_options_name_zen` (`products_options_name`)
) ENGINE=MyISAM DEFAULT CHARSET=utf8;

-- --------------------------------------------------------

--
-- Table structure for table `products_options_types`
--

CREATE TABLE IF NOT EXISTS `products_options_types` (
  `products_options_types_id` int(11) NOT NULL DEFAULT '0',
  `products_options_types_name` varchar(32) DEFAULT NULL,
  PRIMARY KEY (`products_options_types_id`)
) ENGINE=MyISAM DEFAULT CHARSET=utf8 COMMENT='Track products_options_types';

--
-- Dumping data for table `products_options_types`
--

INSERT INTO `products_options_types` (`products_options_types_id`, `products_options_types_name`) VALUES
(0, 'Dropdown'),
(1, 'Text'),
(2, 'Radio'),
(3, 'Checkbox'),
(4, 'File'),
(5, 'Read Only');

-- --------------------------------------------------------

--
-- Table structure for table `products_options_values`
--

CREATE TABLE IF NOT EXISTS `products_options_values` (
  `products_options_values_id` int(11) NOT NULL DEFAULT '0',
  `language_id` int(11) NOT NULL DEFAULT '1',
  `products_options_values_name` varchar(64) NOT NULL DEFAULT '',
  `products_options_values_sort_order` int(11) NOT NULL DEFAULT '0',
  PRIMARY KEY (`products_options_values_id`,`language_id`),
  KEY `idx_products_options_values_name_zen` (`products_options_values_name`),
  KEY `idx_products_options_values_sort_order_zen` (`products_options_values_sort_order`)
) ENGINE=MyISAM DEFAULT CHARSET=utf8;

--
-- Dumping data for table `products_options_values`
--

INSERT INTO `products_options_values` (`products_options_values_id`, `language_id`, `products_options_values_name`, `products_options_values_sort_order`) VALUES
(0, 1, 'TEXT', 0);

-- --------------------------------------------------------

--
-- Table structure for table `products_options_values_to_products_options`
--

CREATE TABLE IF NOT EXISTS `products_options_values_to_products_options` (
  `products_options_values_to_products_options_id` int(11) NOT NULL AUTO_INCREMENT,
  `products_options_id` int(11) NOT NULL DEFAULT '0',
  `products_options_values_id` int(11) NOT NULL DEFAULT '0',
  PRIMARY KEY (`products_options_values_to_products_options_id`),
  KEY `idx_products_options_id_zen` (`products_options_id`),
  KEY `idx_products_options_values_id_zen` (`products_options_values_id`)
) ENGINE=MyISAM DEFAULT CHARSET=utf8 AUTO_INCREMENT=1 ;

-- --------------------------------------------------------

--
-- Table structure for table `products_to_categories`
--

CREATE TABLE IF NOT EXISTS `products_to_categories` (
  `products_id` int(11) NOT NULL DEFAULT '0',
  `categories_id` int(11) NOT NULL DEFAULT '0',
  PRIMARY KEY (`products_id`,`categories_id`),
  KEY `idx_cat_prod_id_zen` (`categories_id`,`products_id`)
) ENGINE=MyISAM DEFAULT CHARSET=utf8;

--
-- Dumping data for table `products_to_categories`
--

INSERT INTO `products_to_categories` (`products_id`, `categories_id`) VALUES
(1, 15),
(2, 15),
(3, 15),
(4, 15),
(5, 2),
(6, 2),
(7, 2),
(8, 2),
(9, 3),
(10, 3),
(11, 3),
(12, 3),
(13, 4),
(14, 4),
(15, 4),
(16, 4),
(17, 5),
(18, 5),
(19, 5),
(20, 5),
(21, 6),
(22, 6),
(23, 6),
(24, 6),
(25, 7),
(26, 7),
(27, 7),
(28, 7),
(29, 8),
(30, 8),
(31, 8),
(32, 8),
(33, 9),
(34, 9),
(35, 9),
(36, 9),
(37, 10),
(38, 10),
(39, 10),
(40, 10);

-- --------------------------------------------------------

--
-- Table structure for table `product_music_extra`
--

CREATE TABLE IF NOT EXISTS `product_music_extra` (
  `products_id` int(11) NOT NULL DEFAULT '0',
  `artists_id` int(11) NOT NULL DEFAULT '0',
  `record_company_id` int(11) NOT NULL DEFAULT '0',
  `music_genre_id` int(11) NOT NULL DEFAULT '0',
  PRIMARY KEY (`products_id`),
  KEY `idx_music_genre_id_zen` (`music_genre_id`),
  KEY `idx_artists_id_zen` (`artists_id`),
  KEY `idx_record_company_id_zen` (`record_company_id`)
) ENGINE=MyISAM DEFAULT CHARSET=utf8;

-- --------------------------------------------------------

--
-- Table structure for table `product_types`
--

CREATE TABLE IF NOT EXISTS `product_types` (
  `type_id` int(11) NOT NULL AUTO_INCREMENT,
  `type_name` varchar(255) NOT NULL DEFAULT '',
  `type_handler` varchar(255) NOT NULL DEFAULT '',
  `type_master_type` int(11) NOT NULL DEFAULT '1',
  `allow_add_to_cart` char(1) NOT NULL DEFAULT 'Y',
  `default_image` varchar(255) NOT NULL DEFAULT '',
  `date_added` datetime NOT NULL DEFAULT '0001-01-01 00:00:00',
  `last_modified` datetime NOT NULL DEFAULT '0001-01-01 00:00:00',
  PRIMARY KEY (`type_id`),
  KEY `idx_type_master_type_zen` (`type_master_type`)
) ENGINE=MyISAM  DEFAULT CHARSET=utf8 AUTO_INCREMENT=6 ;

--
-- Dumping data for table `product_types`
--

INSERT INTO `product_types` (`type_id`, `type_name`, `type_handler`, `type_master_type`, `allow_add_to_cart`, `default_image`, `date_added`, `last_modified`) VALUES
(1, 'Product - General', 'product', 1, 'Y', '', '2013-06-18 14:30:30', '2013-06-18 14:30:30'),
(2, 'Product - Music', 'product_music', 1, 'Y', '', '2013-06-18 14:30:30', '2013-06-18 14:30:30'),
(3, 'Document - General', 'document_general', 3, 'N', '', '2013-06-18 14:30:30', '2013-06-18 14:30:30'),
(4, 'Document - Product', 'document_product', 3, 'Y', '', '2013-06-18 14:30:30', '2013-06-18 14:30:30'),
(5, 'Product - Free Shipping', 'product_free_shipping', 1, 'Y', '', '2013-06-18 14:30:30', '2013-06-18 14:30:30');

-- --------------------------------------------------------

--
-- Table structure for table `product_types_to_category`
--

CREATE TABLE IF NOT EXISTS `product_types_to_category` (
  `product_type_id` int(11) NOT NULL DEFAULT '0',
  `category_id` int(11) NOT NULL DEFAULT '0',
  KEY `idx_category_id_zen` (`category_id`),
  KEY `idx_product_type_id_zen` (`product_type_id`)
) ENGINE=MyISAM DEFAULT CHARSET=utf8;

-- --------------------------------------------------------

--
-- Table structure for table `product_type_layout`
--

CREATE TABLE IF NOT EXISTS `product_type_layout` (
  `configuration_id` int(11) NOT NULL AUTO_INCREMENT,
  `configuration_title` text NOT NULL,
  `configuration_key` varchar(255) NOT NULL DEFAULT '',
  `configuration_value` text NOT NULL,
  `configuration_description` text NOT NULL,
  `product_type_id` int(11) NOT NULL DEFAULT '0',
  `sort_order` int(5) DEFAULT NULL,
  `last_modified` datetime DEFAULT NULL,
  `date_added` datetime NOT NULL DEFAULT '0001-01-01 00:00:00',
  `use_function` text,
  `set_function` text,
  PRIMARY KEY (`configuration_id`),
  UNIQUE KEY `unq_config_key_zen` (`configuration_key`),
  KEY `idx_key_value_zen` (`configuration_key`,`configuration_value`(10)),
  KEY `idx_type_id_sort_order_zen` (`product_type_id`,`sort_order`)
) ENGINE=MyISAM  DEFAULT CHARSET=utf8 AUTO_INCREMENT=139 ;

--
-- Dumping data for table `product_type_layout`
--

INSERT INTO `product_type_layout` (`configuration_id`, `configuration_title`, `configuration_key`, `configuration_value`, `configuration_description`, `product_type_id`, `sort_order`, `last_modified`, `date_added`, `use_function`, `set_function`) VALUES
(1, 'Show Model Number', 'SHOW_PRODUCT_INFO_MODEL', '1', 'Display Model Number on Product Info 0= off 1= on', 1, 1, NULL, '2013-06-18 14:30:30', NULL, 'zen_cfg_select_drop_down(array(array(''id''=>''1'', ''text''=>''True''), array(''id''=>''0'', ''text''=>''False'')), '),
(2, 'Show Weight', 'SHOW_PRODUCT_INFO_WEIGHT', '1', 'Display Weight on Product Info 0= off 1= on', 1, 2, NULL, '2013-06-18 14:30:30', NULL, 'zen_cfg_select_drop_down(array(array(''id''=>''1'', ''text''=>''True''), array(''id''=>''0'', ''text''=>''False'')), '),
(3, 'Show Attribute Weight', 'SHOW_PRODUCT_INFO_WEIGHT_ATTRIBUTES', '1', 'Display Attribute Weight on Product Info 0= off 1= on', 1, 3, NULL, '2013-06-18 14:30:30', NULL, 'zen_cfg_select_drop_down(array(array(''id''=>''1'', ''text''=>''True''), array(''id''=>''0'', ''text''=>''False'')), '),
(4, 'Show Manufacturer', 'SHOW_PRODUCT_INFO_MANUFACTURER', '1', 'Display Manufacturer Name on Product Info 0= off 1= on', 1, 4, NULL, '2013-06-18 14:30:30', NULL, 'zen_cfg_select_drop_down(array(array(''id''=>''1'', ''text''=>''True''), array(''id''=>''0'', ''text''=>''False'')), '),
(5, 'Show Quantity in Shopping Cart', 'SHOW_PRODUCT_INFO_IN_CART_QTY', '1', 'Display Quantity in Current Shopping Cart on Product Info 0= off 1= on', 1, 5, NULL, '2013-06-18 14:30:30', NULL, 'zen_cfg_select_drop_down(array(array(''id''=>''1'', ''text''=>''True''), array(''id''=>''0'', ''text''=>''False'')), '),
(6, 'Show Quantity in Stock', 'SHOW_PRODUCT_INFO_QUANTITY', '1', 'Display Quantity in Stock on Product Info 0= off 1= on', 1, 6, NULL, '2013-06-18 14:30:30', NULL, 'zen_cfg_select_drop_down(array(array(''id''=>''1'', ''text''=>''True''), array(''id''=>''0'', ''text''=>''False'')), '),
(7, 'Show Product Reviews Count', 'SHOW_PRODUCT_INFO_REVIEWS_COUNT', '1', 'Display Product Reviews Count on Product Info 0= off 1= on', 1, 7, NULL, '2013-06-18 14:30:30', NULL, 'zen_cfg_select_drop_down(array(array(''id''=>''1'', ''text''=>''True''), array(''id''=>''0'', ''text''=>''False'')), '),
(8, 'Show Product Reviews Button', 'SHOW_PRODUCT_INFO_REVIEWS', '1', 'Display Product Reviews Button on Product Info 0= off 1= on', 1, 8, NULL, '2013-06-18 14:30:30', NULL, 'zen_cfg_select_drop_down(array(array(''id''=>''1'', ''text''=>''True''), array(''id''=>''0'', ''text''=>''False'')), '),
(9, 'Show Date Available', 'SHOW_PRODUCT_INFO_DATE_AVAILABLE', '1', 'Display Date Available on Product Info 0= off 1= on', 1, 9, NULL, '2013-06-18 14:30:30', NULL, 'zen_cfg_select_drop_down(array(array(''id''=>''1'', ''text''=>''True''), array(''id''=>''0'', ''text''=>''False'')), '),
(10, 'Show Date Added', 'SHOW_PRODUCT_INFO_DATE_ADDED', '1', 'Display Date Added on Product Info 0= off 1= on', 1, 10, NULL, '2013-06-18 14:30:30', NULL, 'zen_cfg_select_drop_down(array(array(''id''=>''1'', ''text''=>''True''), array(''id''=>''0'', ''text''=>''False'')), '),
(11, 'Show Product URL', 'SHOW_PRODUCT_INFO_URL', '1', 'Display URL on Product Info 0= off 1= on', 1, 11, NULL, '2013-06-18 14:30:30', NULL, 'zen_cfg_select_drop_down(array(array(''id''=>''1'', ''text''=>''True''), array(''id''=>''0'', ''text''=>''False'')), '),
(12, 'Show Product Additional Images', 'SHOW_PRODUCT_INFO_ADDITIONAL_IMAGES', '1', 'Display Additional Images on Product Info 0= off 1= on', 1, 13, NULL, '2013-06-18 14:30:30', NULL, 'zen_cfg_select_drop_down(array(array(''id''=>''1'', ''text''=>''True''), array(''id''=>''0'', ''text''=>''False'')), '),
(13, 'Show Starting At text on Price', 'SHOW_PRODUCT_INFO_STARTING_AT', '1', 'Display Starting At text on products with attributes Product Info 0= off 1= on', 1, 12, NULL, '2013-06-18 14:30:30', NULL, 'zen_cfg_select_drop_down(array(array(''id''=>''1'', ''text''=>''True''), array(''id''=>''0'', ''text''=>''False'')), '),
(14, 'Product Free Shipping Image Status - Catalog', 'SHOW_PRODUCT_INFO_ALWAYS_FREE_SHIPPING_IMAGE_SWITCH', '0', 'Show the Free Shipping image/text in the catalog?', 1, 16, NULL, '2013-06-18 14:30:30', NULL, 'zen_cfg_select_drop_down(array(array(''id''=>''1'', ''text''=>''Yes''), array(''id''=>''0'', ''text''=>''No'')), '),
(15, 'Product Price Tax Class Default - When adding new products?', 'DEFAULT_PRODUCT_TAX_CLASS_ID', '0', 'What should the Product Price Tax Class Default ID be when adding new products?', 1, 100, NULL, '2013-06-18 14:30:30', '', ''),
(16, 'Product Virtual Default Status - Skip Shipping Address - When adding new products?', 'DEFAULT_PRODUCT_PRODUCTS_VIRTUAL', '0', 'Default Virtual Product status to be ON when adding new products?', 1, 101, NULL, '2013-06-18 14:30:30', NULL, 'zen_cfg_select_drop_down(array(array(''id''=>''1'', ''text''=>''True''), array(''id''=>''0'', ''text''=>''False'')), '),
(17, 'Product Free Shipping Default Status - Normal Shipping Rules - When adding new products?', 'DEFAULT_PRODUCT_PRODUCTS_IS_ALWAYS_FREE_SHIPPING', '0', 'What should the Default Free Shipping status be when adding new products?<br />Yes, Always Free Shipping ON<br />No, Always Free Shipping OFF<br />Special, Product/Download Requires Shipping', 1, 102, NULL, '2013-06-18 14:30:30', NULL, 'zen_cfg_select_drop_down(array(array(''id''=>''1'', ''text''=>''Yes, Always ON''), array(''id''=>''0'', ''text''=>''No, Always OFF''), array(''id''=>''2'', ''text''=>''Special'')), '),
(18, 'Show Model Number', 'SHOW_PRODUCT_MUSIC_INFO_MODEL', '1', 'Display Model Number on Product Info 0= off 1= on', 2, 1, NULL, '2013-06-18 14:30:30', NULL, 'zen_cfg_select_drop_down(array(array(''id''=>''1'', ''text''=>''True''), array(''id''=>''0'', ''text''=>''False'')), '),
(19, 'Show Weight', 'SHOW_PRODUCT_MUSIC_INFO_WEIGHT', '0', 'Display Weight on Product Info 0= off 1= on', 2, 2, NULL, '2013-06-18 14:30:30', NULL, 'zen_cfg_select_drop_down(array(array(''id''=>''1'', ''text''=>''True''), array(''id''=>''0'', ''text''=>''False'')), '),
(20, 'Show Attribute Weight', 'SHOW_PRODUCT_MUSIC_INFO_WEIGHT_ATTRIBUTES', '1', 'Display Attribute Weight on Product Info 0= off 1= on', 2, 3, NULL, '2013-06-18 14:30:30', NULL, 'zen_cfg_select_drop_down(array(array(''id''=>''1'', ''text''=>''True''), array(''id''=>''0'', ''text''=>''False'')), '),
(21, 'Show Artist', 'SHOW_PRODUCT_MUSIC_INFO_ARTIST', '1', 'Display Artists Name on Product Info 0= off 1= on', 2, 4, NULL, '2013-06-18 14:30:30', NULL, 'zen_cfg_select_drop_down(array(array(''id''=>''1'', ''text''=>''True''), array(''id''=>''0'', ''text''=>''False'')), '),
(22, 'Show Music Genre', 'SHOW_PRODUCT_MUSIC_INFO_GENRE', '1', 'Display Music Genre on Product Info 0= off 1= on', 2, 4, NULL, '2013-06-18 14:30:30', NULL, 'zen_cfg_select_drop_down(array(array(''id''=>''1'', ''text''=>''True''), array(''id''=>''0'', ''text''=>''False'')), '),
(23, 'Show Record Company', 'SHOW_PRODUCT_MUSIC_INFO_RECORD_COMPANY', '1', 'Display Record Company on Product Info 0= off 1= on', 2, 4, NULL, '2013-06-18 14:30:30', NULL, 'zen_cfg_select_drop_down(array(array(''id''=>''1'', ''text''=>''True''), array(''id''=>''0'', ''text''=>''False'')), '),
(24, 'Show Quantity in Shopping Cart', 'SHOW_PRODUCT_MUSIC_INFO_IN_CART_QTY', '1', 'Display Quantity in Current Shopping Cart on Product Info 0= off 1= on', 2, 5, NULL, '2013-06-18 14:30:30', NULL, 'zen_cfg_select_drop_down(array(array(''id''=>''1'', ''text''=>''True''), array(''id''=>''0'', ''text''=>''False'')), '),
(25, 'Show Quantity in Stock', 'SHOW_PRODUCT_MUSIC_INFO_QUANTITY', '0', 'Display Quantity in Stock on Product Info 0= off 1= on', 2, 6, NULL, '2013-06-18 14:30:30', NULL, 'zen_cfg_select_drop_down(array(array(''id''=>''1'', ''text''=>''True''), array(''id''=>''0'', ''text''=>''False'')), '),
(26, 'Show Product Reviews Count', 'SHOW_PRODUCT_MUSIC_INFO_REVIEWS_COUNT', '1', 'Display Product Reviews Count on Product Info 0= off 1= on', 2, 7, NULL, '2013-06-18 14:30:30', NULL, 'zen_cfg_select_drop_down(array(array(''id''=>''1'', ''text''=>''True''), array(''id''=>''0'', ''text''=>''False'')), '),
(27, 'Show Product Reviews Button', 'SHOW_PRODUCT_MUSIC_INFO_REVIEWS', '1', 'Display Product Reviews Button on Product Info 0= off 1= on', 2, 8, NULL, '2013-06-18 14:30:30', NULL, 'zen_cfg_select_drop_down(array(array(''id''=>''1'', ''text''=>''True''), array(''id''=>''0'', ''text''=>''False'')), '),
(28, 'Show Date Available', 'SHOW_PRODUCT_MUSIC_INFO_DATE_AVAILABLE', '1', 'Display Date Available on Product Info 0= off 1= on', 2, 9, NULL, '2013-06-18 14:30:30', NULL, 'zen_cfg_select_drop_down(array(array(''id''=>''1'', ''text''=>''True''), array(''id''=>''0'', ''text''=>''False'')), '),
(29, 'Show Date Added', 'SHOW_PRODUCT_MUSIC_INFO_DATE_ADDED', '1', 'Display Date Added on Product Info 0= off 1= on', 2, 10, NULL, '2013-06-18 14:30:30', NULL, 'zen_cfg_select_drop_down(array(array(''id''=>''1'', ''text''=>''True''), array(''id''=>''0'', ''text''=>''False'')), '),
(30, 'Show Starting At text on Price', 'SHOW_PRODUCT_MUSIC_INFO_STARTING_AT', '1', 'Display Starting At text on products with attributes Product Info 0= off 1= on', 2, 12, NULL, '2013-06-18 14:30:30', NULL, 'zen_cfg_select_drop_down(array(array(''id''=>''1'', ''text''=>''True''), array(''id''=>''0'', ''text''=>''False'')), '),
(31, 'Show Product Additional Images', 'SHOW_PRODUCT_MUSIC_INFO_ADDITIONAL_IMAGES', '1', 'Display Additional Images on Product Info 0= off 1= on', 2, 13, NULL, '2013-06-18 14:30:30', NULL, 'zen_cfg_select_drop_down(array(array(''id''=>''1'', ''text''=>''True''), array(''id''=>''0'', ''text''=>''False'')), '),
(32, 'Product Free Shipping Image Status - Catalog', 'SHOW_PRODUCT_MUSIC_INFO_ALWAYS_FREE_SHIPPING_IMAGE_SWITCH', '0', 'Show the Free Shipping image/text in the catalog?', 2, 16, NULL, '2013-06-18 14:30:30', NULL, 'zen_cfg_select_drop_down(array(array(''id''=>''1'', ''text''=>''Yes''), array(''id''=>''0'', ''text''=>''No'')), '),
(33, 'Product Price Tax Class Default - When adding new products?', 'DEFAULT_PRODUCT_MUSIC_TAX_CLASS_ID', '0', 'What should the Product Price Tax Class Default ID be when adding new products?', 2, 100, NULL, '2013-06-18 14:30:30', '', ''),
(34, 'Product Virtual Default Status - Skip Shipping Address - When adding new products?', 'DEFAULT_PRODUCT_MUSIC_PRODUCTS_VIRTUAL', '0', 'Default Virtual Product status to be ON when adding new products?', 2, 101, NULL, '2013-06-18 14:30:30', NULL, 'zen_cfg_select_drop_down(array(array(''id''=>''1'', ''text''=>''True''), array(''id''=>''0'', ''text''=>''False'')), '),
(35, 'Product Free Shipping Default Status - Normal Shipping Rules - When adding new products?', 'DEFAULT_PRODUCT_MUSIC_PRODUCTS_IS_ALWAYS_FREE_SHIPPING', '0', 'What should the Default Free Shipping status be when adding new products?<br />Yes, Always Free Shipping ON<br />No, Always Free Shipping OFF<br />Special, Product/Download Requires Shipping', 2, 102, NULL, '2013-06-18 14:30:30', NULL, 'zen_cfg_select_drop_down(array(array(''id''=>''1'', ''text''=>''Yes, Always ON''), array(''id''=>''0'', ''text''=>''No, Always OFF''), array(''id''=>''2'', ''text''=>''Special'')), '),
(36, 'Show Product Reviews Count', 'SHOW_DOCUMENT_GENERAL_INFO_REVIEWS_COUNT', '1', 'Display Product Reviews Count on Product Info 0= off 1= on', 3, 7, NULL, '2013-06-18 14:30:30', NULL, 'zen_cfg_select_drop_down(array(array(''id''=>''1'', ''text''=>''True''), array(''id''=>''0'', ''text''=>''False'')), '),
(37, 'Show Product Reviews Button', 'SHOW_DOCUMENT_GENERAL_INFO_REVIEWS', '1', 'Display Product Reviews Button on Product Info 0= off 1= on', 3, 8, NULL, '2013-06-18 14:30:30', NULL, 'zen_cfg_select_drop_down(array(array(''id''=>''1'', ''text''=>''True''), array(''id''=>''0'', ''text''=>''False'')), '),
(38, 'Show Date Available', 'SHOW_DOCUMENT_GENERAL_INFO_DATE_AVAILABLE', '1', 'Display Date Available on Product Info 0= off 1= on', 3, 9, NULL, '2013-06-18 14:30:30', NULL, 'zen_cfg_select_drop_down(array(array(''id''=>''1'', ''text''=>''True''), array(''id''=>''0'', ''text''=>''False'')), '),
(39, 'Show Date Added', 'SHOW_DOCUMENT_GENERAL_INFO_DATE_ADDED', '1', 'Display Date Added on Product Info 0= off 1= on', 3, 10, NULL, '2013-06-18 14:30:30', NULL, 'zen_cfg_select_drop_down(array(array(''id''=>''1'', ''text''=>''True''), array(''id''=>''0'', ''text''=>''False'')), '),
(40, 'Show Product URL', 'SHOW_DOCUMENT_GENERAL_INFO_URL', '1', 'Display URL on Product Info 0= off 1= on', 3, 11, NULL, '2013-06-18 14:30:30', NULL, 'zen_cfg_select_drop_down(array(array(''id''=>''1'', ''text''=>''True''), array(''id''=>''0'', ''text''=>''False'')), '),
(41, 'Show Product Additional Images', 'SHOW_DOCUMENT_GENERAL_INFO_ADDITIONAL_IMAGES', '1', 'Display Additional Images on Product Info 0= off 1= on', 3, 13, NULL, '2013-06-18 14:30:30', NULL, 'zen_cfg_select_drop_down(array(array(''id''=>''1'', ''text''=>''True''), array(''id''=>''0'', ''text''=>''False'')), '),
(42, 'Show Model Number', 'SHOW_DOCUMENT_PRODUCT_INFO_MODEL', '1', 'Display Model Number on Product Info 0= off 1= on', 4, 1, NULL, '2013-06-18 14:30:30', NULL, 'zen_cfg_select_drop_down(array(array(''id''=>''1'', ''text''=>''True''), array(''id''=>''0'', ''text''=>''False'')), '),
(43, 'Show Weight', 'SHOW_DOCUMENT_PRODUCT_INFO_WEIGHT', '0', 'Display Weight on Product Info 0= off 1= on', 4, 2, NULL, '2013-06-18 14:30:30', NULL, 'zen_cfg_select_drop_down(array(array(''id''=>''1'', ''text''=>''True''), array(''id''=>''0'', ''text''=>''False'')), '),
(44, 'Show Attribute Weight', 'SHOW_DOCUMENT_PRODUCT_INFO_WEIGHT_ATTRIBUTES', '1', 'Display Attribute Weight on Product Info 0= off 1= on', 4, 3, NULL, '2013-06-18 14:30:30', NULL, 'zen_cfg_select_drop_down(array(array(''id''=>''1'', ''text''=>''True''), array(''id''=>''0'', ''text''=>''False'')), '),
(45, 'Show Manufacturer', 'SHOW_DOCUMENT_PRODUCT_INFO_MANUFACTURER', '1', 'Display Manufacturer Name on Product Info 0= off 1= on', 4, 4, NULL, '2013-06-18 14:30:30', NULL, 'zen_cfg_select_drop_down(array(array(''id''=>''1'', ''text''=>''True''), array(''id''=>''0'', ''text''=>''False'')), '),
(46, 'Show Quantity in Shopping Cart', 'SHOW_DOCUMENT_PRODUCT_INFO_IN_CART_QTY', '1', 'Display Quantity in Current Shopping Cart on Product Info 0= off 1= on', 4, 5, NULL, '2013-06-18 14:30:30', NULL, 'zen_cfg_select_drop_down(array(array(''id''=>''1'', ''text''=>''True''), array(''id''=>''0'', ''text''=>''False'')), '),
(47, 'Show Quantity in Stock', 'SHOW_DOCUMENT_PRODUCT_INFO_QUANTITY', '0', 'Display Quantity in Stock on Product Info 0= off 1= on', 4, 6, NULL, '2013-06-18 14:30:30', NULL, 'zen_cfg_select_drop_down(array(array(''id''=>''1'', ''text''=>''True''), array(''id''=>''0'', ''text''=>''False'')), '),
(48, 'Show Product Reviews Count', 'SHOW_DOCUMENT_PRODUCT_INFO_REVIEWS_COUNT', '1', 'Display Product Reviews Count on Product Info 0= off 1= on', 4, 7, NULL, '2013-06-18 14:30:30', NULL, 'zen_cfg_select_drop_down(array(array(''id''=>''1'', ''text''=>''True''), array(''id''=>''0'', ''text''=>''False'')), '),
(49, 'Show Product Reviews Button', 'SHOW_DOCUMENT_PRODUCT_INFO_REVIEWS', '1', 'Display Product Reviews Button on Product Info 0= off 1= on', 4, 8, NULL, '2013-06-18 14:30:30', NULL, 'zen_cfg_select_drop_down(array(array(''id''=>''1'', ''text''=>''True''), array(''id''=>''0'', ''text''=>''False'')), '),
(50, 'Show Date Available', 'SHOW_DOCUMENT_PRODUCT_INFO_DATE_AVAILABLE', '1', 'Display Date Available on Product Info 0= off 1= on', 4, 9, NULL, '2013-06-18 14:30:30', NULL, 'zen_cfg_select_drop_down(array(array(''id''=>''1'', ''text''=>''True''), array(''id''=>''0'', ''text''=>''False'')), '),
(51, 'Show Date Added', 'SHOW_DOCUMENT_PRODUCT_INFO_DATE_ADDED', '1', 'Display Date Added on Product Info 0= off 1= on', 4, 10, NULL, '2013-06-18 14:30:30', NULL, 'zen_cfg_select_drop_down(array(array(''id''=>''1'', ''text''=>''True''), array(''id''=>''0'', ''text''=>''False'')), '),
(52, 'Show Product URL', 'SHOW_DOCUMENT_PRODUCT_INFO_URL', '1', 'Display URL on Product Info 0= off 1= on', 4, 11, NULL, '2013-06-18 14:30:30', NULL, 'zen_cfg_select_drop_down(array(array(''id''=>''1'', ''text''=>''True''), array(''id''=>''0'', ''text''=>''False'')), '),
(53, 'Show Product Additional Images', 'SHOW_DOCUMENT_PRODUCT_INFO_ADDITIONAL_IMAGES', '1', 'Display Additional Images on Product Info 0= off 1= on', 4, 13, NULL, '2013-06-18 14:30:30', NULL, 'zen_cfg_select_drop_down(array(array(''id''=>''1'', ''text''=>''True''), array(''id''=>''0'', ''text''=>''False'')), '),
(54, 'Show Starting At text on Price', 'SHOW_DOCUMENT_PRODUCT_INFO_STARTING_AT', '1', 'Display Starting At text on products with attributes Product Info 0= off 1= on', 4, 12, NULL, '2013-06-18 14:30:30', NULL, 'zen_cfg_select_drop_down(array(array(''id''=>''1'', ''text''=>''True''), array(''id''=>''0'', ''text''=>''False'')), '),
(55, 'Product Free Shipping Image Status - Catalog', 'SHOW_DOCUMENT_PRODUCT_INFO_ALWAYS_FREE_SHIPPING_IMAGE_SWITCH', '0', 'Show the Free Shipping image/text in the catalog?', 4, 16, NULL, '2013-06-18 14:30:30', NULL, 'zen_cfg_select_drop_down(array(array(''id''=>''1'', ''text''=>''Yes''), array(''id''=>''0'', ''text''=>''No'')), '),
(56, 'Product Price Tax Class Default - When adding new products?', 'DEFAULT_DOCUMENT_PRODUCT_TAX_CLASS_ID', '0', 'What should the Product Price Tax Class Default ID be when adding new products?', 4, 100, NULL, '2013-06-18 14:30:30', '', ''),
(57, 'Product Virtual Default Status - Skip Shipping Address - When adding new products?', 'DEFAULT_DOCUMENT_PRODUCT_PRODUCTS_VIRTUAL', '0', 'Default Virtual Product status to be ON when adding new products?', 4, 101, NULL, '2013-06-18 14:30:30', NULL, 'zen_cfg_select_drop_down(array(array(''id''=>''1'', ''text''=>''True''), array(''id''=>''0'', ''text''=>''False'')), '),
(58, 'Product Free Shipping Default Status - Normal Shipping Rules - When adding new products?', 'DEFAULT_DOCUMENT_PRODUCT_PRODUCTS_IS_ALWAYS_FREE_SHIPPING', '0', 'What should the Default Free Shipping status be when adding new products?<br />Yes, Always Free Shipping ON<br />No, Always Free Shipping OFF<br />Special, Product/Download Requires Shipping', 4, 102, NULL, '2013-06-18 14:30:30', NULL, 'zen_cfg_select_drop_down(array(array(''id''=>''1'', ''text''=>''Yes, Always ON''), array(''id''=>''0'', ''text''=>''No, Always OFF''), array(''id''=>''2'', ''text''=>''Special'')), '),
(59, 'Show Model Number', 'SHOW_PRODUCT_FREE_SHIPPING_INFO_MODEL', '1', 'Display Model Number on Product Info 0= off 1= on', 5, 1, NULL, '2013-06-18 14:30:30', NULL, 'zen_cfg_select_drop_down(array(array(''id''=>''1'', ''text''=>''True''), array(''id''=>''0'', ''text''=>''False'')), '),
(60, 'Show Weight', 'SHOW_PRODUCT_FREE_SHIPPING_INFO_WEIGHT', '0', 'Display Weight on Product Info 0= off 1= on', 5, 2, NULL, '2013-06-18 14:30:30', NULL, 'zen_cfg_select_drop_down(array(array(''id''=>''1'', ''text''=>''True''), array(''id''=>''0'', ''text''=>''False'')), '),
(61, 'Show Attribute Weight', 'SHOW_PRODUCT_FREE_SHIPPING_INFO_WEIGHT_ATTRIBUTES', '1', 'Display Attribute Weight on Product Info 0= off 1= on', 5, 3, NULL, '2013-06-18 14:30:30', NULL, 'zen_cfg_select_drop_down(array(array(''id''=>''1'', ''text''=>''True''), array(''id''=>''0'', ''text''=>''False'')), '),
(62, 'Show Manufacturer', 'SHOW_PRODUCT_FREE_SHIPPING_INFO_MANUFACTURER', '1', 'Display Manufacturer Name on Product Info 0= off 1= on', 5, 4, NULL, '2013-06-18 14:30:30', NULL, 'zen_cfg_select_drop_down(array(array(''id''=>''1'', ''text''=>''True''), array(''id''=>''0'', ''text''=>''False'')), '),
(63, 'Show Quantity in Shopping Cart', 'SHOW_PRODUCT_FREE_SHIPPING_INFO_IN_CART_QTY', '1', 'Display Quantity in Current Shopping Cart on Product Info 0= off 1= on', 5, 5, NULL, '2013-06-18 14:30:30', NULL, 'zen_cfg_select_drop_down(array(array(''id''=>''1'', ''text''=>''True''), array(''id''=>''0'', ''text''=>''False'')), '),
(64, 'Show Quantity in Stock', 'SHOW_PRODUCT_FREE_SHIPPING_INFO_QUANTITY', '1', 'Display Quantity in Stock on Product Info 0= off 1= on', 5, 6, NULL, '2013-06-18 14:30:30', NULL, 'zen_cfg_select_drop_down(array(array(''id''=>''1'', ''text''=>''True''), array(''id''=>''0'', ''text''=>''False'')), '),
(65, 'Show Product Reviews Count', 'SHOW_PRODUCT_FREE_SHIPPING_INFO_REVIEWS_COUNT', '1', 'Display Product Reviews Count on Product Info 0= off 1= on', 5, 7, NULL, '2013-06-18 14:30:30', NULL, 'zen_cfg_select_drop_down(array(array(''id''=>''1'', ''text''=>''True''), array(''id''=>''0'', ''text''=>''False'')), '),
(66, 'Show Product Reviews Button', 'SHOW_PRODUCT_FREE_SHIPPING_INFO_REVIEWS', '1', 'Display Product Reviews Button on Product Info 0= off 1= on', 5, 8, NULL, '2013-06-18 14:30:30', NULL, 'zen_cfg_select_drop_down(array(array(''id''=>''1'', ''text''=>''True''), array(''id''=>''0'', ''text''=>''False'')), '),
(67, 'Show Date Available', 'SHOW_PRODUCT_FREE_SHIPPING_INFO_DATE_AVAILABLE', '0', 'Display Date Available on Product Info 0= off 1= on', 5, 9, NULL, '2013-06-18 14:30:30', NULL, 'zen_cfg_select_drop_down(array(array(''id''=>''1'', ''text''=>''True''), array(''id''=>''0'', ''text''=>''False'')), '),
(68, 'Show Date Added', 'SHOW_PRODUCT_FREE_SHIPPING_INFO_DATE_ADDED', '1', 'Display Date Added on Product Info 0= off 1= on', 5, 10, NULL, '2013-06-18 14:30:30', NULL, 'zen_cfg_select_drop_down(array(array(''id''=>''1'', ''text''=>''True''), array(''id''=>''0'', ''text''=>''False'')), '),
(69, 'Show Product URL', 'SHOW_PRODUCT_FREE_SHIPPING_INFO_URL', '1', 'Display URL on Product Info 0= off 1= on', 5, 11, NULL, '2013-06-18 14:30:30', NULL, 'zen_cfg_select_drop_down(array(array(''id''=>''1'', ''text''=>''True''), array(''id''=>''0'', ''text''=>''False'')), '),
(70, 'Show Product Additional Images', 'SHOW_PRODUCT_FREE_SHIPPING_INFO_ADDITIONAL_IMAGES', '1', 'Display Additional Images on Product Info 0= off 1= on', 5, 13, NULL, '2013-06-18 14:30:30', NULL, 'zen_cfg_select_drop_down(array(array(''id''=>''1'', ''text''=>''True''), array(''id''=>''0'', ''text''=>''False'')), '),
(71, 'Show Starting At text on Price', 'SHOW_PRODUCT_FREE_SHIPPING_INFO_STARTING_AT', '1', 'Display Starting At text on products with attributes Product Info 0= off 1= on', 5, 12, NULL, '2013-06-18 14:30:30', NULL, 'zen_cfg_select_drop_down(array(array(''id''=>''1'', ''text''=>''True''), array(''id''=>''0'', ''text''=>''False'')), '),
(72, 'Product Free Shipping Image Status - Catalog', 'SHOW_PRODUCT_FREE_SHIPPING_INFO_ALWAYS_FREE_SHIPPING_IMAGE_SWITCH', '1', 'Show the Free Shipping image/text in the catalog?', 5, 16, NULL, '2013-06-18 14:30:30', NULL, 'zen_cfg_select_drop_down(array(array(''id''=>''1'', ''text''=>''Yes''), array(''id''=>''0'', ''text''=>''No'')), '),
(73, 'Product Price Tax Class Default - When adding new products?', 'DEFAULT_PRODUCT_FREE_SHIPPING_TAX_CLASS_ID', '0', 'What should the Product Price Tax Class Default ID be when adding new products?', 5, 100, NULL, '2013-06-18 14:30:30', '', ''),
(74, 'Product Virtual Default Status - Skip Shipping Address - When adding new products?', 'DEFAULT_PRODUCT_FREE_SHIPPING_PRODUCTS_VIRTUAL', '0', 'Default Virtual Product status to be ON when adding new products?', 5, 101, NULL, '2013-06-18 14:30:30', NULL, 'zen_cfg_select_drop_down(array(array(''id''=>''1'', ''text''=>''True''), array(''id''=>''0'', ''text''=>''False'')), '),
(75, 'Product Free Shipping Default Status - Normal Shipping Rules - When adding new products?', 'DEFAULT_PRODUCT_FREE_SHIPPING_PRODUCTS_IS_ALWAYS_FREE_SHIPPING', '1', 'What should the Default Free Shipping status be when adding new products?<br />Yes, Always Free Shipping ON<br />No, Always Free Shipping OFF<br />Special, Product/Download Requires Shipping', 5, 102, NULL, '2013-06-18 14:30:30', NULL, 'zen_cfg_select_drop_down(array(array(''id''=>''1'', ''text''=>''Yes, Always ON''), array(''id''=>''0'', ''text''=>''No, Always OFF''), array(''id''=>''2'', ''text''=>''Special'')), '),
(76, 'Show Metatags Title Default - Product Title', 'SHOW_PRODUCT_INFO_METATAGS_TITLE_STATUS', '1', 'Display Product Title in Meta Tags Title 0= off 1= on', 1, 50, NULL, '2013-06-18 14:30:30', NULL, 'zen_cfg_select_drop_down(array(array(''id''=>''1'', ''text''=>''True''), array(''id''=>''0'', ''text''=>''False'')), '),
(77, 'Show Metatags Title Default - Product Name', 'SHOW_PRODUCT_INFO_METATAGS_PRODUCTS_NAME_STATUS', '1', 'Display Product Name in Meta Tags Title 0= off 1= on', 1, 51, NULL, '2013-06-18 14:30:30', NULL, 'zen_cfg_select_drop_down(array(array(''id''=>''1'', ''text''=>''True''), array(''id''=>''0'', ''text''=>''False'')), '),
(78, 'Show Metatags Title Default - Product Model', 'SHOW_PRODUCT_INFO_METATAGS_MODEL_STATUS', '1', 'Display Product Model in Meta Tags Title 0= off 1= on', 1, 52, NULL, '2013-06-18 14:30:30', NULL, 'zen_cfg_select_drop_down(array(array(''id''=>''1'', ''text''=>''True''), array(''id''=>''0'', ''text''=>''False'')), '),
(79, 'Show Metatags Title Default - Product Price', 'SHOW_PRODUCT_INFO_METATAGS_PRICE_STATUS', '1', 'Display Product Price in Meta Tags Title 0= off 1= on', 1, 53, NULL, '2013-06-18 14:30:30', NULL, 'zen_cfg_select_drop_down(array(array(''id''=>''1'', ''text''=>''True''), array(''id''=>''0'', ''text''=>''False'')), '),
(80, 'Show Metatags Title Default - Product Tagline', 'SHOW_PRODUCT_INFO_METATAGS_TITLE_TAGLINE_STATUS', '1', 'Display Product Tagline in Meta Tags Title 0= off 1= on', 1, 54, NULL, '2013-06-18 14:30:30', NULL, 'zen_cfg_select_drop_down(array(array(''id''=>''1'', ''text''=>''True''), array(''id''=>''0'', ''text''=>''False'')), '),
(81, 'Show Metatags Title Default - Product Title', 'SHOW_PRODUCT_MUSIC_INFO_METATAGS_TITLE_STATUS', '1', 'Display Product Title in Meta Tags Title 0= off 1= on', 2, 50, NULL, '2013-06-18 14:30:30', NULL, 'zen_cfg_select_drop_down(array(array(''id''=>''1'', ''text''=>''True''), array(''id''=>''0'', ''text''=>''False'')), '),
(82, 'Show Metatags Title Default - Product Name', 'SHOW_PRODUCT_MUSIC_INFO_METATAGS_PRODUCTS_NAME_STATUS', '1', 'Display Product Name in Meta Tags Title 0= off 1= on', 2, 51, NULL, '2013-06-18 14:30:30', NULL, 'zen_cfg_select_drop_down(array(array(''id''=>''1'', ''text''=>''True''), array(''id''=>''0'', ''text''=>''False'')), '),
(83, 'Show Metatags Title Default - Product Model', 'SHOW_PRODUCT_MUSIC_INFO_METATAGS_MODEL_STATUS', '1', 'Display Product Model in Meta Tags Title 0= off 1= on', 2, 52, NULL, '2013-06-18 14:30:30', NULL, 'zen_cfg_select_drop_down(array(array(''id''=>''1'', ''text''=>''True''), array(''id''=>''0'', ''text''=>''False'')), '),
(84, 'Show Metatags Title Default - Product Price', 'SHOW_PRODUCT_MUSIC_INFO_METATAGS_PRICE_STATUS', '1', 'Display Product Price in Meta Tags Title 0= off 1= on', 2, 53, NULL, '2013-06-18 14:30:30', NULL, 'zen_cfg_select_drop_down(array(array(''id''=>''1'', ''text''=>''True''), array(''id''=>''0'', ''text''=>''False'')), '),
(85, 'Show Metatags Title Default - Product Tagline', 'SHOW_PRODUCT_MUSIC_INFO_METATAGS_TITLE_TAGLINE_STATUS', '1', 'Display Product Tagline in Meta Tags Title 0= off 1= on', 2, 54, NULL, '2013-06-18 14:30:30', NULL, 'zen_cfg_select_drop_down(array(array(''id''=>''1'', ''text''=>''True''), array(''id''=>''0'', ''text''=>''False'')), '),
(86, 'Show Metatags Title Default - Document Title', 'SHOW_DOCUMENT_GENERAL_INFO_METATAGS_TITLE_STATUS', '1', 'Display Document Title in Meta Tags Title 0= off 1= on', 3, 50, NULL, '2013-06-18 14:30:30', NULL, 'zen_cfg_select_drop_down(array(array(''id''=>''1'', ''text''=>''True''), array(''id''=>''0'', ''text''=>''False'')), '),
(87, 'Show Metatags Title Default - Document Name', 'SHOW_DOCUMENT_GENERAL_INFO_METATAGS_PRODUCTS_NAME_STATUS', '1', 'Display Document Name in Meta Tags Title 0= off 1= on', 3, 51, NULL, '2013-06-18 14:30:30', NULL, 'zen_cfg_select_drop_down(array(array(''id''=>''1'', ''text''=>''True''), array(''id''=>''0'', ''text''=>''False'')), '),
(88, 'Show Metatags Title Default - Document Tagline', 'SHOW_DOCUMENT_GENERAL_INFO_METATAGS_TITLE_TAGLINE_STATUS', '1', 'Display Document Tagline in Meta Tags Title 0= off 1= on', 3, 54, NULL, '2013-06-18 14:30:30', NULL, 'zen_cfg_select_drop_down(array(array(''id''=>''1'', ''text''=>''True''), array(''id''=>''0'', ''text''=>''False'')), '),
(89, 'Show Metatags Title Default - Document Title', 'SHOW_DOCUMENT_PRODUCT_INFO_METATAGS_TITLE_STATUS', '1', 'Display Document Title in Meta Tags Title 0= off 1= on', 4, 50, NULL, '2013-06-18 14:30:30', NULL, 'zen_cfg_select_drop_down(array(array(''id''=>''1'', ''text''=>''True''), array(''id''=>''0'', ''text''=>''False'')), '),
(90, 'Show Metatags Title Default - Document Name', 'SHOW_DOCUMENT_PRODUCT_INFO_METATAGS_PRODUCTS_NAME_STATUS', '1', 'Display Document Name in Meta Tags Title 0= off 1= on', 4, 51, NULL, '2013-06-18 14:30:30', NULL, 'zen_cfg_select_drop_down(array(array(''id''=>''1'', ''text''=>''True''), array(''id''=>''0'', ''text''=>''False'')), '),
(91, 'Show Metatags Title Default - Document Model', 'SHOW_DOCUMENT_PRODUCT_INFO_METATAGS_MODEL_STATUS', '1', 'Display Document Model in Meta Tags Title 0= off 1= on', 4, 52, NULL, '2013-06-18 14:30:30', NULL, 'zen_cfg_select_drop_down(array(array(''id''=>''1'', ''text''=>''True''), array(''id''=>''0'', ''text''=>''False'')), '),
(92, 'Show Metatags Title Default - Document Price', 'SHOW_DOCUMENT_PRODUCT_INFO_METATAGS_PRICE_STATUS', '1', 'Display Document Price in Meta Tags Title 0= off 1= on', 4, 53, NULL, '2013-06-18 14:30:30', NULL, 'zen_cfg_select_drop_down(array(array(''id''=>''1'', ''text''=>''True''), array(''id''=>''0'', ''text''=>''False'')), '),
(93, 'Show Metatags Title Default - Document Tagline', 'SHOW_DOCUMENT_PRODUCT_INFO_METATAGS_TITLE_TAGLINE_STATUS', '1', 'Display Document Tagline in Meta Tags Title 0= off 1= on', 4, 54, NULL, '2013-06-18 14:30:30', NULL, 'zen_cfg_select_drop_down(array(array(''id''=>''1'', ''text''=>''True''), array(''id''=>''0'', ''text''=>''False'')), '),
(94, 'Show Metatags Title Default - Product Title', 'SHOW_PRODUCT_FREE_SHIPPING_INFO_METATAGS_TITLE_STATUS', '1', 'Display Product Title in Meta Tags Title 0= off 1= on', 5, 50, NULL, '2013-06-18 14:30:30', NULL, 'zen_cfg_select_drop_down(array(array(''id''=>''1'', ''text''=>''True''), array(''id''=>''0'', ''text''=>''False'')), '),
(95, 'Show Metatags Title Default - Product Name', 'SHOW_PRODUCT_FREE_SHIPPING_INFO_METATAGS_PRODUCTS_NAME_STATUS', '1', 'Display Product Name in Meta Tags Title 0= off 1= on', 5, 51, NULL, '2013-06-18 14:30:30', NULL, 'zen_cfg_select_drop_down(array(array(''id''=>''1'', ''text''=>''True''), array(''id''=>''0'', ''text''=>''False'')), '),
(96, 'Show Metatags Title Default - Product Model', 'SHOW_PRODUCT_FREE_SHIPPING_INFO_METATAGS_MODEL_STATUS', '1', 'Display Product Model in Meta Tags Title 0= off 1= on', 5, 52, NULL, '2013-06-18 14:30:30', NULL, 'zen_cfg_select_drop_down(array(array(''id''=>''1'', ''text''=>''True''), array(''id''=>''0'', ''text''=>''False'')), '),
(97, 'Show Metatags Title Default - Product Price', 'SHOW_PRODUCT_FREE_SHIPPING_INFO_METATAGS_PRICE_STATUS', '1', 'Display Product Price in Meta Tags Title 0= off 1= on', 5, 53, NULL, '2013-06-18 14:30:30', NULL, 'zen_cfg_select_drop_down(array(array(''id''=>''1'', ''text''=>''True''), array(''id''=>''0'', ''text''=>''False'')), '),
(98, 'Show Metatags Title Default - Product Tagline', 'SHOW_PRODUCT_FREE_SHIPPING_INFO_METATAGS_TITLE_TAGLINE_STATUS', '1', 'Display Product Tagline in Meta Tags Title 0= off 1= on', 5, 54, NULL, '2013-06-18 14:30:30', NULL, 'zen_cfg_select_drop_down(array(array(''id''=>''1'', ''text''=>''True''), array(''id''=>''0'', ''text''=>''False'')), '),
(99, 'PRODUCT Attribute is Display Only - Default', 'DEFAULT_PRODUCT_ATTRIBUTES_DISPLAY_ONLY', '0', 'PRODUCT Attribute is Display Only<br />Used For Display Purposes Only<br />0= No 1= Yes', 1, 200, NULL, '2013-06-18 14:30:30', NULL, 'zen_cfg_select_drop_down(array(array(''id''=>''1'', ''text''=>''Yes''), array(''id''=>''0'', ''text''=>''No'')), '),
(100, 'PRODUCT Attribute is Free - Default', 'DEFAULT_PRODUCT_ATTRIBUTE_IS_FREE', '1', 'PRODUCT Attribute is Free<br />Attribute is Free When Product is Free<br />0= No 1= Yes', 1, 201, NULL, '2013-06-18 14:30:30', NULL, 'zen_cfg_select_drop_down(array(array(''id''=>''1'', ''text''=>''Yes''), array(''id''=>''0'', ''text''=>''No'')), '),
(101, 'PRODUCT Attribute is Default - Default', 'DEFAULT_PRODUCT_ATTRIBUTES_DEFAULT', '0', 'PRODUCT Attribute is Default<br />Default Attribute to be Marked Selected<br />0= No 1= Yes', 1, 202, NULL, '2013-06-18 14:30:30', NULL, 'zen_cfg_select_drop_down(array(array(''id''=>''1'', ''text''=>''Yes''), array(''id''=>''0'', ''text''=>''No'')), '),
(102, 'PRODUCT Attribute is Discounted - Default', 'DEFAULT_PRODUCT_ATTRIBUTES_DISCOUNTED', '1', 'PRODUCT Attribute is Discounted<br />Apply Discounts Used by Product Special/Sale<br />0= No 1= Yes', 1, 203, NULL, '2013-06-18 14:30:30', NULL, 'zen_cfg_select_drop_down(array(array(''id''=>''1'', ''text''=>''Yes''), array(''id''=>''0'', ''text''=>''No'')), '),
(103, 'PRODUCT Attribute is Included in Base Price - Default', 'DEFAULT_PRODUCT_ATTRIBUTES_PRICE_BASE_INCLUDED', '1', 'PRODUCT Attribute is Included in Base Price<br />Include in Base Price When Priced by Attributes<br />0= No 1= Yes', 1, 204, NULL, '2013-06-18 14:30:30', NULL, 'zen_cfg_select_drop_down(array(array(''id''=>''1'', ''text''=>''Yes''), array(''id''=>''0'', ''text''=>''No'')), '),
(104, 'PRODUCT Attribute is Required - Default', 'DEFAULT_PRODUCT_ATTRIBUTES_REQUIRED', '0', 'PRODUCT Attribute is Required<br />Attribute Required for Text<br />0= No 1= Yes', 1, 205, NULL, '2013-06-18 14:30:30', NULL, 'zen_cfg_select_drop_down(array(array(''id''=>''1'', ''text''=>''Yes''), array(''id''=>''0'', ''text''=>''No'')), '),
(105, 'PRODUCT Attribute Price Prefix - Default', 'DEFAULT_PRODUCT_PRICE_PREFIX', '1', 'PRODUCT Attribute Price Prefix<br />Default Attribute Price Prefix for Adding<br />Blank, + or -', 1, 206, NULL, '2013-06-18 14:30:30', NULL, 'zen_cfg_select_drop_down(array(array(''id''=>''0'', ''text''=>''Blank''), array(''id''=>''1'', ''text''=>''+''), array(''id''=>''2'', ''text''=>''-'')), '),
(106, 'PRODUCT Attribute Weight Prefix - Default', 'DEFAULT_PRODUCT_PRODUCTS_ATTRIBUTES_WEIGHT_PREFIX', '1', 'PRODUCT Attribute Weight Prefix<br />Default Attribute Weight Prefix<br />Blank, + or -', 1, 207, NULL, '2013-06-18 14:30:30', NULL, 'zen_cfg_select_drop_down(array(array(''id''=>''0'', ''text''=>''Blank''), array(''id''=>''1'', ''text''=>''+''), array(''id''=>''2'', ''text''=>''-'')), '),
(107, 'MUSIC Attribute is Display Only - Default', 'DEFAULT_PRODUCT_MUSIC_ATTRIBUTES_DISPLAY_ONLY', '0', 'MUSIC Attribute is Display Only<br />Used For Display Purposes Only<br />0= No 1= Yes', 2, 200, NULL, '2013-06-18 14:30:30', NULL, 'zen_cfg_select_drop_down(array(array(''id''=>''1'', ''text''=>''Yes''), array(''id''=>''0'', ''text''=>''No'')), '),
(108, 'MUSIC Attribute is Free - Default', 'DEFAULT_PRODUCT_MUSIC_ATTRIBUTE_IS_FREE', '1', 'MUSIC Attribute is Free<br />Attribute is Free When Product is Free<br />0= No 1= Yes', 2, 201, NULL, '2013-06-18 14:30:30', NULL, 'zen_cfg_select_drop_down(array(array(''id''=>''1'', ''text''=>''Yes''), array(''id''=>''0'', ''text''=>''No'')), '),
(109, 'MUSIC Attribute is Default - Default', 'DEFAULT_PRODUCT_MUSIC_ATTRIBUTES_DEFAULT', '0', 'MUSIC Attribute is Default<br />Default Attribute to be Marked Selected<br />0= No 1= Yes', 2, 202, NULL, '2013-06-18 14:30:30', NULL, 'zen_cfg_select_drop_down(array(array(''id''=>''1'', ''text''=>''Yes''), array(''id''=>''0'', ''text''=>''No'')), '),
(110, 'MUSIC Attribute is Discounted - Default', 'DEFAULT_PRODUCT_MUSIC_ATTRIBUTES_DISCOUNTED', '1', 'MUSIC Attribute is Discounted<br />Apply Discounts Used by Product Special/Sale<br />0= No 1= Yes', 2, 203, NULL, '2013-06-18 14:30:30', NULL, 'zen_cfg_select_drop_down(array(array(''id''=>''1'', ''text''=>''Yes''), array(''id''=>''0'', ''text''=>''No'')), '),
(111, 'MUSIC Attribute is Included in Base Price - Default', 'DEFAULT_PRODUCT_MUSIC_ATTRIBUTES_PRICE_BASE_INCLUDED', '1', 'MUSIC Attribute is Included in Base Price<br />Include in Base Price When Priced by Attributes<br />0= No 1= Yes', 2, 204, NULL, '2013-06-18 14:30:30', NULL, 'zen_cfg_select_drop_down(array(array(''id''=>''1'', ''text''=>''Yes''), array(''id''=>''0'', ''text''=>''No'')), '),
(112, 'MUSIC Attribute is Required - Default', 'DEFAULT_PRODUCT_MUSIC_ATTRIBUTES_REQUIRED', '0', 'MUSIC Attribute is Required<br />Attribute Required for Text<br />0= No 1= Yes', 2, 205, NULL, '2013-06-18 14:30:30', NULL, 'zen_cfg_select_drop_down(array(array(''id''=>''1'', ''text''=>''Yes''), array(''id''=>''0'', ''text''=>''No'')), '),
(113, 'MUSIC Attribute Price Prefix - Default', 'DEFAULT_PRODUCT_MUSIC_PRICE_PREFIX', '1', 'MUSIC Attribute Price Prefix<br />Default Attribute Price Prefix for Adding<br />Blank, + or -', 2, 206, NULL, '2013-06-18 14:30:30', NULL, 'zen_cfg_select_drop_down(array(array(''id''=>''0'', ''text''=>''Blank''), array(''id''=>''1'', ''text''=>''+''), array(''id''=>''2'', ''text''=>''-'')), '),
(114, 'MUSIC Attribute Weight Prefix - Default', 'DEFAULT_PRODUCT_MUSIC_PRODUCTS_ATTRIBUTES_WEIGHT_PREFIX', '1', 'MUSIC Attribute Weight Prefix<br />Default Attribute Weight Prefix<br />Blank, + or -', 2, 207, NULL, '2013-06-18 14:30:30', NULL, 'zen_cfg_select_drop_down(array(array(''id''=>''0'', ''text''=>''Blank''), array(''id''=>''1'', ''text''=>''+''), array(''id''=>''2'', ''text''=>''-'')), '),
(115, 'DOCUMENT GENERAL Attribute is Display Only - Default', 'DEFAULT_DOCUMENT_GENERAL_ATTRIBUTES_DISPLAY_ONLY', '0', 'DOCUMENT GENERAL Attribute is Display Only<br />Used For Display Purposes Only<br />0= No 1= Yes', 3, 200, NULL, '2013-06-18 14:30:30', NULL, 'zen_cfg_select_drop_down(array(array(''id''=>''1'', ''text''=>''Yes''), array(''id''=>''0'', ''text''=>''No'')), '),
(116, 'DOCUMENT GENERAL Attribute is Free - Default', 'DEFAULT_DOCUMENT_GENERAL_ATTRIBUTE_IS_FREE', '1', 'DOCUMENT GENERAL Attribute is Free<br />Attribute is Free When Product is Free<br />0= No 1= Yes', 3, 201, NULL, '2013-06-18 14:30:30', NULL, 'zen_cfg_select_drop_down(array(array(''id''=>''1'', ''text''=>''Yes''), array(''id''=>''0'', ''text''=>''No'')), '),
(117, 'DOCUMENT GENERAL Attribute is Default - Default', 'DEFAULT_DOCUMENT_GENERAL_ATTRIBUTES_DEFAULT', '0', 'DOCUMENT GENERAL Attribute is Default<br />Default Attribute to be Marked Selected<br />0= No 1= Yes', 3, 202, NULL, '2013-06-18 14:30:30', NULL, 'zen_cfg_select_drop_down(array(array(''id''=>''1'', ''text''=>''Yes''), array(''id''=>''0'', ''text''=>''No'')), '),
(118, 'DOCUMENT GENERAL Attribute is Discounted - Default', 'DEFAULT_DOCUMENT_GENERAL_ATTRIBUTES_DISCOUNTED', '1', 'DOCUMENT GENERAL Attribute is Discounted<br />Apply Discounts Used by Product Special/Sale<br />0= No 1= Yes', 3, 203, NULL, '2013-06-18 14:30:30', NULL, 'zen_cfg_select_drop_down(array(array(''id''=>''1'', ''text''=>''Yes''), array(''id''=>''0'', ''text''=>''No'')), '),
(119, 'DOCUMENT GENERAL Attribute is Included in Base Price - Default', 'DEFAULT_DOCUMENT_GENERAL_ATTRIBUTES_PRICE_BASE_INCLUDED', '1', 'DOCUMENT GENERAL Attribute is Included in Base Price<br />Include in Base Price When Priced by Attributes<br />0= No 1= Yes', 3, 204, NULL, '2013-06-18 14:30:30', NULL, 'zen_cfg_select_drop_down(array(array(''id''=>''1'', ''text''=>''Yes''), array(''id''=>''0'', ''text''=>''No'')), '),
(120, 'DOCUMENT GENERAL Attribute is Required - Default', 'DEFAULT_DOCUMENT_GENERAL_ATTRIBUTES_REQUIRED', '0', 'DOCUMENT GENERAL Attribute is Required<br />Attribute Required for Text<br />0= No 1= Yes', 3, 205, NULL, '2013-06-18 14:30:30', NULL, 'zen_cfg_select_drop_down(array(array(''id''=>''1'', ''text''=>''Yes''), array(''id''=>''0'', ''text''=>''No'')), '),
(121, 'DOCUMENT GENERAL Attribute Price Prefix - Default', 'DEFAULT_DOCUMENT_GENERAL_PRICE_PREFIX', '1', 'DOCUMENT GENERAL Attribute Price Prefix<br />Default Attribute Price Prefix for Adding<br />Blank, + or -', 3, 206, NULL, '2013-06-18 14:30:30', NULL, 'zen_cfg_select_drop_down(array(array(''id''=>''0'', ''text''=>''Blank''), array(''id''=>''1'', ''text''=>''+''), array(''id''=>''2'', ''text''=>''-'')), '),
(122, 'DOCUMENT GENERAL Attribute Weight Prefix - Default', 'DEFAULT_DOCUMENT_GENERAL_PRODUCTS_ATTRIBUTES_WEIGHT_PREFIX', '1', 'DOCUMENT GENERAL Attribute Weight Prefix<br />Default Attribute Weight Prefix<br />Blank, + or -', 3, 207, NULL, '2013-06-18 14:30:30', NULL, 'zen_cfg_select_drop_down(array(array(''id''=>''0'', ''text''=>''Blank''), array(''id''=>''1'', ''text''=>''+''), array(''id''=>''2'', ''text''=>''-'')), '),
(123, 'DOCUMENT PRODUCT Attribute is Display Only - Default', 'DEFAULT_DOCUMENT_PRODUCT_ATTRIBUTES_DISPLAY_ONLY', '0', 'DOCUMENT PRODUCT Attribute is Display Only<br />Used For Display Purposes Only<br />0= No 1= Yes', 4, 200, NULL, '2013-06-18 14:30:30', NULL, 'zen_cfg_select_drop_down(array(array(''id''=>''1'', ''text''=>''Yes''), array(''id''=>''0'', ''text''=>''No'')), '),
(124, 'DOCUMENT PRODUCT Attribute is Free - Default', 'DEFAULT_DOCUMENT_PRODUCT_ATTRIBUTE_IS_FREE', '1', 'DOCUMENT PRODUCT Attribute is Free<br />Attribute is Free When Product is Free<br />0= No 1= Yes', 4, 201, NULL, '2013-06-18 14:30:30', NULL, 'zen_cfg_select_drop_down(array(array(''id''=>''1'', ''text''=>''Yes''), array(''id''=>''0'', ''text''=>''No'')), '),
(125, 'DOCUMENT PRODUCT Attribute is Default - Default', 'DEFAULT_DOCUMENT_PRODUCT_ATTRIBUTES_DEFAULT', '0', 'DOCUMENT PRODUCT Attribute is Default<br />Default Attribute to be Marked Selected<br />0= No 1= Yes', 4, 202, NULL, '2013-06-18 14:30:30', NULL, 'zen_cfg_select_drop_down(array(array(''id''=>''1'', ''text''=>''Yes''), array(''id''=>''0'', ''text''=>''No'')), '),
(126, 'DOCUMENT PRODUCT Attribute is Discounted - Default', 'DEFAULT_DOCUMENT_PRODUCT_ATTRIBUTES_DISCOUNTED', '1', 'DOCUMENT PRODUCT Attribute is Discounted<br />Apply Discounts Used by Product Special/Sale<br />0= No 1= Yes', 4, 203, NULL, '2013-06-18 14:30:30', NULL, 'zen_cfg_select_drop_down(array(array(''id''=>''1'', ''text''=>''Yes''), array(''id''=>''0'', ''text''=>''No'')), '),
(127, 'DOCUMENT PRODUCT Attribute is Included in Base Price - Default', 'DEFAULT_DOCUMENT_PRODUCT_ATTRIBUTES_PRICE_BASE_INCLUDED', '1', 'DOCUMENT PRODUCT Attribute is Included in Base Price<br />Include in Base Price When Priced by Attributes<br />0= No 1= Yes', 4, 204, NULL, '2013-06-18 14:30:30', NULL, 'zen_cfg_select_drop_down(array(array(''id''=>''1'', ''text''=>''Yes''), array(''id''=>''0'', ''text''=>''No'')), '),
(128, 'DOCUMENT PRODUCT Attribute is Required - Default', 'DEFAULT_DOCUMENT_PRODUCT_ATTRIBUTES_REQUIRED', '0', 'DOCUMENT PRODUCT Attribute is Required<br />Attribute Required for Text<br />0= No 1= Yes', 4, 205, NULL, '2013-06-18 14:30:30', NULL, 'zen_cfg_select_drop_down(array(array(''id''=>''1'', ''text''=>''Yes''), array(''id''=>''0'', ''text''=>''No'')), '),
(129, 'DOCUMENT PRODUCT Attribute Price Prefix - Default', 'DEFAULT_DOCUMENT_PRODUCT_PRICE_PREFIX', '1', 'DOCUMENT PRODUCT Attribute Price Prefix<br />Default Attribute Price Prefix for Adding<br />Blank, + or -', 4, 206, NULL, '2013-06-18 14:30:30', NULL, 'zen_cfg_select_drop_down(array(array(''id''=>''0'', ''text''=>''Blank''), array(''id''=>''1'', ''text''=>''+''), array(''id''=>''2'', ''text''=>''-'')), '),
(130, 'DOCUMENT PRODUCT Attribute Weight Prefix - Default', 'DEFAULT_DOCUMENT_PRODUCT_PRODUCTS_ATTRIBUTES_WEIGHT_PREFIX', '1', 'DOCUMENT PRODUCT Attribute Weight Prefix<br />Default Attribute Weight Prefix<br />Blank, + or -', 4, 207, NULL, '2013-06-18 14:30:30', NULL, 'zen_cfg_select_drop_down(array(array(''id''=>''0'', ''text''=>''Blank''), array(''id''=>''1'', ''text''=>''+''), array(''id''=>''2'', ''text''=>''-'')), '),
(131, 'PRODUCT FREE SHIPPING Attribute is Display Only - Default', 'DEFAULT_PRODUCT_FREE_SHIPPING_ATTRIBUTES_DISPLAY_ONLY', '0', 'PRODUCT FREE SHIPPING Attribute is Display Only<br />Used For Display Purposes Only<br />0= No 1= Yes', 5, 201, NULL, '2013-06-18 14:30:30', NULL, 'zen_cfg_select_drop_down(array(array(''id''=>''1'', ''text''=>''Yes''), array(''id''=>''0'', ''text''=>''No'')), '),
(132, 'PRODUCT FREE SHIPPING Attribute is Free - Default', 'DEFAULT_PRODUCT_FREE_SHIPPING_ATTRIBUTE_IS_FREE', '1', 'PRODUCT FREE SHIPPING Attribute is Free<br />Attribute is Free When Product is Free<br />0= No 1= Yes', 5, 201, NULL, '2013-06-18 14:30:30', NULL, 'zen_cfg_select_drop_down(array(array(''id''=>''1'', ''text''=>''Yes''), array(''id''=>''0'', ''text''=>''No'')), '),
(133, 'PRODUCT FREE SHIPPING Attribute is Default - Default', 'DEFAULT_PRODUCT_FREE_SHIPPING_ATTRIBUTES_DEFAULT', '0', 'PRODUCT FREE SHIPPING Attribute is Default<br />Default Attribute to be Marked Selected<br />0= No 1= Yes', 5, 202, NULL, '2013-06-18 14:30:30', NULL, 'zen_cfg_select_drop_down(array(array(''id''=>''1'', ''text''=>''Yes''), array(''id''=>''0'', ''text''=>''No'')), '),
(134, 'PRODUCT FREE SHIPPING Attribute is Discounted - Default', 'DEFAULT_PRODUCT_FREE_SHIPPING_ATTRIBUTES_DISCOUNTED', '1', 'PRODUCT FREE SHIPPING Attribute is Discounted<br />Apply Discounts Used by Product Special/Sale<br />0= No 1= Yes', 5, 203, NULL, '2013-06-18 14:30:30', NULL, 'zen_cfg_select_drop_down(array(array(''id''=>''1'', ''text''=>''Yes''), array(''id''=>''0'', ''text''=>''No'')), '),
(135, 'PRODUCT FREE SHIPPING Attribute is Included in Base Price - Default', 'DEFAULT_PRODUCT_FREE_SHIPPING_ATTRIBUTES_PRICE_BASE_INCLUDED', '1', 'PRODUCT FREE SHIPPING Attribute is Included in Base Price<br />Include in Base Price When Priced by Attributes<br />0= No 1= Yes', 5, 204, NULL, '2013-06-18 14:30:30', NULL, 'zen_cfg_select_drop_down(array(array(''id''=>''1'', ''text''=>''Yes''), array(''id''=>''0'', ''text''=>''No'')), '),
(136, 'PRODUCT FREE SHIPPING Attribute is Required - Default', 'DEFAULT_PRODUCT_FREE_SHIPPING_ATTRIBUTES_REQUIRED', '0', 'PRODUCT FREE SHIPPING Attribute is Required<br />Attribute Required for Text<br />0= No 1= Yes', 5, 205, NULL, '2013-06-18 14:30:30', NULL, 'zen_cfg_select_drop_down(array(array(''id''=>''1'', ''text''=>''Yes''), array(''id''=>''0'', ''text''=>''No'')), '),
(137, 'PRODUCT FREE SHIPPING Attribute Price Prefix - Default', 'DEFAULT_PRODUCT_FREE_SHIPPING_PRICE_PREFIX', '1', 'PRODUCT FREE SHIPPING Attribute Price Prefix<br />Default Attribute Price Prefix for Adding<br />Blank, + or -', 5, 206, NULL, '2013-06-18 14:30:30', NULL, 'zen_cfg_select_drop_down(array(array(''id''=>''0'', ''text''=>''Blank''), array(''id''=>''1'', ''text''=>''+''), array(''id''=>''2'', ''text''=>''-'')), '),
(138, 'PRODUCT FREE SHIPPING Attribute Weight Prefix - Default', 'DEFAULT_PRODUCT_FREE_SHIPPING_PRODUCTS_ATTRIBUTES_WEIGHT_PREFIX', '1', 'PRODUCT FREE SHIPPING Attribute Weight Prefix<br />Default Attribute Weight Prefix<br />Blank, + or -', 5, 207, NULL, '2013-06-18 14:30:30', NULL, 'zen_cfg_select_drop_down(array(array(''id''=>''0'', ''text''=>''Blank''), array(''id''=>''1'', ''text''=>''+''), array(''id''=>''2'', ''text''=>''-'')), ');

-- --------------------------------------------------------

--
-- Table structure for table `project_version`
--

CREATE TABLE IF NOT EXISTS `project_version` (
  `project_version_id` tinyint(3) NOT NULL AUTO_INCREMENT,
  `project_version_key` varchar(40) NOT NULL DEFAULT '',
  `project_version_major` varchar(20) NOT NULL DEFAULT '',
  `project_version_minor` varchar(20) NOT NULL DEFAULT '',
  `project_version_patch1` varchar(20) NOT NULL DEFAULT '',
  `project_version_patch2` varchar(20) NOT NULL DEFAULT '',
  `project_version_patch1_source` varchar(20) NOT NULL DEFAULT '',
  `project_version_patch2_source` varchar(20) NOT NULL DEFAULT '',
  `project_version_comment` varchar(250) NOT NULL DEFAULT '',
  `project_version_date_applied` datetime NOT NULL DEFAULT '0001-01-01 01:01:01',
  PRIMARY KEY (`project_version_id`),
  UNIQUE KEY `idx_project_version_key_zen` (`project_version_key`)
) ENGINE=MyISAM  DEFAULT CHARSET=utf8 COMMENT='Database Version Tracking' AUTO_INCREMENT=3 ;

--
-- Dumping data for table `project_version`
--

INSERT INTO `project_version` (`project_version_id`, `project_version_key`, `project_version_major`, `project_version_minor`, `project_version_patch1`, `project_version_patch2`, `project_version_patch1_source`, `project_version_patch2_source`, `project_version_comment`, `project_version_date_applied`) VALUES
(1, 'Zen-Cart Main', '1', '5.1', '', '', '', '', 'New Installation', '2013-06-18 14:30:30'),
(2, 'Zen-Cart Database', '1', '5.1', '', '', '', '', 'New Installation', '2013-06-18 14:30:30');

-- --------------------------------------------------------

--
-- Table structure for table `project_version_history`
--

CREATE TABLE IF NOT EXISTS `project_version_history` (
  `project_version_id` tinyint(3) NOT NULL AUTO_INCREMENT,
  `project_version_key` varchar(40) NOT NULL DEFAULT '',
  `project_version_major` varchar(20) NOT NULL DEFAULT '',
  `project_version_minor` varchar(20) NOT NULL DEFAULT '',
  `project_version_patch` varchar(20) NOT NULL DEFAULT '',
  `project_version_comment` varchar(250) NOT NULL DEFAULT '',
  `project_version_date_applied` datetime NOT NULL DEFAULT '0001-01-01 01:01:01',
  PRIMARY KEY (`project_version_id`)
) ENGINE=MyISAM  DEFAULT CHARSET=utf8 COMMENT='Database Version Tracking History' AUTO_INCREMENT=3 ;

--
-- Dumping data for table `project_version_history`
--

INSERT INTO `project_version_history` (`project_version_id`, `project_version_key`, `project_version_major`, `project_version_minor`, `project_version_patch`, `project_version_comment`, `project_version_date_applied`) VALUES
(1, 'Zen-Cart Main', '1', '5.1', '', 'New Installation', '2013-06-18 14:30:30'),
(2, 'Zen-Cart Database', '1', '5.1', '', 'New Installation', '2013-06-18 14:30:30');

-- --------------------------------------------------------

--
-- Table structure for table `query_builder`
--

CREATE TABLE IF NOT EXISTS `query_builder` (
  `query_id` int(11) NOT NULL AUTO_INCREMENT,
  `query_category` varchar(40) NOT NULL DEFAULT '',
  `query_name` varchar(80) NOT NULL DEFAULT '',
  `query_description` text NOT NULL,
  `query_string` text NOT NULL,
  `query_keys_list` text NOT NULL,
  PRIMARY KEY (`query_id`),
  UNIQUE KEY `query_name` (`query_name`)
) ENGINE=MyISAM  DEFAULT CHARSET=utf8 COMMENT='Stores queries for re-use in Admin email and report modules' AUTO_INCREMENT=8 ;

--
-- Dumping data for table `query_builder`
--

INSERT INTO `query_builder` (`query_id`, `query_category`, `query_name`, `query_description`, `query_string`, `query_keys_list`) VALUES
(1, 'email', 'All Customers', 'Returns all customers name and email address for sending mass emails (ie: for newsletters, coupons, GVs, messages, etc).', 'select customers_email_address, customers_firstname, customers_lastname from TABLE_CUSTOMERS order by customers_lastname, customers_firstname, customers_email_address', ''),
(2, 'email,newsletters', 'All Newsletter Subscribers', 'Returns name and email address of newsletter subscribers', 'select customers_firstname, customers_lastname, customers_email_address from TABLE_CUSTOMERS where customers_newsletter = ''1''', ''),
(3, 'email,newsletters', 'Dormant Customers (>3months) (Subscribers)', 'Subscribers who HAVE purchased something, but have NOT purchased for at least three months.', 'select o.date_purchased, c.customers_email_address, c.customers_lastname, c.customers_firstname from TABLE_CUSTOMERS c, TABLE_ORDERS o WHERE c.customers_id = o.customers_id AND c.customers_newsletter = 1 GROUP BY c.customers_email_address HAVING max(o.date_purchased) <= subdate(now(),INTERVAL 3 MONTH) ORDER BY c.customers_lastname, c.customers_firstname ASC', ''),
(4, 'email,newsletters', 'Active customers in past 3 months (Subscribers)', 'Newsletter subscribers who are also active customers (purchased something) in last 3 months.', 'select c.customers_email_address, c.customers_lastname, c.customers_firstname from TABLE_CUSTOMERS c, TABLE_ORDERS o where c.customers_newsletter = ''1'' AND c.customers_id = o.customers_id and o.date_purchased > subdate(now(),INTERVAL 3 MONTH) GROUP BY c.customers_email_address order by c.customers_lastname, c.customers_firstname ASC', ''),
(5, 'email,newsletters', 'Active customers in past 3 months (Regardless of subscription status)', 'All active customers (purchased something) in last 3 months, ignoring newsletter-subscription status.', 'select c.customers_email_address, c.customers_lastname, c.customers_firstname from TABLE_CUSTOMERS c, TABLE_ORDERS o WHERE c.customers_id = o.customers_id and o.date_purchased > subdate(now(),INTERVAL 3 MONTH) GROUP BY c.customers_email_address order by c.customers_lastname, c.customers_firstname ASC', ''),
(6, 'email,newsletters', 'Administrator', 'Just the email account of the current administrator', 'select ''ADMIN'' as customers_firstname, admin_name as customers_lastname, admin_email as customers_email_address from TABLE_ADMIN where admin_id = $SESSION:admin_id', ''),
(7, 'email,newsletters', 'Customers who have never completed a purchase', 'For sending newsletter to all customers who registered but have never completed a purchase', 'SELECT DISTINCT c.customers_email_address as customers_email_address, c.customers_lastname as customers_lastname, c.customers_firstname as customers_firstname FROM TABLE_CUSTOMERS c LEFT JOIN  TABLE_ORDERS o ON c.customers_id=o.customers_id WHERE o.date_purchased IS NULL', '');

-- --------------------------------------------------------

--
-- Table structure for table `record_artists`
--

CREATE TABLE IF NOT EXISTS `record_artists` (
  `artists_id` int(11) NOT NULL AUTO_INCREMENT,
  `artists_name` varchar(32) NOT NULL DEFAULT '',
  `artists_image` varchar(64) DEFAULT NULL,
  `date_added` datetime DEFAULT NULL,
  `last_modified` datetime DEFAULT NULL,
  PRIMARY KEY (`artists_id`),
  KEY `idx_rec_artists_name_zen` (`artists_name`)
) ENGINE=MyISAM DEFAULT CHARSET=utf8 AUTO_INCREMENT=1 ;

-- --------------------------------------------------------

--
-- Table structure for table `record_artists_info`
--

CREATE TABLE IF NOT EXISTS `record_artists_info` (
  `artists_id` int(11) NOT NULL DEFAULT '0',
  `languages_id` int(11) NOT NULL DEFAULT '0',
  `artists_url` varchar(255) NOT NULL DEFAULT '',
  `url_clicked` int(5) NOT NULL DEFAULT '0',
  `date_last_click` datetime DEFAULT NULL,
  PRIMARY KEY (`artists_id`,`languages_id`)
) ENGINE=MyISAM DEFAULT CHARSET=utf8;

-- --------------------------------------------------------

--
-- Table structure for table `record_company`
--

CREATE TABLE IF NOT EXISTS `record_company` (
  `record_company_id` int(11) NOT NULL AUTO_INCREMENT,
  `record_company_name` varchar(32) NOT NULL DEFAULT '',
  `record_company_image` varchar(64) DEFAULT NULL,
  `date_added` datetime DEFAULT NULL,
  `last_modified` datetime DEFAULT NULL,
  PRIMARY KEY (`record_company_id`),
  KEY `idx_rec_company_name_zen` (`record_company_name`)
) ENGINE=MyISAM DEFAULT CHARSET=utf8 AUTO_INCREMENT=1 ;

-- --------------------------------------------------------

--
-- Table structure for table `record_company_info`
--

CREATE TABLE IF NOT EXISTS `record_company_info` (
  `record_company_id` int(11) NOT NULL DEFAULT '0',
  `languages_id` int(11) NOT NULL DEFAULT '0',
  `record_company_url` varchar(255) NOT NULL DEFAULT '',
  `url_clicked` int(5) NOT NULL DEFAULT '0',
  `date_last_click` datetime DEFAULT NULL,
  PRIMARY KEY (`record_company_id`,`languages_id`)
) ENGINE=MyISAM DEFAULT CHARSET=utf8;

-- --------------------------------------------------------

--
-- Table structure for table `reviews`
--

CREATE TABLE IF NOT EXISTS `reviews` (
  `reviews_id` int(11) NOT NULL AUTO_INCREMENT,
  `products_id` int(11) NOT NULL DEFAULT '0',
  `customers_id` int(11) DEFAULT NULL,
  `customers_name` varchar(64) NOT NULL DEFAULT '',
  `reviews_rating` int(1) DEFAULT NULL,
  `date_added` datetime DEFAULT NULL,
  `last_modified` datetime DEFAULT NULL,
  `reviews_read` int(5) NOT NULL DEFAULT '0',
  `status` int(1) NOT NULL DEFAULT '1',
  PRIMARY KEY (`reviews_id`),
  KEY `idx_products_id_zen` (`products_id`),
  KEY `idx_customers_id_zen` (`customers_id`),
  KEY `idx_status_zen` (`status`),
  KEY `idx_date_added_zen` (`date_added`)
) ENGINE=MyISAM  DEFAULT CHARSET=utf8 AUTO_INCREMENT=8 ;

--
-- Dumping data for table `reviews`
--

INSERT INTO `reviews` (`reviews_id`, `products_id`, `customers_id`, `customers_name`, `reviews_rating`, `date_added`, `last_modified`, `reviews_read`, `status`) VALUES
(1, 21, 1, 'Munjal Mayank', 5, '2013-06-24 11:09:25', NULL, 1, 1),
(2, 22, 1, 'Munjal Mayank', 5, '2013-06-24 11:09:25', NULL, 0, 1),
(3, 23, 1, 'Munjal Mayank', 5, '2013-06-24 11:09:25', NULL, 0, 1),
(4, 24, 1, 'Munjal Mayank', 5, '2013-06-24 11:09:25', NULL, 0, 1),
(5, 25, 1, 'Munjal Mayank', 5, '2013-06-24 11:09:25', NULL, 0, 1),
(6, 26, 1, 'Munjal Mayank', 5, '2013-06-24 11:09:25', NULL, 9, 1),
(7, 26, 1, 'Munjal Mayank', 4, '2013-06-24 11:34:16', NULL, 0, 0);

-- --------------------------------------------------------

--
-- Table structure for table `reviews_description`
--

CREATE TABLE IF NOT EXISTS `reviews_description` (
  `reviews_id` int(11) NOT NULL DEFAULT '0',
  `languages_id` int(11) NOT NULL DEFAULT '0',
  `reviews_text` text NOT NULL,
  PRIMARY KEY (`reviews_id`,`languages_id`)
) ENGINE=MyISAM DEFAULT CHARSET=utf8;

--
-- Dumping data for table `reviews_description`
--

INSERT INTO `reviews_description` (`reviews_id`, `languages_id`, `reviews_text`) VALUES
(1, 1, 'Lorem ipsum dolor sit amet, consectetuer adipiscing elit. In sit amet dui. Morbi sed mi. Duis accumsan. Etiam blandit tempus lectus. Proin mattis luctus elit. Nullam porttitor lacus euismod ligula. Vestibulum ante ipsum primis in faucibus orci luctus et ultrices posuere cubilia Curae; Curabitur sed lacus. Class aptent taciti sociosqu ad litora torquent per conubia nostra, per inceptos hymenaeos. Etiam sapien ante, rutrum ac, commodo in, posuere ut, nibh. Vivamus non leo. Etiam sodales augue. Sed faucibus ligula. Pellentesque sit amet risus. Etiam imperdiet, dui et luctus mollis, nisi tortor mattis sem, vel ultricies sem purus vel nisl. Etiam eget nunc. Etiam at sem eget justo elementum eleifend.\r\n\r\nUt nec magna. Nunc vel purus. Fusce felis. Suspendisse et ligula non sem volutpat suscipit. Cras sed neque consectetuer lorem ultrices pretium. Curabitur nibh leo, sagittis ut, rhoncus vitae, ornare quis, justo. Sed vel felis eleifend nisl commodo pretium. Etiam bibendum. Quisque porta. Nunc porttitor pretium mauris. Aliquam erat volutpat. Nam dolor nunc, placerat nec, convallis nec, iaculis sit amet, libero. Nam feugiat condimentum libero. Aenean orci mauris, volutpat eget, dignissim quis, placerat sed, enim. Ut dictum mauris ut enim. Aliquam nec lorem. Pellentesque luctus. Pellentesque tempor, lorem id tempus pellentesque, felis eros consectetuer magna, vel congue lectus ante pretium nisl. Etiam non mauris. Pellentesque facilisis.'),
(2, 1, 'Lorem ipsum dolor sit amet, consectetuer adipiscing elit. In sit amet dui. Morbi sed mi. Duis accumsan. Etiam blandit tempus lectus. Proin mattis luctus elit. Nullam porttitor lacus euismod ligula. Vestibulum ante ipsum primis in faucibus orci luctus et ultrices posuere cubilia Curae; Curabitur sed lacus. Class aptent taciti sociosqu ad litora torquent per conubia nostra, per inceptos hymenaeos. Etiam sapien ante, rutrum ac, commodo in, posuere ut, nibh. Vivamus non leo. Etiam sodales augue. Sed faucibus ligula. Pellentesque sit amet risus. Etiam imperdiet, dui et luctus mollis, nisi tortor mattis sem, vel ultricies sem purus vel nisl. Etiam eget nunc. Etiam at sem eget justo elementum eleifend.\r\n\r\nUt nec magna. Nunc vel purus. Fusce felis. Suspendisse et ligula non sem volutpat suscipit. Cras sed neque consectetuer lorem ultrices pretium. Curabitur nibh leo, sagittis ut, rhoncus vitae, ornare quis, justo. Sed vel felis eleifend nisl commodo pretium. Etiam bibendum. Quisque porta. Nunc porttitor pretium mauris. Aliquam erat volutpat. Nam dolor nunc, placerat nec, convallis nec, iaculis sit amet, libero. Nam feugiat condimentum libero. Aenean orci mauris, volutpat eget, dignissim quis, placerat sed, enim. Ut dictum mauris ut enim. Aliquam nec lorem. Pellentesque luctus. Pellentesque tempor, lorem id tempus pellentesque, felis eros consectetuer magna, vel congue lectus ante pretium nisl. Etiam non mauris. Pellentesque facilisis.'),
(3, 1, 'Lorem ipsum dolor sit amet, consectetuer adipiscing elit. In sit amet dui. Morbi sed mi. Duis accumsan. Etiam blandit tempus lectus. Proin mattis luctus elit. Nullam porttitor lacus euismod ligula. Vestibulum ante ipsum primis in faucibus orci luctus et ultrices posuere cubilia Curae; Curabitur sed lacus. Class aptent taciti sociosqu ad litora torquent per conubia nostra, per inceptos hymenaeos. Etiam sapien ante, rutrum ac, commodo in, posuere ut, nibh. Vivamus non leo. Etiam sodales augue. Sed faucibus ligula. Pellentesque sit amet risus. Etiam imperdiet, dui et luctus mollis, nisi tortor mattis sem, vel ultricies sem purus vel nisl. Etiam eget nunc. Etiam at sem eget justo elementum eleifend.\r\n\r\nUt nec magna. Nunc vel purus. Fusce felis. Suspendisse et ligula non sem volutpat suscipit. Cras sed neque consectetuer lorem ultrices pretium. Curabitur nibh leo, sagittis ut, rhoncus vitae, ornare quis, justo. Sed vel felis eleifend nisl commodo pretium. Etiam bibendum. Quisque porta. Nunc porttitor pretium mauris. Aliquam erat volutpat. Nam dolor nunc, placerat nec, convallis nec, iaculis sit amet, libero. Nam feugiat condimentum libero. Aenean orci mauris, volutpat eget, dignissim quis, placerat sed, enim. Ut dictum mauris ut enim. Aliquam nec lorem. Pellentesque luctus. Pellentesque tempor, lorem id tempus pellentesque, felis eros consectetuer magna, vel congue lectus ante pretium nisl. Etiam non mauris. Pellentesque facilisis.'),
(4, 1, 'Lorem ipsum dolor sit amet, consectetuer adipiscing elit. In sit amet dui. Morbi sed mi. Duis accumsan. Etiam blandit tempus lectus. Proin mattis luctus elit. Nullam porttitor lacus euismod ligula. Vestibulum ante ipsum primis in faucibus orci luctus et ultrices posuere cubilia Curae; Curabitur sed lacus. Class aptent taciti sociosqu ad litora torquent per conubia nostra, per inceptos hymenaeos. Etiam sapien ante, rutrum ac, commodo in, posuere ut, nibh. Vivamus non leo. Etiam sodales augue. Sed faucibus ligula. Pellentesque sit amet risus. Etiam imperdiet, dui et luctus mollis, nisi tortor mattis sem, vel ultricies sem purus vel nisl. Etiam eget nunc. Etiam at sem eget justo elementum eleifend.\r\n\r\nUt nec magna. Nunc vel purus. Fusce felis. Suspendisse et ligula non sem volutpat suscipit. Cras sed neque consectetuer lorem ultrices pretium. Curabitur nibh leo, sagittis ut, rhoncus vitae, ornare quis, justo. Sed vel felis eleifend nisl commodo pretium. Etiam bibendum. Quisque porta. Nunc porttitor pretium mauris. Aliquam erat volutpat. Nam dolor nunc, placerat nec, convallis nec, iaculis sit amet, libero. Nam feugiat condimentum libero. Aenean orci mauris, volutpat eget, dignissim quis, placerat sed, enim. Ut dictum mauris ut enim. Aliquam nec lorem. Pellentesque luctus. Pellentesque tempor, lorem id tempus pellentesque, felis eros consectetuer magna, vel congue lectus ante pretium nisl. Etiam non mauris. Pellentesque facilisis.'),
(5, 1, 'Lorem ipsum dolor sit amet, consectetuer adipiscing elit. In sit amet dui. Morbi sed mi. Duis accumsan. Etiam blandit tempus lectus. Proin mattis luctus elit. Nullam porttitor lacus euismod ligula. Vestibulum ante ipsum primis in faucibus orci luctus et ultrices posuere cubilia Curae; Curabitur sed lacus. Class aptent taciti sociosqu ad litora torquent per conubia nostra, per inceptos hymenaeos. Etiam sapien ante, rutrum ac, commodo in, posuere ut, nibh. Vivamus non leo. Etiam sodales augue. Sed faucibus ligula. Pellentesque sit amet risus. Etiam imperdiet, dui et luctus mollis, nisi tortor mattis sem, vel ultricies sem purus vel nisl. Etiam eget nunc. Etiam at sem eget justo elementum eleifend.\r\n\r\nUt nec magna. Nunc vel purus. Fusce felis. Suspendisse et ligula non sem volutpat suscipit. Cras sed neque consectetuer lorem ultrices pretium. Curabitur nibh leo, sagittis ut, rhoncus vitae, ornare quis, justo. Sed vel felis eleifend nisl commodo pretium. Etiam bibendum. Quisque porta. Nunc porttitor pretium mauris. Aliquam erat volutpat. Nam dolor nunc, placerat nec, convallis nec, iaculis sit amet, libero. Nam feugiat condimentum libero. Aenean orci mauris, volutpat eget, dignissim quis, placerat sed, enim. Ut dictum mauris ut enim. Aliquam nec lorem. Pellentesque luctus. Pellentesque tempor, lorem id tempus pellentesque, felis eros consectetuer magna, vel congue lectus ante pretium nisl. Etiam non mauris. Pellentesque facilisis.'),
(6, 1, 'Lorem ipsum dolor sit amet, consectetuer adipiscing elit. In sit amet dui. Morbi sed mi. Duis accumsan. Etiam blandit tempus lectus. Proin mattis luctus elit. Nullam porttitor lacus euismod ligula. Vestibulum ante ipsum primis in faucibus orci luctus et ultrices posuere cubilia Curae; Curabitur sed lacus. Class aptent taciti sociosqu ad litora torquent per conubia nostra, per inceptos hymenaeos. Etiam sapien ante, rutrum ac, commodo in, posuere ut, nibh. Vivamus non leo. Etiam sodales augue. Sed faucibus ligula. Pellentesque sit amet risus. Etiam imperdiet, dui et luctus mollis, nisi tortor mattis sem, vel ultricies sem purus vel nisl. Etiam eget nunc. Etiam at sem eget justo elementum eleifend.\r\n\r\nUt nec magna. Nunc vel purus. Fusce felis. Suspendisse et ligula non sem volutpat suscipit. Cras sed neque consectetuer lorem ultrices pretium. Curabitur nibh leo, sagittis ut, rhoncus vitae, ornare quis, justo. Sed vel felis eleifend nisl commodo pretium. Etiam bibendum. Quisque porta. Nunc porttitor pretium mauris. Aliquam erat volutpat. Nam dolor nunc, placerat nec, convallis nec, iaculis sit amet, libero. Nam feugiat condimentum libero. Aenean orci mauris, volutpat eget, dignissim quis, placerat sed, enim. Ut dictum mauris ut enim. Aliquam nec lorem. Pellentesque luctus. Pellentesque tempor, lorem id tempus pellentesque, felis eros consectetuer magna, vel congue lectus ante pretium nisl. Etiam non mauris. Pellentesque facilisis.'),
(7, 1, 'testing Munjal testing Munjal testing Munjal testing Munjal testing Munjal testing Munjal');

-- --------------------------------------------------------

--
-- Table structure for table `salemaker_sales`
--

CREATE TABLE IF NOT EXISTS `salemaker_sales` (
  `sale_id` int(11) NOT NULL AUTO_INCREMENT,
  `sale_status` tinyint(4) NOT NULL DEFAULT '0',
  `sale_name` varchar(30) NOT NULL DEFAULT '',
  `sale_deduction_value` decimal(15,4) NOT NULL DEFAULT '0.0000',
  `sale_deduction_type` tinyint(4) NOT NULL DEFAULT '0',
  `sale_pricerange_from` decimal(15,4) NOT NULL DEFAULT '0.0000',
  `sale_pricerange_to` decimal(15,4) NOT NULL DEFAULT '0.0000',
  `sale_specials_condition` tinyint(4) NOT NULL DEFAULT '0',
  `sale_categories_selected` text,
  `sale_categories_all` text,
  `sale_date_start` date NOT NULL DEFAULT '0001-01-01',
  `sale_date_end` date NOT NULL DEFAULT '0001-01-01',
  `sale_date_added` date NOT NULL DEFAULT '0001-01-01',
  `sale_date_last_modified` date NOT NULL DEFAULT '0001-01-01',
  `sale_date_status_change` date NOT NULL DEFAULT '0001-01-01',
  PRIMARY KEY (`sale_id`),
  KEY `idx_sale_status_zen` (`sale_status`),
  KEY `idx_sale_date_start_zen` (`sale_date_start`),
  KEY `idx_sale_date_end_zen` (`sale_date_end`)
) ENGINE=MyISAM DEFAULT CHARSET=utf8 AUTO_INCREMENT=1 ;

-- --------------------------------------------------------

--
-- Table structure for table `specials`
--

CREATE TABLE IF NOT EXISTS `specials` (
  `specials_id` int(11) NOT NULL AUTO_INCREMENT,
  `products_id` int(11) NOT NULL DEFAULT '0',
  `specials_new_products_price` decimal(15,4) NOT NULL DEFAULT '0.0000',
  `specials_date_added` datetime DEFAULT NULL,
  `specials_last_modified` datetime DEFAULT NULL,
  `expires_date` date NOT NULL DEFAULT '0001-01-01',
  `date_status_change` datetime DEFAULT NULL,
  `status` int(1) NOT NULL DEFAULT '1',
  `specials_date_available` date NOT NULL DEFAULT '0001-01-01',
  PRIMARY KEY (`specials_id`),
  KEY `idx_status_zen` (`status`),
  KEY `idx_products_id_zen` (`products_id`),
  KEY `idx_date_avail_zen` (`specials_date_available`),
  KEY `idx_expires_date_zen` (`expires_date`)
) ENGINE=MyISAM  DEFAULT CHARSET=utf8 AUTO_INCREMENT=7 ;

--
-- Dumping data for table `specials`
--

INSERT INTO `specials` (`specials_id`, `products_id`, `specials_new_products_price`, `specials_date_added`, `specials_last_modified`, `expires_date`, `date_status_change`, `status`, `specials_date_available`) VALUES
(1, 11, 522.4000, '2013-06-22 19:24:14', NULL, '0001-01-01', NULL, 1, '0001-01-01'),
(2, 12, 105.4000, '2013-06-22 19:24:14', NULL, '0001-01-01', NULL, 1, '0001-01-01'),
(3, 13, 514.2500, '2013-06-22 19:24:14', NULL, '0001-01-01', NULL, 1, '0001-01-01'),
(4, 14, 743.2500, '2013-06-22 19:24:14', NULL, '0001-01-01', NULL, 1, '0001-01-01'),
(5, 15, 213.5000, '2013-06-22 19:24:14', NULL, '0001-01-01', NULL, 1, '0001-01-01'),
(6, 16, 435.5000, '2013-06-22 19:24:14', NULL, '0001-01-01', NULL, 1, '0001-01-01');

-- --------------------------------------------------------

--
-- Table structure for table `tax_class`
--

CREATE TABLE IF NOT EXISTS `tax_class` (
  `tax_class_id` int(11) NOT NULL AUTO_INCREMENT,
  `tax_class_title` varchar(32) NOT NULL DEFAULT '',
  `tax_class_description` varchar(255) NOT NULL DEFAULT '',
  `last_modified` datetime DEFAULT NULL,
  `date_added` datetime NOT NULL DEFAULT '0001-01-01 00:00:00',
  PRIMARY KEY (`tax_class_id`)
) ENGINE=MyISAM  DEFAULT CHARSET=utf8 AUTO_INCREMENT=2 ;

--
-- Dumping data for table `tax_class`
--

INSERT INTO `tax_class` (`tax_class_id`, `tax_class_title`, `tax_class_description`, `last_modified`, `date_added`) VALUES
(1, 'Taxable Goods', 'The following types of products are included: non-food, services, etc', NULL, '2013-06-18 14:30:30');

-- --------------------------------------------------------

--
-- Table structure for table `tax_rates`
--

CREATE TABLE IF NOT EXISTS `tax_rates` (
  `tax_rates_id` int(11) NOT NULL AUTO_INCREMENT,
  `tax_zone_id` int(11) NOT NULL DEFAULT '0',
  `tax_class_id` int(11) NOT NULL DEFAULT '0',
  `tax_priority` int(5) DEFAULT '1',
  `tax_rate` decimal(7,4) NOT NULL DEFAULT '0.0000',
  `tax_description` varchar(255) NOT NULL DEFAULT '',
  `last_modified` datetime DEFAULT NULL,
  `date_added` datetime NOT NULL DEFAULT '0001-01-01 00:00:00',
  PRIMARY KEY (`tax_rates_id`),
  KEY `idx_tax_zone_id_zen` (`tax_zone_id`),
  KEY `idx_tax_class_id_zen` (`tax_class_id`)
) ENGINE=MyISAM  DEFAULT CHARSET=utf8 AUTO_INCREMENT=2 ;

--
-- Dumping data for table `tax_rates`
--

INSERT INTO `tax_rates` (`tax_rates_id`, `tax_zone_id`, `tax_class_id`, `tax_priority`, `tax_rate`, `tax_description`, `last_modified`, `date_added`) VALUES
(1, 1, 1, 1, 7.0000, 'FL TAX 7.0%', '2013-06-18 14:30:30', '2013-06-18 14:30:30');

-- --------------------------------------------------------

--
-- Table structure for table `template_select`
--

CREATE TABLE IF NOT EXISTS `template_select` (
  `template_id` int(11) NOT NULL AUTO_INCREMENT,
  `template_dir` varchar(64) NOT NULL DEFAULT '',
  `template_language` varchar(64) NOT NULL DEFAULT '0',
  PRIMARY KEY (`template_id`),
  KEY `idx_tpl_lang_zen` (`template_language`)
) ENGINE=MyISAM  DEFAULT CHARSET=utf8 AUTO_INCREMENT=2 ;

--
-- Dumping data for table `template_select`
--

INSERT INTO `template_select` (`template_id`, `template_dir`, `template_language`) VALUES
(1, 'casualclothes', '0');

-- --------------------------------------------------------

--
-- Table structure for table `upgrade_exceptions`
--

CREATE TABLE IF NOT EXISTS `upgrade_exceptions` (
  `upgrade_exception_id` smallint(5) NOT NULL AUTO_INCREMENT,
  `sql_file` varchar(50) DEFAULT NULL,
  `reason` varchar(200) DEFAULT NULL,
  `errordate` datetime DEFAULT '0001-01-01 00:00:00',
  `sqlstatement` text,
  PRIMARY KEY (`upgrade_exception_id`)
) ENGINE=MyISAM DEFAULT CHARSET=utf8 AUTO_INCREMENT=1 ;

-- --------------------------------------------------------

--
-- Table structure for table `zones`
--

CREATE TABLE IF NOT EXISTS `zones` (
  `zone_id` int(11) NOT NULL AUTO_INCREMENT,
  `zone_country_id` int(11) NOT NULL DEFAULT '0',
  `zone_code` varchar(32) NOT NULL DEFAULT '',
  `zone_name` varchar(32) NOT NULL DEFAULT '',
  PRIMARY KEY (`zone_id`),
  KEY `idx_zone_country_id_zen` (`zone_country_id`),
  KEY `idx_zone_code_zen` (`zone_code`)
) ENGINE=MyISAM  DEFAULT CHARSET=utf8 AUTO_INCREMENT=300 ;

--
-- Dumping data for table `zones`
--

INSERT INTO `zones` (`zone_id`, `zone_country_id`, `zone_code`, `zone_name`) VALUES
(1, 223, 'AL', 'Alabama'),
(2, 223, 'AK', 'Alaska'),
(3, 223, 'AS', 'American Samoa'),
(4, 223, 'AZ', 'Arizona'),
(5, 223, 'AR', 'Arkansas'),
(7, 223, 'AA', 'Armed Forces Americas'),
(9, 223, 'AE', 'Armed Forces Europe'),
(11, 223, 'AP', 'Armed Forces Pacific'),
(12, 223, 'CA', 'California'),
(13, 223, 'CO', 'Colorado'),
(14, 223, 'CT', 'Connecticut'),
(15, 223, 'DE', 'Delaware'),
(16, 223, 'DC', 'District of Columbia'),
(17, 223, 'FM', 'Federated States Of Micronesia'),
(18, 223, 'FL', 'Florida'),
(19, 223, 'GA', 'Georgia'),
(20, 223, 'GU', 'Guam'),
(21, 223, 'HI', 'Hawaii'),
(22, 223, 'ID', 'Idaho'),
(23, 223, 'IL', 'Illinois'),
(24, 223, 'IN', 'Indiana'),
(25, 223, 'IA', 'Iowa'),
(26, 223, 'KS', 'Kansas'),
(27, 223, 'KY', 'Kentucky'),
(28, 223, 'LA', 'Louisiana'),
(29, 223, 'ME', 'Maine'),
(30, 223, 'MH', 'Marshall Islands'),
(31, 223, 'MD', 'Maryland'),
(32, 223, 'MA', 'Massachusetts'),
(33, 223, 'MI', 'Michigan'),
(34, 223, 'MN', 'Minnesota'),
(35, 223, 'MS', 'Mississippi'),
(36, 223, 'MO', 'Missouri'),
(37, 223, 'MT', 'Montana'),
(38, 223, 'NE', 'Nebraska'),
(39, 223, 'NV', 'Nevada'),
(40, 223, 'NH', 'New Hampshire'),
(41, 223, 'NJ', 'New Jersey'),
(42, 223, 'NM', 'New Mexico'),
(43, 223, 'NY', 'New York'),
(44, 223, 'NC', 'North Carolina'),
(45, 223, 'ND', 'North Dakota'),
(46, 223, 'MP', 'Northern Mariana Islands'),
(47, 223, 'OH', 'Ohio'),
(48, 223, 'OK', 'Oklahoma'),
(49, 223, 'OR', 'Oregon'),
(50, 163, 'PW', 'Palau'),
(51, 223, 'PA', 'Pennsylvania'),
(52, 223, 'PR', 'Puerto Rico'),
(53, 223, 'RI', 'Rhode Island'),
(54, 223, 'SC', 'South Carolina'),
(55, 223, 'SD', 'South Dakota'),
(56, 223, 'TN', 'Tennessee'),
(57, 223, 'TX', 'Texas'),
(58, 223, 'UT', 'Utah'),
(59, 223, 'VT', 'Vermont'),
(60, 223, 'VI', 'Virgin Islands'),
(61, 223, 'VA', 'Virginia'),
(62, 223, 'WA', 'Washington'),
(63, 223, 'WV', 'West Virginia'),
(64, 223, 'WI', 'Wisconsin'),
(65, 223, 'WY', 'Wyoming'),
(66, 38, 'AB', 'Alberta'),
(67, 38, 'BC', 'British Columbia'),
(68, 38, 'MB', 'Manitoba'),
(69, 38, 'NL', 'Newfoundland'),
(70, 38, 'NB', 'New Brunswick'),
(71, 38, 'NS', 'Nova Scotia'),
(72, 38, 'NT', 'Northwest Territories'),
(73, 38, 'NU', 'Nunavut'),
(74, 38, 'ON', 'Ontario'),
(75, 38, 'PE', 'Prince Edward Island'),
(76, 38, 'QC', 'Quebec'),
(77, 38, 'SK', 'Saskatchewan'),
(78, 38, 'YT', 'Yukon Territory'),
(79, 81, 'NDS', 'Niedersachsen'),
(80, 81, 'BAW', 'Baden-Württemberg'),
(81, 81, 'BAY', 'Bayern'),
(82, 81, 'BER', 'Berlin'),
(83, 81, 'BRG', 'Brandenburg'),
(84, 81, 'BRE', 'Bremen'),
(85, 81, 'HAM', 'Hamburg'),
(86, 81, 'HES', 'Hessen'),
(87, 81, 'MEC', 'Mecklenburg-Vorpommern'),
(88, 81, 'NRW', 'Nordrhein-Westfalen'),
(89, 81, 'RHE', 'Rheinland-Pfalz'),
(90, 81, 'SAR', 'Saarland'),
(91, 81, 'SAS', 'Sachsen'),
(92, 81, 'SAC', 'Sachsen-Anhalt'),
(93, 81, 'SCN', 'Schleswig-Holstein'),
(94, 81, 'THE', 'Thüringen'),
(95, 14, 'WI', 'Wien'),
(96, 14, 'NO', 'Niederösterreich'),
(97, 14, 'OO', 'Oberösterreich'),
(98, 14, 'SB', 'Salzburg'),
(99, 14, 'KN', 'Kärnten'),
(100, 14, 'ST', 'Steiermark'),
(101, 14, 'TI', 'Tirol'),
(102, 14, 'BL', 'Burgenland'),
(103, 14, 'VB', 'Voralberg'),
(104, 204, 'AG', 'Aargau'),
(105, 204, 'AI', 'Appenzell Innerrhoden'),
(106, 204, 'AR', 'Appenzell Ausserrhoden'),
(107, 204, 'BE', 'Bern'),
(108, 204, 'BL', 'Basel-Landschaft'),
(109, 204, 'BS', 'Basel-Stadt'),
(110, 204, 'FR', 'Freiburg'),
(111, 204, 'GE', 'Genf'),
(112, 204, 'GL', 'Glarus'),
(113, 204, 'JU', 'Graubnden'),
(114, 204, 'JU', 'Jura'),
(115, 204, 'LU', 'Luzern'),
(116, 204, 'NE', 'Neuenburg'),
(117, 204, 'NW', 'Nidwalden'),
(118, 204, 'OW', 'Obwalden'),
(119, 204, 'SG', 'St. Gallen'),
(120, 204, 'SH', 'Schaffhausen'),
(121, 204, 'SO', 'Solothurn'),
(122, 204, 'SZ', 'Schwyz'),
(123, 204, 'TG', 'Thurgau'),
(124, 204, 'TI', 'Tessin'),
(125, 204, 'UR', 'Uri'),
(126, 204, 'VD', 'Waadt'),
(127, 204, 'VS', 'Wallis'),
(128, 204, 'ZG', 'Zug'),
(129, 204, 'ZH', 'Zürich'),
(130, 195, 'A Coruña', 'A Coruña'),
(131, 195, 'Álava', 'Álava'),
(132, 195, 'Albacete', 'Albacete'),
(133, 195, 'Alicante', 'Alicante'),
(134, 195, 'Almería', 'Almería'),
(135, 195, 'Asturias', 'Asturias'),
(136, 195, 'Ávila', 'Ávila'),
(137, 195, 'Badajoz', 'Badajoz'),
(138, 195, 'Baleares', 'Baleares'),
(139, 195, 'Barcelona', 'Barcelona'),
(140, 195, 'Burgos', 'Burgos'),
(141, 195, 'Cáceres', 'Cáceres'),
(142, 195, 'Cádiz', 'Cádiz'),
(143, 195, 'Cantabria', 'Cantabria'),
(144, 195, 'Castellón', 'Castellón'),
(145, 195, 'Ceuta', 'Ceuta'),
(146, 195, 'Ciudad Real', 'Ciudad Real'),
(147, 195, 'Córdoba', 'Córdoba'),
(148, 195, 'Cuenca', 'Cuenca'),
(149, 195, 'Girona', 'Girona'),
(150, 195, 'Granada', 'Granada'),
(151, 195, 'Guadalajara', 'Guadalajara'),
(152, 195, 'Guipúzcoa', 'Guipúzcoa'),
(153, 195, 'Huelva', 'Huelva'),
(154, 195, 'Huesca', 'Huesca'),
(155, 195, 'Jaén', 'Jaén'),
(156, 195, 'La Rioja', 'La Rioja'),
(157, 195, 'Las Palmas', 'Las Palmas'),
(158, 195, 'León', 'León'),
(159, 195, 'Lérida', 'Lérida'),
(160, 195, 'Lugo', 'Lugo'),
(161, 195, 'Madrid', 'Madrid'),
(162, 195, 'Málaga', 'Málaga'),
(163, 195, 'Melilla', 'Melilla'),
(164, 195, 'Murcia', 'Murcia'),
(165, 195, 'Navarra', 'Navarra'),
(166, 195, 'Ourense', 'Ourense'),
(167, 195, 'Palencia', 'Palencia'),
(168, 195, 'Pontevedra', 'Pontevedra'),
(169, 195, 'Salamanca', 'Salamanca'),
(170, 195, 'Santa Cruz de Tenerife', 'Santa Cruz de Tenerife'),
(171, 195, 'Segovia', 'Segovia'),
(172, 195, 'Sevilla', 'Sevilla'),
(173, 195, 'Soria', 'Soria'),
(174, 195, 'Tarragona', 'Tarragona'),
(175, 195, 'Teruel', 'Teruel'),
(176, 195, 'Toledo', 'Toledo'),
(177, 195, 'Valencia', 'Valencia'),
(178, 195, 'Valladolid', 'Valladolid'),
(179, 195, 'Vizcaya', 'Vizcaya'),
(180, 195, 'Zamora', 'Zamora'),
(181, 195, 'Zaragoza', 'Zaragoza'),
(182, 13, 'ACT', 'Australian Capital Territory'),
(183, 13, 'NSW', 'New South Wales'),
(184, 13, 'NT', 'Northern Territory'),
(185, 13, 'QLD', 'Queensland'),
(186, 13, 'SA', 'South Australia'),
(187, 13, 'TAS', 'Tasmania'),
(188, 13, 'VIC', 'Victoria'),
(189, 13, 'WA', 'Western Australia'),
(190, 105, 'AG', 'Agrigento'),
(191, 105, 'AL', 'Alessandria'),
(192, 105, 'AN', 'Ancona'),
(193, 105, 'AO', 'Aosta'),
(194, 105, 'AR', 'Arezzo'),
(195, 105, 'AP', 'Ascoli Piceno'),
(196, 105, 'AT', 'Asti'),
(197, 105, 'AV', 'Avellino'),
(198, 105, 'BA', 'Bari'),
(199, 105, 'BT', 'Barletta Andria Trani'),
(200, 105, 'BL', 'Belluno'),
(201, 105, 'BN', 'Benevento'),
(202, 105, 'BG', 'Bergamo'),
(203, 105, 'BI', 'Biella'),
(204, 105, 'BO', 'Bologna'),
(205, 105, 'BZ', 'Bolzano'),
(206, 105, 'BS', 'Brescia'),
(207, 105, 'BR', 'Brindisi'),
(208, 105, 'CA', 'Cagliari'),
(209, 105, 'CL', 'Caltanissetta'),
(210, 105, 'CB', 'Campobasso'),
(211, 105, 'CI', 'Carbonia-Iglesias'),
(212, 105, 'CE', 'Caserta'),
(213, 105, 'CT', 'Catania'),
(214, 105, 'CZ', 'Catanzaro'),
(215, 105, 'CH', 'Chieti'),
(216, 105, 'CO', 'Como'),
(217, 105, 'CS', 'Cosenza'),
(218, 105, 'CR', 'Cremona'),
(219, 105, 'KR', 'Crotone'),
(220, 105, 'CN', 'Cuneo'),
(221, 105, 'EN', 'Enna'),
(222, 105, 'FM', 'Fermo'),
(223, 105, 'FE', 'Ferrara'),
(224, 105, 'FI', 'Firenze'),
(225, 105, 'FG', 'Foggia'),
(226, 105, 'FC', 'Forlì Cesena'),
(227, 105, 'FR', 'Frosinone'),
(228, 105, 'GE', 'Genova'),
(229, 105, 'GO', 'Gorizia'),
(230, 105, 'GR', 'Grosseto'),
(231, 105, 'IM', 'Imperia'),
(232, 105, 'IS', 'Isernia'),
(233, 105, 'AQ', 'Aquila'),
(234, 105, 'SP', 'La Spezia'),
(235, 105, 'LT', 'Latina'),
(236, 105, 'LE', 'Lecce'),
(237, 105, 'LC', 'Lecco'),
(238, 105, 'LI', 'Livorno'),
(239, 105, 'LO', 'Lodi'),
(240, 105, 'LU', 'Lucca'),
(241, 105, 'MC', 'Macerata'),
(242, 105, 'MN', 'Mantova'),
(243, 105, 'MS', 'Massa Carrara'),
(244, 105, 'MT', 'Matera'),
(245, 105, 'VS', 'Medio Campidano'),
(246, 105, 'ME', 'Messina'),
(247, 105, 'MI', 'Milano'),
(248, 105, 'MO', 'Modena'),
(249, 105, 'MB', 'Monza e Brianza'),
(250, 105, 'NA', 'Napoli'),
(251, 105, 'NO', 'Novara'),
(252, 105, 'NU', 'Nuoro'),
(253, 105, 'OG', 'Ogliastra'),
(254, 105, 'OT', 'Olbia-Tempio'),
(255, 105, 'OR', 'Oristano'),
(256, 105, 'PD', 'Padova'),
(257, 105, 'PA', 'Palermo'),
(258, 105, 'PR', 'Parma'),
(259, 105, 'PG', 'Perugia'),
(260, 105, 'PV', 'Pavia'),
(261, 105, 'PU', 'Pesaro Urbino'),
(262, 105, 'PE', 'Pescara'),
(263, 105, 'PC', 'Piacenza'),
(264, 105, 'PI', 'Pisa'),
(265, 105, 'PT', 'Pistoia'),
(266, 105, 'PN', 'Pordenone'),
(267, 105, 'PZ', 'Potenza'),
(268, 105, 'PO', 'Prato'),
(269, 105, 'RG', 'Ragusa'),
(270, 105, 'RA', 'Ravenna'),
(271, 105, 'RC', 'Reggio Calabria'),
(272, 105, 'RE', 'Reggio Emilia'),
(273, 105, 'RI', 'Rieti'),
(274, 105, 'RN', 'Rimini'),
(275, 105, 'RM', 'Roma'),
(276, 105, 'RO', 'Rovigo'),
(277, 105, 'SA', 'Salerno'),
(278, 105, 'SS', 'Sassari'),
(279, 105, 'SV', 'Savona'),
(280, 105, 'SI', 'Siena'),
(281, 105, 'SR', 'Siracusa'),
(282, 105, 'SO', 'Sondrio'),
(283, 105, 'TA', 'Taranto'),
(284, 105, 'TE', 'Teramo'),
(285, 105, 'TR', 'Terni'),
(286, 105, 'TO', 'Torino'),
(287, 105, 'TP', 'Trapani'),
(288, 105, 'TN', 'Trento'),
(289, 105, 'TV', 'Treviso'),
(290, 105, 'TS', 'Trieste'),
(291, 105, 'UD', 'Udine'),
(292, 105, 'VA', 'Varese'),
(293, 105, 'VE', 'Venezia'),
(294, 105, 'VB', 'Verbania'),
(295, 105, 'VC', 'Vercelli'),
(296, 105, 'VR', 'Verona'),
(297, 105, 'VV', 'Vibo Valentia'),
(298, 105, 'VI', 'Vicenza'),
(299, 105, 'VT', 'Viterbo');

-- --------------------------------------------------------

--
-- Table structure for table `zones_to_geo_zones`
--

CREATE TABLE IF NOT EXISTS `zones_to_geo_zones` (
  `association_id` int(11) NOT NULL AUTO_INCREMENT,
  `zone_country_id` int(11) NOT NULL DEFAULT '0',
  `zone_id` int(11) DEFAULT NULL,
  `geo_zone_id` int(11) DEFAULT NULL,
  `last_modified` datetime DEFAULT NULL,
  `date_added` datetime NOT NULL DEFAULT '0001-01-01 00:00:00',
  PRIMARY KEY (`association_id`),
  KEY `idx_zones_zen` (`geo_zone_id`,`zone_country_id`,`zone_id`)
) ENGINE=MyISAM  DEFAULT CHARSET=utf8 AUTO_INCREMENT=2 ;

--
-- Dumping data for table `zones_to_geo_zones`
--

INSERT INTO `zones_to_geo_zones` (`association_id`, `zone_country_id`, `zone_id`, `geo_zone_id`, `last_modified`, `date_added`) VALUES
(1, 223, 18, 1, NULL, '2013-06-18 14:30:30');

